{"id":984,"date":"2025-06-06T09:44:12","date_gmt":"2025-06-06T07:44:12","guid":{"rendered":"https:\/\/rrunning.tribalt.agency\/?post_type=product&#038;p=984"},"modified":"2025-06-06T09:44:12","modified_gmt":"2025-06-06T07:44:12","slug":"gel-banane-vanille-85g","status":"publish","type":"product","link":"https:\/\/rrunning.tribalt.agency\/?product=gel-banane-vanille-85g","title":{"rendered":"GEL BANANE-VANILLE 85G"},"content":{"rendered":"<p>Ce gel \u00e9nerg\u00e9tique Baouw est\u00a0<strong>ton alli\u00e9 performance<\/strong>\u00a0:<\/p>\n<ul>\n<li><b>30g de glucides\u00a0<\/b>(autant qu\u2019un gel classique)<\/li>\n<li><b>61% de fruits<\/b>, du\u00a0<strong>sirop d\u2019agave (IG bas de 15)\u00a0<\/strong>et de l\u2019huile d\u2019olive vierge extra<\/li>\n<li>Un\u00a0<b>go\u00fbt retrouv\u00e9 de fruits\u00a0<\/b>sans arri\u00e8re-go\u00fbt chimique<\/li>\n<li>Id\u00e9al pour les\u00a0<b>efforts intenses<\/b><\/li>\n<\/ul>\n<p><strong>Un gel toutes les 30 minutes environ, selon l'intensit\u00e9 de l'effort.\u00a0\u00c0 consommer pur ou dilu\u00e9 dans 500ml d'eau.<\/strong><\/p>\n","protected":false},"excerpt":{"rendered":"<p>Ce gel \u00e9nerg\u00e9tique Baouw est\u00a0ton alli\u00e9 performance\u00a0: 30g de glucides\u00a0(autant qu\u2019un gel classique) 61% de fruits, du\u00a0sirop d\u2019agave (IG bas de 15)\u00a0et de l\u2019huile d\u2019olive vierge extra Un\u00a0go\u00fbt retrouv\u00e9 de fruits\u00a0sans arri\u00e8re-go\u00fbt chimique Id\u00e9al pour les\u00a0efforts intenses Un gel toutes les 30 minutes environ, selon l'intensit\u00e9 de l'effort.\u00a0\u00c0 consommer pur ou dilu\u00e9 dans 500ml d'eau.<\/p>\n","protected":false},"featured_media":985,"template":"","meta":[],"pwb-brand":[90],"product_brand":[],"product_cat":[84],"product_tag":[],"class_list":{"0":"post-984","1":"product","2":"type-product","3":"status-publish","4":"has-post-thumbnail","6":"pwb-brand-baouw-organic","7":"product_cat-nutrition","9":"first","10":"instock","11":"shipping-taxable","12":"purchasable","13":"product-type-simple"},"brands":[{"id":90,"name":"BAOUW ORGANIC","slug":"baouw-organic"}],"_links":{"self":[{"href":"https:\/\/rrunning.tribalt.agency\/index.php?rest_route=\/wp\/v2\/product\/984","targetHints":{"allow":["GET"]}}],"collection":[{"href":"https:\/\/rrunning.tribalt.agency\/index.php?rest_route=\/wp\/v2\/product"}],"about":[{"href":"https:\/\/rrunning.tribalt.agency\/index.php?rest_route=\/wp\/v2\/types\/product"}],"wp:featuredmedia":[{"embeddable":true,"href":"https:\/\/rrunning.tribalt.agency\/index.php?rest_route=\/wp\/v2\/media\/985"}],"wp:attachment":[{"href":"https:\/\/rrunning.tribalt.agency\/index.php?rest_route=%2Fwp%2Fv2%2Fmedia&parent=984"}],"wp:term":[{"taxonomy":"pwb-brand","embeddable":true,"href":"https:\/\/rrunning.tribalt.agency\/index.php?rest_route=%2Fwp%2Fv2%2Fpwb-brand&post=984"},{"taxonomy":"product_brand","embeddable":true,"href":"https:\/\/rrunning.tribalt.agency\/index.php?rest_route=%2Fwp%2Fv2%2Fproduct_brand&post=984"},{"taxonomy":"product_cat","embeddable":true,"href":"https:\/\/rrunning.tribalt.agency\/index.php?rest_route=%2Fwp%2Fv2%2Fproduct_cat&post=984"},{"taxonomy":"product_tag","embeddable":true,"href":"https:\/\/rrunning.tribalt.agency\/index.php?rest_route=%2Fwp%2Fv2%2Fproduct_tag&post=984"}],"curies":[{"name":"wp","href":"https:\/\/api.w.org\/{rel}","templated":true}]}}