{"id":956,"date":"2025-06-06T09:27:02","date_gmt":"2025-06-06T07:27:02","guid":{"rendered":"https:\/\/rrunning.tribalt.agency\/?post_type=product&#038;p=956"},"modified":"2025-06-06T09:27:02","modified_gmt":"2025-06-06T07:27:02","slug":"barres-olive-cajou-50g","status":"publish","type":"product","link":"https:\/\/rrunning.tribalt.agency\/?product=barres-olive-cajou-50g","title":{"rendered":"BARRES OLIVE-CAJOU 50G"},"content":{"rendered":"<p><b>Extra Performante &amp; Extra Gourmande au format de 50g !<\/b><\/p>\n<ul>\n<li><strong>Barre\u00a0<\/strong><strong>\u00e9nerg\u00e9tique sal\u00e9e<\/strong><\/li>\n<li><strong>180 kcal<\/strong><\/li>\n<li><strong>24g de glucides<\/strong><\/li>\n<li><strong>225mg de BCAA<\/strong><\/li>\n<\/ul>\n<p><span>Tout cela avec la garantie de la\u00a0<strong>qualit\u00e9 nutritionnelle Baouw<\/strong>, sans sucres ajout\u00e9s,\u00a0<b>100% bio<\/b>\u00a0et\u00a0<b>Made in France\u00a0<\/b>!<\/span><\/p>\n<p><strong>Une barre toutes les 45 minutes environ, selon l'intensit\u00e9 de l'effort.<\/strong><\/p>\n","protected":false},"excerpt":{"rendered":"<p>Extra Performante &amp; Extra Gourmande au format de 50g ! Barre\u00a0\u00e9nerg\u00e9tique sal\u00e9e 180 kcal 24g de glucides 225mg de BCAA Tout cela avec la garantie de la\u00a0qualit\u00e9 nutritionnelle Baouw, sans sucres ajout\u00e9s,\u00a0100% bio\u00a0et\u00a0Made in France\u00a0! Une barre toutes les 45 minutes environ, selon l'intensit\u00e9 de l'effort.<\/p>\n","protected":false},"featured_media":957,"template":"","meta":[],"pwb-brand":[90],"product_brand":[],"product_cat":[84],"product_tag":[],"class_list":{"0":"post-956","1":"product","2":"type-product","3":"status-publish","4":"has-post-thumbnail","6":"pwb-brand-baouw-organic","7":"product_cat-nutrition","9":"first","10":"instock","11":"shipping-taxable","12":"purchasable","13":"product-type-simple"},"brands":[{"id":90,"name":"BAOUW ORGANIC","slug":"baouw-organic"}],"_links":{"self":[{"href":"https:\/\/rrunning.tribalt.agency\/index.php?rest_route=\/wp\/v2\/product\/956","targetHints":{"allow":["GET"]}}],"collection":[{"href":"https:\/\/rrunning.tribalt.agency\/index.php?rest_route=\/wp\/v2\/product"}],"about":[{"href":"https:\/\/rrunning.tribalt.agency\/index.php?rest_route=\/wp\/v2\/types\/product"}],"wp:featuredmedia":[{"embeddable":true,"href":"https:\/\/rrunning.tribalt.agency\/index.php?rest_route=\/wp\/v2\/media\/957"}],"wp:attachment":[{"href":"https:\/\/rrunning.tribalt.agency\/index.php?rest_route=%2Fwp%2Fv2%2Fmedia&parent=956"}],"wp:term":[{"taxonomy":"pwb-brand","embeddable":true,"href":"https:\/\/rrunning.tribalt.agency\/index.php?rest_route=%2Fwp%2Fv2%2Fpwb-brand&post=956"},{"taxonomy":"product_brand","embeddable":true,"href":"https:\/\/rrunning.tribalt.agency\/index.php?rest_route=%2Fwp%2Fv2%2Fproduct_brand&post=956"},{"taxonomy":"product_cat","embeddable":true,"href":"https:\/\/rrunning.tribalt.agency\/index.php?rest_route=%2Fwp%2Fv2%2Fproduct_cat&post=956"},{"taxonomy":"product_tag","embeddable":true,"href":"https:\/\/rrunning.tribalt.agency\/index.php?rest_route=%2Fwp%2Fv2%2Fproduct_tag&post=956"}],"curies":[{"name":"wp","href":"https:\/\/api.w.org\/{rel}","templated":true}]}}