{"id":866,"date":"2025-04-17T11:53:02","date_gmt":"2025-04-17T09:53:02","guid":{"rendered":"https:\/\/rrunning.tribalt.agency\/?post_type=product&#038;p=866"},"modified":"2025-09-02T10:31:42","modified_gmt":"2025-09-02T08:31:42","slug":"adrenaline-gts-24-2","status":"publish","type":"product","link":"https:\/\/rrunning.tribalt.agency\/?product=adrenaline-gts-24-2","title":{"rendered":"ADRENALINE GTS 24"},"content":{"rendered":"<p>GREY\/BLUE RIBBON\/PEACH<\/p>\n<p class=\"m-long-description-text\">Les chaussures de running Adrenaline\u00a0GTS\u00a024 pour homme sont dot\u00e9es d\u2019un amorti repens\u00e9 offrant douceur et l\u00e9g\u00e8ret\u00e9. Notre syst\u00e8me de soutien GuideRails\u00ae de confiance aide \u00e0 r\u00e9duire les mouvements excessifs et la tige en mesh offre confort et respirabilit\u00e9.<\/p>\n<h3 class=\"a-type-h6--big m-long-description__label u-spacing-x-small--bottom\">Durabilit\u00e9<\/h3>\n<div class=\"m-long-description__sustainability\">\n<div class=\"m-long-description__sustainability--container\">\n<div class=\"m-long-description__sustainability--value\">62.7 %<\/div>\n<div class=\"m-long-description__sustainability--text\">Mat\u00e9riaux recycl\u00e9s dans la tige<\/div>\n<\/div>\n<\/div>\n<h3 class=\"a-type-h6--big m-long-description__label u-spacing-x-small--bottom\">Parfaite pour\u2026<\/h3>\n<ul class=\"m-long-description__best-for\">\n<li class=\"m-long-description__best-for-item\">\n<div class=\"m-long-description__best-for-text\">Amorti doux<\/div>\n<\/li>\n<li class=\"m-long-description__best-for-item\">\n<div class=\"m-long-description__best-for-text\">Soutien<\/div>\n<\/li>\n<li class=\"m-long-description__best-for-item\">\n<div class=\"m-long-description__best-for-text\">Running sur route<\/div>\n<\/li>\n<li class=\"m-long-description__best-for-item\">\n<div class=\"m-long-description__best-for-text\">Marche<\/div>\n<\/li>\n<\/ul>\n<h3 class=\"a-type-h6--big m-long-description__label u-spacing-x-small--bottom\">Caract\u00e9ristiques<\/h3>\n<ul class=\"m-long-description__features\">\n<li class=\"m-long-description__feature\">\n<div class=\"m-long-description__feature-text\">Nouvel amorti dynamique<\/div>\n<\/li>\n<li class=\"m-long-description__feature\">\n<div class=\"m-long-description__feature-text\">Soutien GuideRails\u00ae<\/div>\n<\/li>\n<li class=\"m-long-description__feature\">\n<div class=\"m-long-description__feature-text\">Tige respirante<\/div>\n<\/li>\n<li class=\"m-long-description__feature\">\n<div class=\"m-long-description__feature-text\">Chaussant s\u00fbr<\/div>\n<\/li>\n<\/ul>\n<p>&nbsp;<\/p>\n<p><em>Drop : 12 mm<\/em>.<\/p>\n","protected":false},"excerpt":{"rendered":"<p>GREY\/BLUE RIBBON\/PEACH Les chaussures de running Adrenaline\u00a0GTS\u00a024 pour homme sont dot\u00e9es d\u2019un amorti repens\u00e9 offrant douceur et l\u00e9g\u00e8ret\u00e9. Notre syst\u00e8me de soutien GuideRails\u00ae de confiance aide \u00e0 r\u00e9duire les mouvements excessifs et la tige en mesh offre confort et respirabilit\u00e9. Durabilit\u00e9 62.7 % Mat\u00e9riaux recycl\u00e9s dans la tige Parfaite pour\u2026 Amorti doux Soutien Running sur [&hellip;]<\/p>\n","protected":false},"featured_media":2564,"template":"","meta":[],"pwb-brand":[92],"product_brand":[],"product_cat":[36,38],"product_tag":[],"class_list":{"0":"post-866","1":"product","2":"type-product","3":"status-publish","4":"has-post-thumbnail","6":"pwb-brand-brooks","7":"product_cat-chaussures-femmes","8":"product_cat-route","10":"first","11":"instock","12":"sale","13":"shipping-taxable","14":"purchasable","15":"product-type-simple"},"brands":[{"id":92,"name":"BROOKS","slug":"brooks"}],"_links":{"self":[{"href":"https:\/\/rrunning.tribalt.agency\/index.php?rest_route=\/wp\/v2\/product\/866","targetHints":{"allow":["GET"]}}],"collection":[{"href":"https:\/\/rrunning.tribalt.agency\/index.php?rest_route=\/wp\/v2\/product"}],"about":[{"href":"https:\/\/rrunning.tribalt.agency\/index.php?rest_route=\/wp\/v2\/types\/product"}],"wp:featuredmedia":[{"embeddable":true,"href":"https:\/\/rrunning.tribalt.agency\/index.php?rest_route=\/wp\/v2\/media\/2564"}],"wp:attachment":[{"href":"https:\/\/rrunning.tribalt.agency\/index.php?rest_route=%2Fwp%2Fv2%2Fmedia&parent=866"}],"wp:term":[{"taxonomy":"pwb-brand","embeddable":true,"href":"https:\/\/rrunning.tribalt.agency\/index.php?rest_route=%2Fwp%2Fv2%2Fpwb-brand&post=866"},{"taxonomy":"product_brand","embeddable":true,"href":"https:\/\/rrunning.tribalt.agency\/index.php?rest_route=%2Fwp%2Fv2%2Fproduct_brand&post=866"},{"taxonomy":"product_cat","embeddable":true,"href":"https:\/\/rrunning.tribalt.agency\/index.php?rest_route=%2Fwp%2Fv2%2Fproduct_cat&post=866"},{"taxonomy":"product_tag","embeddable":true,"href":"https:\/\/rrunning.tribalt.agency\/index.php?rest_route=%2Fwp%2Fv2%2Fproduct_tag&post=866"}],"curies":[{"name":"wp","href":"https:\/\/api.w.org\/{rel}","templated":true}]}}