{"id":862,"date":"2025-04-17T11:20:55","date_gmt":"2025-04-17T09:20:55","guid":{"rendered":"https:\/\/rrunning.tribalt.agency\/?post_type=product&#038;p=862"},"modified":"2025-08-27T12:13:47","modified_gmt":"2025-08-27T10:13:47","slug":"bondi-9","status":"publish","type":"product","link":"https:\/\/rrunning.tribalt.agency\/?product=bondi-9","title":{"rendered":"BONDI 9"},"content":{"rendered":"<p><strong>La r\u00e9volution de l\u2019amorti.<\/strong><\/p>\n<p>Chaussure parmi les plus robustes de la gamme HOKA, la Bondi\u00a09 offre le summum du confort moelleux pour le running au quotidien. Enti\u00e8rement repens\u00e9e de A\u00a0\u00e0\u00a0Z, cette nouvelle version est dot\u00e9e d\u2019une hauteur de semelle augment\u00e9e, d\u2019une nouvelle semelle interm\u00e9diaire suppl\u00e9mentaire en mousse de qualit\u00e9 sup\u00e9rieure pour procurer cette foul\u00e9e douce et r\u00e9siliente d\u00e9sormais synonyme du mod\u00e8le Bondi. D\u00e9sormais dot\u00e9e d\u2019un bracelet moul\u00e9 en\u00a03D et d\u2019une tige en maille avec tricotage zonal respirant, cette chaussure culte ultra-amortie a \u00e9t\u00e9 finie avec du caoutchouc Durabrasion Rubber pour combattre l\u2019usure dans les zones \u00e0 risques.<\/p>\n<div class=\"description-techspecs description-techspecs--bestfor\">\n<div class=\"description-techspecs__title title\">Id\u00e9ale pour : Route - Marche<\/div>\n<div><\/div>\n<\/div>\n<div class=\"description-techspecs description-techspecs--features \">\n<div class=\"description-techspecs__title\">Caract\u00e9ristiques:<\/div>\n<div class=\"description-techspecs__items\">\n<ul class=\"features-container\">\n<li class=\"feature-item\">Bracelet moul\u00e9\u00a03D<\/li>\n<li class=\"feature-item\">Mousse EVA supercritique<\/li>\n<li class=\"feature-item\">Mesh technique fabriqu\u00e9 avec 55\u00a0% de polyester recycl\u00e9<\/li>\n<li class=\"feature-item\">D\u00e9tails r\u00e9fl\u00e9chissants sur la tige<\/li>\n<li class=\"feature-item\">Tirant \u00e9tendu au talon<\/li>\n<\/ul>\n<ul class=\"features-container features-extended collapse show\">\n<li class=\"feature-item\">Profil de semelle incurv\u00e9 MetaRocker\u2122 lisse<\/li>\n<li class=\"feature-item\">Si\u00e8ge baquet sur l\u2019arri\u00e8re du pied<\/li>\n<li class=\"feature-item\">Semelle de propret\u00e9 en EVA moul\u00e9e<\/li>\n<li class=\"feature-item\">Semelle ext\u00e9rieure Durabrasion\u00a0Rubber<\/li>\n<li class=\"feature-item\">Vegan<\/li>\n<\/ul>\n<p><em>Drop : 5 mm<\/em><\/p>\n<\/div>\n<\/div>\n","protected":false},"excerpt":{"rendered":"<p>La r\u00e9volution de l\u2019amorti. Chaussure parmi les plus robustes de la gamme HOKA, la Bondi\u00a09 offre le summum du confort moelleux pour le running au quotidien. Enti\u00e8rement repens\u00e9e de A\u00a0\u00e0\u00a0Z, cette nouvelle version est dot\u00e9e d\u2019une hauteur de semelle augment\u00e9e, d\u2019une nouvelle semelle interm\u00e9diaire suppl\u00e9mentaire en mousse de qualit\u00e9 sup\u00e9rieure pour procurer cette foul\u00e9e douce [&hellip;]<\/p>\n","protected":false},"featured_media":2968,"template":"","meta":[],"pwb-brand":[102],"product_brand":[],"product_cat":[36,38],"product_tag":[],"class_list":{"0":"post-862","1":"product","2":"type-product","3":"status-publish","4":"has-post-thumbnail","6":"pwb-brand-hoka","7":"product_cat-chaussures-femmes","8":"product_cat-route","10":"first","11":"instock","12":"shipping-taxable","13":"purchasable","14":"product-type-simple"},"brands":[{"id":102,"name":"HOKA","slug":"hoka"}],"_links":{"self":[{"href":"https:\/\/rrunning.tribalt.agency\/index.php?rest_route=\/wp\/v2\/product\/862","targetHints":{"allow":["GET"]}}],"collection":[{"href":"https:\/\/rrunning.tribalt.agency\/index.php?rest_route=\/wp\/v2\/product"}],"about":[{"href":"https:\/\/rrunning.tribalt.agency\/index.php?rest_route=\/wp\/v2\/types\/product"}],"wp:featuredmedia":[{"embeddable":true,"href":"https:\/\/rrunning.tribalt.agency\/index.php?rest_route=\/wp\/v2\/media\/2968"}],"wp:attachment":[{"href":"https:\/\/rrunning.tribalt.agency\/index.php?rest_route=%2Fwp%2Fv2%2Fmedia&parent=862"}],"wp:term":[{"taxonomy":"pwb-brand","embeddable":true,"href":"https:\/\/rrunning.tribalt.agency\/index.php?rest_route=%2Fwp%2Fv2%2Fpwb-brand&post=862"},{"taxonomy":"product_brand","embeddable":true,"href":"https:\/\/rrunning.tribalt.agency\/index.php?rest_route=%2Fwp%2Fv2%2Fproduct_brand&post=862"},{"taxonomy":"product_cat","embeddable":true,"href":"https:\/\/rrunning.tribalt.agency\/index.php?rest_route=%2Fwp%2Fv2%2Fproduct_cat&post=862"},{"taxonomy":"product_tag","embeddable":true,"href":"https:\/\/rrunning.tribalt.agency\/index.php?rest_route=%2Fwp%2Fv2%2Fproduct_tag&post=862"}],"curies":[{"name":"wp","href":"https:\/\/api.w.org\/{rel}","templated":true}]}}