{"id":845,"date":"2025-04-17T10:54:38","date_gmt":"2025-04-17T08:54:38","guid":{"rendered":"https:\/\/rrunning.tribalt.agency\/?post_type=product&#038;p=845"},"modified":"2025-09-02T10:36:52","modified_gmt":"2025-09-02T08:36:52","slug":"skyflow-w","status":"publish","type":"product","link":"https:\/\/rrunning.tribalt.agency\/?product=skyflow-w","title":{"rendered":"SKYFLOW"},"content":{"rendered":"<p>MIDNIGHT\/PINK TWILIGHT<\/p>\n<p>Con\u00e7ue pour sublimer votre run quotidien, la Skyflow associe technologie inspir\u00e9e de la Skyflow X premium et mousse am\u00e9lior\u00e9e, et fait passer votre pratique au niveau sup\u00e9rieur. La mousse EVA supercritique offre une exp\u00e9rience ultra-amortie et r\u00e9active, le si\u00e8ge baquet ax\u00e9 sur le talon enveloppe le pied et le design incurv\u00e9 de l\u2019avant-pied permet une foul\u00e9e fluide. R\u00e9alis\u00e9e avec une tige \u00e9pur\u00e9e et une semelle ext\u00e9rieure ultrar\u00e9sistante, cette chaussure red\u00e9finit les codes du running au quotidien.<\/p>\n<p>&nbsp;<\/p>\n<div class=\"description-techspecs description-techspecs--bestfor\">\n<div class=\"description-techspecs__title title\">Id\u00e9ale pour : Route - Marche<\/div>\n<div><\/div>\n<\/div>\n<div class=\"description-techspecs description-techspecs--features \">\n<div class=\"description-techspecs__title\">Caract\u00e9ristiques:<\/div>\n<div class=\"description-techspecs__items\">\n<ul class=\"features-container\">\n<li class=\"feature-item\">Construction de bracelet \u00e9pur\u00e9e<\/li>\n<li class=\"feature-item\">Tige en jacquard \u00e9pur\u00e9<\/li>\n<li class=\"feature-item\">Languette \u00e0 double soufflet<\/li>\n<li class=\"feature-item\">D\u00e9tails en film r\u00e9fl\u00e9chissant<\/li>\n<li class=\"feature-item\">Semelle interm\u00e9diaire en EVA SCF<\/li>\n<\/ul>\n<ul class=\"features-container features-extended collapse show\">\n<li class=\"feature-item\">Si\u00e8ge baquet sur le talon<\/li>\n<li class=\"feature-item\">Profil de semelle incurv\u00e9 MetaRocker\u2122 depuis l\u2019arri\u00e8re du pied<\/li>\n<li class=\"feature-item\">Semelle interm\u00e9diaire asym\u00e9trique<\/li>\n<li class=\"feature-item\">Semelle ext\u00e9rieure convexe durable et tr\u00e8s r\u00e9sistante \u00e0 l\u2019abrasion<\/li>\n<li class=\"feature-item\">Vegan<\/li>\n<\/ul>\n<\/div>\n<\/div>\n<ul>\n<li>Drop = 5 mm<\/li>\n<li>poids = 244 g<\/li>\n<li>Type de foul\u00e9e = universelle ou neutre<\/li>\n<li>Usage = Entra\u00eenements r\u00e9guliers \u00e0 intensif (2 \u00e0 3 fois par semaine et plus). Comp\u00e9titions loisirs jusqu'au marathon.<\/li>\n<\/ul>\n","protected":false},"excerpt":{"rendered":"<p>MIDNIGHT\/PINK TWILIGHT Con\u00e7ue pour sublimer votre run quotidien, la Skyflow associe technologie inspir\u00e9e de la Skyflow X premium et mousse am\u00e9lior\u00e9e, et fait passer votre pratique au niveau sup\u00e9rieur. La mousse EVA supercritique offre une exp\u00e9rience ultra-amortie et r\u00e9active, le si\u00e8ge baquet ax\u00e9 sur le talon enveloppe le pied et le design incurv\u00e9 de l\u2019avant-pied [&hellip;]<\/p>\n","protected":false},"featured_media":2975,"template":"","meta":[],"pwb-brand":[102],"product_brand":[],"product_cat":[36,38],"product_tag":[],"class_list":{"0":"post-845","1":"product","2":"type-product","3":"status-publish","4":"has-post-thumbnail","6":"pwb-brand-hoka","7":"product_cat-chaussures-femmes","8":"product_cat-route","10":"first","11":"instock","12":"sale","13":"shipping-taxable","14":"purchasable","15":"product-type-simple"},"brands":[{"id":102,"name":"HOKA","slug":"hoka"}],"_links":{"self":[{"href":"https:\/\/rrunning.tribalt.agency\/index.php?rest_route=\/wp\/v2\/product\/845","targetHints":{"allow":["GET"]}}],"collection":[{"href":"https:\/\/rrunning.tribalt.agency\/index.php?rest_route=\/wp\/v2\/product"}],"about":[{"href":"https:\/\/rrunning.tribalt.agency\/index.php?rest_route=\/wp\/v2\/types\/product"}],"wp:featuredmedia":[{"embeddable":true,"href":"https:\/\/rrunning.tribalt.agency\/index.php?rest_route=\/wp\/v2\/media\/2975"}],"wp:attachment":[{"href":"https:\/\/rrunning.tribalt.agency\/index.php?rest_route=%2Fwp%2Fv2%2Fmedia&parent=845"}],"wp:term":[{"taxonomy":"pwb-brand","embeddable":true,"href":"https:\/\/rrunning.tribalt.agency\/index.php?rest_route=%2Fwp%2Fv2%2Fpwb-brand&post=845"},{"taxonomy":"product_brand","embeddable":true,"href":"https:\/\/rrunning.tribalt.agency\/index.php?rest_route=%2Fwp%2Fv2%2Fproduct_brand&post=845"},{"taxonomy":"product_cat","embeddable":true,"href":"https:\/\/rrunning.tribalt.agency\/index.php?rest_route=%2Fwp%2Fv2%2Fproduct_cat&post=845"},{"taxonomy":"product_tag","embeddable":true,"href":"https:\/\/rrunning.tribalt.agency\/index.php?rest_route=%2Fwp%2Fv2%2Fproduct_tag&post=845"}],"curies":[{"name":"wp","href":"https:\/\/api.w.org\/{rel}","templated":true}]}}