{"id":4261,"date":"2025-10-16T19:11:40","date_gmt":"2025-10-16T17:11:40","guid":{"rendered":"https:\/\/rrunning.tribalt.agency\/?post_type=product&#038;p=4261"},"modified":"2025-10-16T19:14:18","modified_gmt":"2025-10-16T17:14:18","slug":"shorts-run-5","status":"publish","type":"product","link":"https:\/\/rrunning.tribalt.agency\/?product=shorts-run-5","title":{"rendered":"SHORTS RUN 5"},"content":{"rendered":"<p><strong>Shorts Run 5<\/strong>. Con\u00e7u pour pulv\u00e9riser\u00a0<strong>vos performances sans contraindre<\/strong>.<\/p>\n<p>Parfait pour les entra\u00eenements o\u00f9 une libert\u00e9 de mouvement maximale est n\u00e9cessaire, ce short est confectionn\u00e9 dans un\u00a0<strong>polyester recycl\u00e9 tr\u00e8s l\u00e9ger<\/strong>\u00a0et extensible, avec une taille ajustable et des ouvertures sur les hanches. La poche \u00e0 glissi\u00e8re sur la hanche garde vos indispensables en s\u00e9curit\u00e9, vous permettant<strong>\u00a0de vous concentrer sur votre footing<\/strong>.<\/p>\n","protected":false},"excerpt":{"rendered":"<p>Shorts Run 5. Con\u00e7u pour pulv\u00e9riser\u00a0vos performances sans contraindre. Parfait pour les entra\u00eenements o\u00f9 une libert\u00e9 de mouvement maximale est n\u00e9cessaire, ce short est confectionn\u00e9 dans un\u00a0polyester recycl\u00e9 tr\u00e8s l\u00e9ger\u00a0et extensible, avec une taille ajustable et des ouvertures sur les hanches. La poche \u00e0 glissi\u00e8re sur la hanche garde vos indispensables en s\u00e9curit\u00e9, vous permettant\u00a0de [&hellip;]<\/p>\n","protected":false},"featured_media":4264,"template":"","meta":[],"pwb-brand":[160],"product_brand":[],"product_cat":[57],"product_tag":[],"class_list":{"0":"post-4261","1":"product","2":"type-product","3":"status-publish","4":"has-post-thumbnail","6":"pwb-brand-diadora","7":"product_cat-bas-textile-homme","9":"first","10":"instock","11":"shipping-taxable","12":"purchasable","13":"product-type-simple"},"brands":[{"id":160,"name":"DIADORA","slug":"diadora"}],"_links":{"self":[{"href":"https:\/\/rrunning.tribalt.agency\/index.php?rest_route=\/wp\/v2\/product\/4261","targetHints":{"allow":["GET"]}}],"collection":[{"href":"https:\/\/rrunning.tribalt.agency\/index.php?rest_route=\/wp\/v2\/product"}],"about":[{"href":"https:\/\/rrunning.tribalt.agency\/index.php?rest_route=\/wp\/v2\/types\/product"}],"wp:featuredmedia":[{"embeddable":true,"href":"https:\/\/rrunning.tribalt.agency\/index.php?rest_route=\/wp\/v2\/media\/4264"}],"wp:attachment":[{"href":"https:\/\/rrunning.tribalt.agency\/index.php?rest_route=%2Fwp%2Fv2%2Fmedia&parent=4261"}],"wp:term":[{"taxonomy":"pwb-brand","embeddable":true,"href":"https:\/\/rrunning.tribalt.agency\/index.php?rest_route=%2Fwp%2Fv2%2Fpwb-brand&post=4261"},{"taxonomy":"product_brand","embeddable":true,"href":"https:\/\/rrunning.tribalt.agency\/index.php?rest_route=%2Fwp%2Fv2%2Fproduct_brand&post=4261"},{"taxonomy":"product_cat","embeddable":true,"href":"https:\/\/rrunning.tribalt.agency\/index.php?rest_route=%2Fwp%2Fv2%2Fproduct_cat&post=4261"},{"taxonomy":"product_tag","embeddable":true,"href":"https:\/\/rrunning.tribalt.agency\/index.php?rest_route=%2Fwp%2Fv2%2Fproduct_tag&post=4261"}],"curies":[{"name":"wp","href":"https:\/\/api.w.org\/{rel}","templated":true}]}}