{"id":4237,"date":"2025-10-16T18:54:23","date_gmt":"2025-10-16T16:54:23","guid":{"rendered":"https:\/\/rrunning.tribalt.agency\/?post_type=product&#038;p=4237"},"modified":"2025-10-16T18:56:41","modified_gmt":"2025-10-16T16:56:41","slug":"l-warm-up-winter-protection","status":"publish","type":"product","link":"https:\/\/rrunning.tribalt.agency\/?product=l-warm-up-winter-protection","title":{"rendered":"L. WARM UP WINTER PROTECTION"},"content":{"rendered":"<p><strong>Investir dans les bonnes pi\u00e8ces fait toute la diff\u00e9rence.<\/strong><strong><br \/>\n<\/strong>C\u2019est pourquoi nous avons mis au point les fils Diadora FIBRAZERO\u00a0:\u00a0<strong>thermor\u00e9gulation parfaitement contr\u00f4l\u00e9e<\/strong>, propri\u00e9t\u00e9s anti-odeurs durables et\u00a0<strong>performances constantes<\/strong>, s\u00e9ance apr\u00e8s s\u00e9ance.<\/p>\n<p>La\u00a0<strong>L. Warm Up Winter Protection<\/strong>\u00a0est une polaire de running l\u00e9g\u00e8re en tissu waffle bross\u00e9, \u00e0 porter seule ou sur une couche de base. \u00c0 la fois respirante et chaude, gr\u00e2ce aux grains de caf\u00e9 post-consommation de FIBRAZERO, elle s\u00e8che rapidement la sueur, vous permettant ainsi de\u00a0<strong>vous concentrer uniquement sur l\u2019essentiel<\/strong>.<\/p>\n<p>Nous avons ajout\u00e9 uniquement les d\u00e9tails indispensables\u00a0: passe-pouce aux poignets, fen\u00eatre pour smart watch et poches \u00e0 glissi\u00e8re. Et, pour les s\u00e9ances nocturnes, des d\u00e9tails r\u00e9fl\u00e9chissants pour une visibilit\u00e9 suppl\u00e9mentaire.<\/p>\n","protected":false},"excerpt":{"rendered":"<p>Investir dans les bonnes pi\u00e8ces fait toute la diff\u00e9rence. C\u2019est pourquoi nous avons mis au point les fils Diadora FIBRAZERO\u00a0:\u00a0thermor\u00e9gulation parfaitement contr\u00f4l\u00e9e, propri\u00e9t\u00e9s anti-odeurs durables et\u00a0performances constantes, s\u00e9ance apr\u00e8s s\u00e9ance. La\u00a0L. Warm Up Winter Protection\u00a0est une polaire de running l\u00e9g\u00e8re en tissu waffle bross\u00e9, \u00e0 porter seule ou sur une couche de base. \u00c0 la [&hellip;]<\/p>\n","protected":false},"featured_media":4238,"template":"","meta":[],"pwb-brand":[160],"product_brand":[],"product_cat":[46],"product_tag":[],"class_list":{"0":"post-4237","1":"product","2":"type-product","3":"status-publish","4":"has-post-thumbnail","6":"pwb-brand-diadora","7":"product_cat-haut","9":"first","10":"instock","11":"shipping-taxable","12":"purchasable","13":"product-type-simple"},"brands":[{"id":160,"name":"DIADORA","slug":"diadora"}],"_links":{"self":[{"href":"https:\/\/rrunning.tribalt.agency\/index.php?rest_route=\/wp\/v2\/product\/4237","targetHints":{"allow":["GET"]}}],"collection":[{"href":"https:\/\/rrunning.tribalt.agency\/index.php?rest_route=\/wp\/v2\/product"}],"about":[{"href":"https:\/\/rrunning.tribalt.agency\/index.php?rest_route=\/wp\/v2\/types\/product"}],"wp:featuredmedia":[{"embeddable":true,"href":"https:\/\/rrunning.tribalt.agency\/index.php?rest_route=\/wp\/v2\/media\/4238"}],"wp:attachment":[{"href":"https:\/\/rrunning.tribalt.agency\/index.php?rest_route=%2Fwp%2Fv2%2Fmedia&parent=4237"}],"wp:term":[{"taxonomy":"pwb-brand","embeddable":true,"href":"https:\/\/rrunning.tribalt.agency\/index.php?rest_route=%2Fwp%2Fv2%2Fpwb-brand&post=4237"},{"taxonomy":"product_brand","embeddable":true,"href":"https:\/\/rrunning.tribalt.agency\/index.php?rest_route=%2Fwp%2Fv2%2Fproduct_brand&post=4237"},{"taxonomy":"product_cat","embeddable":true,"href":"https:\/\/rrunning.tribalt.agency\/index.php?rest_route=%2Fwp%2Fv2%2Fproduct_cat&post=4237"},{"taxonomy":"product_tag","embeddable":true,"href":"https:\/\/rrunning.tribalt.agency\/index.php?rest_route=%2Fwp%2Fv2%2Fproduct_tag&post=4237"}],"curies":[{"name":"wp","href":"https:\/\/api.w.org\/{rel}","templated":true}]}}