{"id":4090,"date":"2025-09-26T09:25:29","date_gmt":"2025-09-26T07:25:29","guid":{"rendered":"https:\/\/rrunning.tribalt.agency\/?post_type=product&#038;p=4090"},"modified":"2025-09-26T09:29:39","modified_gmt":"2025-09-26T07:29:39","slug":"ultralight-compression-sleeves-calf-homme","status":"publish","type":"product","link":"https:\/\/rrunning.tribalt.agency\/?product=ultralight-compression-sleeves-calf-homme","title":{"rendered":"ULTRALIGHT COMPRESSION SLEEVES - CALF HOMME"},"content":{"rendered":"<p data-start=\"46\" data-end=\"383\">La compression cibl\u00e9e stimule vos muscles du mollet avec un effet sensoriel profond favorisant la stabilisation.<br data-start=\"158\" data-end=\"161\" \/>Vos jambes b\u00e9n\u00e9ficient d\u2019un regain d\u2019\u00e9nergie gr\u00e2ce \u00e0 la r\u00e9duction des vibrations musculaires fatigantes.<br data-start=\"265\" data-end=\"268\" \/>Un apport accru en nutriments procure une sensation de l\u00e9g\u00e8ret\u00e9 visible dans les jambes, avec un effet bien-\u00eatre.<\/p>\n","protected":false},"excerpt":{"rendered":"<p>La compression cibl\u00e9e stimule vos muscles du mollet avec un effet sensoriel profond favorisant la stabilisation.Vos jambes b\u00e9n\u00e9ficient d\u2019un regain d\u2019\u00e9nergie gr\u00e2ce \u00e0 la r\u00e9duction des vibrations musculaires fatigantes.Un apport accru en nutriments procure une sensation de l\u00e9g\u00e8ret\u00e9 visible dans les jambes, avec un effet bien-\u00eatre.<\/p>\n","protected":false},"featured_media":4092,"template":"","meta":[],"pwb-brand":[95],"product_brand":[],"product_cat":[32],"product_tag":[],"class_list":{"0":"post-4090","1":"product","2":"type-product","3":"status-publish","4":"has-post-thumbnail","6":"pwb-brand-cep","7":"product_cat-manchons","9":"first","10":"instock","11":"shipping-taxable","12":"purchasable","13":"product-type-simple"},"brands":[{"id":95,"name":"CEP","slug":"cep"}],"_links":{"self":[{"href":"https:\/\/rrunning.tribalt.agency\/index.php?rest_route=\/wp\/v2\/product\/4090","targetHints":{"allow":["GET"]}}],"collection":[{"href":"https:\/\/rrunning.tribalt.agency\/index.php?rest_route=\/wp\/v2\/product"}],"about":[{"href":"https:\/\/rrunning.tribalt.agency\/index.php?rest_route=\/wp\/v2\/types\/product"}],"wp:featuredmedia":[{"embeddable":true,"href":"https:\/\/rrunning.tribalt.agency\/index.php?rest_route=\/wp\/v2\/media\/4092"}],"wp:attachment":[{"href":"https:\/\/rrunning.tribalt.agency\/index.php?rest_route=%2Fwp%2Fv2%2Fmedia&parent=4090"}],"wp:term":[{"taxonomy":"pwb-brand","embeddable":true,"href":"https:\/\/rrunning.tribalt.agency\/index.php?rest_route=%2Fwp%2Fv2%2Fpwb-brand&post=4090"},{"taxonomy":"product_brand","embeddable":true,"href":"https:\/\/rrunning.tribalt.agency\/index.php?rest_route=%2Fwp%2Fv2%2Fproduct_brand&post=4090"},{"taxonomy":"product_cat","embeddable":true,"href":"https:\/\/rrunning.tribalt.agency\/index.php?rest_route=%2Fwp%2Fv2%2Fproduct_cat&post=4090"},{"taxonomy":"product_tag","embeddable":true,"href":"https:\/\/rrunning.tribalt.agency\/index.php?rest_route=%2Fwp%2Fv2%2Fproduct_tag&post=4090"}],"curies":[{"name":"wp","href":"https:\/\/api.w.org\/{rel}","templated":true}]}}