{"id":4084,"date":"2025-09-26T09:19:31","date_gmt":"2025-09-26T07:19:31","guid":{"rendered":"https:\/\/rrunning.tribalt.agency\/?post_type=product&#038;p=4084"},"modified":"2025-09-26T09:25:06","modified_gmt":"2025-09-26T07:25:06","slug":"run-edt-claws-socks-mid-cut","status":"publish","type":"product","link":"https:\/\/rrunning.tribalt.agency\/?product=run-edt-claws-socks-mid-cut","title":{"rendered":"RUN EDT CLAWS SOCKS MID CUT"},"content":{"rendered":"<p><strong>Chaussettes de compression mi-hautes avec maintien sp\u00e9cialis\u00e9 et finition au niveau de la bande.<\/strong><\/p>\n<p>Les CEP Core Run edt. Claws Mid Cut Compression Socks associent maintien de pr\u00e9cision et performance \u00e0 chaque foul\u00e9e. Con\u00e7ues en Allemagne gr\u00e2ce \u00e0 la technologie de tricotage circulaire, elles int\u00e8grent des zones d\u2019activation et de soutien pr\u00e9cis\u00e9ment contr\u00f4l\u00e9es sur toute la chaussette, offrant ainsi une meilleure stabilisation des articulations et des muscles, ainsi qu\u2019un ajustement pr\u00e8s du pied qui r\u00e9duit les frottements et les ampoules.<br \/>\nLe rembourrage anatomique absorbant les chocs et la surface antid\u00e9rapante en 3D procurent un confort accru et une meilleure ma\u00eetrise des mouvements. Des zones en mesh strat\u00e9giques, des canaux de ventilation et un tissu respirant qui \u00e9vacue l\u2019humidit\u00e9 garantissent une r\u00e9gulation optimale de la chaleur et de la transpiration.<\/p>\n","protected":false},"excerpt":{"rendered":"<p>Chaussettes de compression mi-hautes avec maintien sp\u00e9cialis\u00e9 et finition au niveau de la bande. Les CEP Core Run edt. Claws Mid Cut Compression Socks associent maintien de pr\u00e9cision et performance \u00e0 chaque foul\u00e9e. Con\u00e7ues en Allemagne gr\u00e2ce \u00e0 la technologie de tricotage circulaire, elles int\u00e8grent des zones d\u2019activation et de soutien pr\u00e9cis\u00e9ment contr\u00f4l\u00e9es sur toute [&hellip;]<\/p>\n","protected":false},"featured_media":4085,"template":"","meta":[],"pwb-brand":[95],"product_brand":[],"product_cat":[28],"product_tag":[],"class_list":{"0":"post-4084","1":"product","2":"type-product","3":"status-publish","4":"has-post-thumbnail","6":"pwb-brand-cep","7":"product_cat-chaussettes","9":"first","10":"instock","11":"shipping-taxable","12":"purchasable","13":"product-type-simple"},"brands":[{"id":95,"name":"CEP","slug":"cep"}],"_links":{"self":[{"href":"https:\/\/rrunning.tribalt.agency\/index.php?rest_route=\/wp\/v2\/product\/4084","targetHints":{"allow":["GET"]}}],"collection":[{"href":"https:\/\/rrunning.tribalt.agency\/index.php?rest_route=\/wp\/v2\/product"}],"about":[{"href":"https:\/\/rrunning.tribalt.agency\/index.php?rest_route=\/wp\/v2\/types\/product"}],"wp:featuredmedia":[{"embeddable":true,"href":"https:\/\/rrunning.tribalt.agency\/index.php?rest_route=\/wp\/v2\/media\/4085"}],"wp:attachment":[{"href":"https:\/\/rrunning.tribalt.agency\/index.php?rest_route=%2Fwp%2Fv2%2Fmedia&parent=4084"}],"wp:term":[{"taxonomy":"pwb-brand","embeddable":true,"href":"https:\/\/rrunning.tribalt.agency\/index.php?rest_route=%2Fwp%2Fv2%2Fpwb-brand&post=4084"},{"taxonomy":"product_brand","embeddable":true,"href":"https:\/\/rrunning.tribalt.agency\/index.php?rest_route=%2Fwp%2Fv2%2Fproduct_brand&post=4084"},{"taxonomy":"product_cat","embeddable":true,"href":"https:\/\/rrunning.tribalt.agency\/index.php?rest_route=%2Fwp%2Fv2%2Fproduct_cat&post=4084"},{"taxonomy":"product_tag","embeddable":true,"href":"https:\/\/rrunning.tribalt.agency\/index.php?rest_route=%2Fwp%2Fv2%2Fproduct_tag&post=4084"}],"curies":[{"name":"wp","href":"https:\/\/api.w.org\/{rel}","templated":true}]}}