{"id":4037,"date":"2025-09-25T11:05:09","date_gmt":"2025-09-25T09:05:09","guid":{"rendered":"https:\/\/rrunning.tribalt.agency\/?post_type=product&#038;p=4037"},"modified":"2025-09-25T11:06:51","modified_gmt":"2025-09-25T09:06:51","slug":"chaussures-prima-woman","status":"publish","type":"product","link":"https:\/\/rrunning.tribalt.agency\/?product=chaussures-prima-woman","title":{"rendered":"CHAUSSURES PRIMA WOMAN"},"content":{"rendered":"<p><strong>Taille : 37 \u00e0 39<\/strong><\/p>\n<div class=\"col-lg-20 col-md-20 col-sm-20 col-xs-20\">\n<p>a chaussure pour le coureur moderne. Rapide \u00e0 enfiler et \u00e0 ajuster, gr\u00e2ce \u00e0 sa fermeture Fiirmor, Prima est construite avec la tige la plus l\u00e9g\u00e8re pour \u00e9liminer toute fatigue du pied. Sa semelle Aeroliteen nylon et carbone \u00e0 profil bas est con\u00e7ue pour offrir toute la sensation de course et de maintenir une structure confortable pour la marche.<\/p>\n<p><strong>DETAILS :\u00a0<\/strong><\/p>\n<ul>\n<li>Tige ultra-l\u00e9g\u00e8re en Politex Matt<\/li>\n<li>Syst\u00e8me de fermeture Firmor<\/li>\n<li>Tecno-3 : TECNO-3 est un m\u00e9canisme de verrouillage Sidi qui utilise un c\u00e2ble pour permettre un r\u00e9glage microm\u00e9trique avec une extr\u00eame rapidit\u00e9. TECNO-3 est robuste et facilement rempla\u00e7able.<\/li>\n<li>Talon Sidi : La coque en plastique moul\u00e9 anatomique stabilise et soutient le talon, r\u00e9duit le glissement du talon et aide \u00e0 transmettre plus de puissance sans dispersion.<\/li>\n<li>Semelle Aerolite<\/li>\n<\/ul>\n<\/div>\n","protected":false},"excerpt":{"rendered":"<p>Taille : 37 \u00e0 39 a chaussure pour le coureur moderne. Rapide \u00e0 enfiler et \u00e0 ajuster, gr\u00e2ce \u00e0 sa fermeture Fiirmor, Prima est construite avec la tige la plus l\u00e9g\u00e8re pour \u00e9liminer toute fatigue du pied. Sa semelle Aeroliteen nylon et carbone \u00e0 profil bas est con\u00e7ue pour offrir toute la sensation de course [&hellip;]<\/p>\n","protected":false},"featured_media":4038,"template":"","meta":[],"pwb-brand":[123],"product_brand":[],"product_cat":[62],"product_tag":[],"class_list":{"0":"post-4037","1":"product","2":"type-product","3":"status-publish","4":"has-post-thumbnail","6":"pwb-brand-sidi","7":"product_cat-chaussure-velo-de-route","9":"first","10":"instock","11":"shipping-taxable","12":"purchasable","13":"product-type-simple"},"brands":[{"id":123,"name":"SIDI","slug":"sidi"}],"_links":{"self":[{"href":"https:\/\/rrunning.tribalt.agency\/index.php?rest_route=\/wp\/v2\/product\/4037","targetHints":{"allow":["GET"]}}],"collection":[{"href":"https:\/\/rrunning.tribalt.agency\/index.php?rest_route=\/wp\/v2\/product"}],"about":[{"href":"https:\/\/rrunning.tribalt.agency\/index.php?rest_route=\/wp\/v2\/types\/product"}],"wp:featuredmedia":[{"embeddable":true,"href":"https:\/\/rrunning.tribalt.agency\/index.php?rest_route=\/wp\/v2\/media\/4038"}],"wp:attachment":[{"href":"https:\/\/rrunning.tribalt.agency\/index.php?rest_route=%2Fwp%2Fv2%2Fmedia&parent=4037"}],"wp:term":[{"taxonomy":"pwb-brand","embeddable":true,"href":"https:\/\/rrunning.tribalt.agency\/index.php?rest_route=%2Fwp%2Fv2%2Fpwb-brand&post=4037"},{"taxonomy":"product_brand","embeddable":true,"href":"https:\/\/rrunning.tribalt.agency\/index.php?rest_route=%2Fwp%2Fv2%2Fproduct_brand&post=4037"},{"taxonomy":"product_cat","embeddable":true,"href":"https:\/\/rrunning.tribalt.agency\/index.php?rest_route=%2Fwp%2Fv2%2Fproduct_cat&post=4037"},{"taxonomy":"product_tag","embeddable":true,"href":"https:\/\/rrunning.tribalt.agency\/index.php?rest_route=%2Fwp%2Fv2%2Fproduct_tag&post=4037"}],"curies":[{"name":"wp","href":"https:\/\/api.w.org\/{rel}","templated":true}]}}