{"id":4033,"date":"2025-09-25T11:00:09","date_gmt":"2025-09-25T09:00:09","guid":{"rendered":"https:\/\/rrunning.tribalt.agency\/?post_type=product&#038;p=4033"},"modified":"2025-09-25T11:07:59","modified_gmt":"2025-09-25T09:07:59","slug":"chaussures-gravel","status":"publish","type":"product","link":"https:\/\/rrunning.tribalt.agency\/?product=chaussures-gravel","title":{"rendered":"CHAUSSURES GRAVEL"},"content":{"rendered":"<p><strong>Taille : 42 \u00e0 45<\/strong><\/p>\n<div class=\"col-lg-20 col-md-20 col-sm-20 col-xs-20\">\n<h2 class=\"heading-line\"><span style=\"font-size: 16px;\">LA PARFAITE ALLIANCE DE LA PERFORMANCE, DE L'ELEGANCE ET DU STYLE !<\/span><\/h2>\n<\/div>\n<div class=\"product-description-text\">\n<p><strong>DETAILS<\/strong>\u00a0:<\/p>\n<ul>\n<li><strong>SYST\u00c8ME TECNO-3<\/strong>\u00a0:\u00a0Le SYST\u00c8ME TECHNO-3 de SIDI\u00a0<strong>s'adapte sur toute la\u00a0longueur de la chaussure<\/strong>\u00a0, adaptant la tige \u00e0 la forme du pied pour un\u00a0<strong>ajustement parfait<\/strong>. Les fermetures r\u00e9put\u00e9es fiables et rempla\u00e7ables de SIDI\u00a0sont am\u00e9lior\u00e9es par un tout nouveau\u00a0mat\u00e9riau propri\u00e9taire SIDI Wire\u00a0qui est totalement non contraignant pour des\u00a0<strong>ajustements intuitifs et sans effort<\/strong>.\u00a0Comme la plupart des petites pi\u00e8ces SIDI, le SYST\u00c8ME TECNO-3\u00a0est r\u00e9parable et rempla\u00e7able.<\/li>\n<li><strong>PROTECTION AMORTISSEUR<\/strong>\u00a0:\u00a0Amortisseur en polyur\u00e9thane sur la zone externe avec rembourrage int\u00e9rieur.<\/li>\n<li><strong>COQUE TALON SIDI<\/strong>\u00a0:\u00a0Coque renforc\u00e9e qui\u00a0<strong>stabilise et soutient le talon<\/strong>\u00a0.\u00a0Plastique de forme anatomique,\u00a0<strong>r\u00e9duit le glissement du talon<\/strong>\u00a0et offre un transfert de puissance accru.\u00a0Fournit une protection suppl\u00e9mentaire des pieds en cas de collision.<\/li>\n<li><strong>BOUT EN CAOUTCHOUC<\/strong>\u00a0:\u00a0<strong>Mat\u00e9riau r\u00e9sistant<\/strong>\u00a0\u00e0 l' abrasion\u00a0sur la pointe<\/li>\n<li><strong>SEMELLE DE COMPETITION VTT<\/strong>\u00a0:\u00a0A \u00e9t\u00e9 sp\u00e9cifiquement \u00e9tudi\u00e9e pour cette sp\u00e9cialit\u00e9, peut \u00eatre\u00a0<strong>\u00e9quip\u00e9e de deux crampons \u00e0 l'avant\u00a0<\/strong>pour une\u00a0<strong>traction dans des conditions difficiles\u00a0et\u00a0boueuses\u00a0<\/strong>.\u00a0Les pointes d'orteil sont vendues s\u00e9par\u00e9ment.<\/li>\n<\/ul>\n<\/div>\n","protected":false},"excerpt":{"rendered":"<p>Taille : 42 \u00e0 45 LA PARFAITE ALLIANCE DE LA PERFORMANCE, DE L'ELEGANCE ET DU STYLE ! DETAILS\u00a0: SYST\u00c8ME TECNO-3\u00a0:\u00a0Le SYST\u00c8ME TECHNO-3 de SIDI\u00a0s'adapte sur toute la\u00a0longueur de la chaussure\u00a0, adaptant la tige \u00e0 la forme du pied pour un\u00a0ajustement parfait. Les fermetures r\u00e9put\u00e9es fiables et rempla\u00e7ables de SIDI\u00a0sont am\u00e9lior\u00e9es par un tout nouveau\u00a0mat\u00e9riau propri\u00e9taire [&hellip;]<\/p>\n","protected":false},"featured_media":4039,"template":"","meta":[],"pwb-brand":[123],"product_brand":[],"product_cat":[62],"product_tag":[],"class_list":{"0":"post-4033","1":"product","2":"type-product","3":"status-publish","4":"has-post-thumbnail","6":"pwb-brand-sidi","7":"product_cat-chaussure-velo-de-route","9":"first","10":"instock","11":"sale","12":"shipping-taxable","13":"purchasable","14":"product-type-simple"},"brands":[{"id":123,"name":"SIDI","slug":"sidi"}],"_links":{"self":[{"href":"https:\/\/rrunning.tribalt.agency\/index.php?rest_route=\/wp\/v2\/product\/4033","targetHints":{"allow":["GET"]}}],"collection":[{"href":"https:\/\/rrunning.tribalt.agency\/index.php?rest_route=\/wp\/v2\/product"}],"about":[{"href":"https:\/\/rrunning.tribalt.agency\/index.php?rest_route=\/wp\/v2\/types\/product"}],"wp:featuredmedia":[{"embeddable":true,"href":"https:\/\/rrunning.tribalt.agency\/index.php?rest_route=\/wp\/v2\/media\/4039"}],"wp:attachment":[{"href":"https:\/\/rrunning.tribalt.agency\/index.php?rest_route=%2Fwp%2Fv2%2Fmedia&parent=4033"}],"wp:term":[{"taxonomy":"pwb-brand","embeddable":true,"href":"https:\/\/rrunning.tribalt.agency\/index.php?rest_route=%2Fwp%2Fv2%2Fpwb-brand&post=4033"},{"taxonomy":"product_brand","embeddable":true,"href":"https:\/\/rrunning.tribalt.agency\/index.php?rest_route=%2Fwp%2Fv2%2Fproduct_brand&post=4033"},{"taxonomy":"product_cat","embeddable":true,"href":"https:\/\/rrunning.tribalt.agency\/index.php?rest_route=%2Fwp%2Fv2%2Fproduct_cat&post=4033"},{"taxonomy":"product_tag","embeddable":true,"href":"https:\/\/rrunning.tribalt.agency\/index.php?rest_route=%2Fwp%2Fv2%2Fproduct_tag&post=4033"}],"curies":[{"name":"wp","href":"https:\/\/api.w.org\/{rel}","templated":true}]}}