{"id":4030,"date":"2025-09-25T10:57:37","date_gmt":"2025-09-25T08:57:37","guid":{"rendered":"https:\/\/rrunning.tribalt.agency\/?post_type=product&#038;p=4030"},"modified":"2025-09-25T10:59:23","modified_gmt":"2025-09-25T08:59:23","slug":"chaussures-genius-10-woman","status":"publish","type":"product","link":"https:\/\/rrunning.tribalt.agency\/?product=chaussures-genius-10-woman","title":{"rendered":"CHAUSSURES GENIUS 10 WOMAN"},"content":{"rendered":"<p><strong>Taille : 37 \u00e0 40<\/strong><\/p>\n<p><strong>Le confort renomm\u00e9 de Genius rencontre une construction en nylon tricot\u00e9 hyperventil\u00e9.<\/strong><\/p>\n<p>Con\u00e7u pour conserver sa forme et sa structure, le pied est bien\u00a0<strong>stabilis\u00e9\u00a0<\/strong>pendant le p\u00e9dalage, tout en restant frais les jours les plus chauds.<br \/>\nUne\u00a0<strong>semelle composite\u00a0<\/strong>en\u00a0<strong>carbone\u00a0<\/strong>et nylon de\u00a0<strong>rigidit\u00e9 6<\/strong>, la fermeture exclusive du cou-de-pied de Sidi et les molettes Dyneema\u00ae haute densit\u00e9 compl\u00e8tent le mod\u00e8le pour une exp\u00e9rience de conduite\u00a0<strong>confortable\u00a0<\/strong>et\u00a0<strong>haut de gamme<\/strong>.<\/p>\n<p><strong>Avantages :<\/strong><\/p>\n<ul>\n<li>Une couche pour la ventilation, l'autre pour la durabilit\u00e9. Le r\u00e9sultat ? Une chaussure \u00e0 la fois cool et durable, qui se sent sur le v\u00e9lo<\/li>\n<li>Un flux d'air direct vers le pied, pour une plus grande sensation de fra\u00eecheur<\/li>\n<li>La durabilit\u00e9 du Dyneema\u00ae dans un ajustement personnalis\u00e9<\/li>\n<li>Performance et plus de confort<\/li>\n<\/ul>\n","protected":false},"excerpt":{"rendered":"<p>Taille : 37 \u00e0 40 Le confort renomm\u00e9 de Genius rencontre une construction en nylon tricot\u00e9 hyperventil\u00e9. Con\u00e7u pour conserver sa forme et sa structure, le pied est bien\u00a0stabilis\u00e9\u00a0pendant le p\u00e9dalage, tout en restant frais les jours les plus chauds. Une\u00a0semelle composite\u00a0en\u00a0carbone\u00a0et nylon de\u00a0rigidit\u00e9 6, la fermeture exclusive du cou-de-pied de Sidi et les molettes [&hellip;]<\/p>\n","protected":false},"featured_media":4032,"template":"","meta":[],"pwb-brand":[123],"product_brand":[],"product_cat":[62],"product_tag":[],"class_list":{"0":"post-4030","1":"product","2":"type-product","3":"status-publish","4":"has-post-thumbnail","6":"pwb-brand-sidi","7":"product_cat-chaussure-velo-de-route","9":"first","10":"instock","11":"sale","12":"shipping-taxable","13":"purchasable","14":"product-type-simple"},"brands":[{"id":123,"name":"SIDI","slug":"sidi"}],"_links":{"self":[{"href":"https:\/\/rrunning.tribalt.agency\/index.php?rest_route=\/wp\/v2\/product\/4030","targetHints":{"allow":["GET"]}}],"collection":[{"href":"https:\/\/rrunning.tribalt.agency\/index.php?rest_route=\/wp\/v2\/product"}],"about":[{"href":"https:\/\/rrunning.tribalt.agency\/index.php?rest_route=\/wp\/v2\/types\/product"}],"wp:featuredmedia":[{"embeddable":true,"href":"https:\/\/rrunning.tribalt.agency\/index.php?rest_route=\/wp\/v2\/media\/4032"}],"wp:attachment":[{"href":"https:\/\/rrunning.tribalt.agency\/index.php?rest_route=%2Fwp%2Fv2%2Fmedia&parent=4030"}],"wp:term":[{"taxonomy":"pwb-brand","embeddable":true,"href":"https:\/\/rrunning.tribalt.agency\/index.php?rest_route=%2Fwp%2Fv2%2Fpwb-brand&post=4030"},{"taxonomy":"product_brand","embeddable":true,"href":"https:\/\/rrunning.tribalt.agency\/index.php?rest_route=%2Fwp%2Fv2%2Fproduct_brand&post=4030"},{"taxonomy":"product_cat","embeddable":true,"href":"https:\/\/rrunning.tribalt.agency\/index.php?rest_route=%2Fwp%2Fv2%2Fproduct_cat&post=4030"},{"taxonomy":"product_tag","embeddable":true,"href":"https:\/\/rrunning.tribalt.agency\/index.php?rest_route=%2Fwp%2Fv2%2Fproduct_tag&post=4030"}],"curies":[{"name":"wp","href":"https:\/\/api.w.org\/{rel}","templated":true}]}}