{"id":4010,"date":"2025-09-25T10:02:15","date_gmt":"2025-09-25T08:02:15","guid":{"rendered":"https:\/\/rrunning.tribalt.agency\/?post_type=product&#038;p=4010"},"modified":"2025-09-25T10:06:41","modified_gmt":"2025-09-25T08:06:41","slug":"roadmachine-two-2","status":"publish","type":"product","link":"https:\/\/rrunning.tribalt.agency\/?product=roadmachine-two-2","title":{"rendered":"ROADMACHINE TWO"},"content":{"rendered":"<p><strong>Taille : 51 (S)<\/strong><\/p>\n<div class=\"specs__section\">\n<div class=\"specs__info\">\n<div class=\"specs__section\">\n<div class=\"specs__info\">\n<div class=\"specs__section\">\n<div class=\"specs__info\">\n<div class=\"specs__section\">\n<div class=\"specs__info\">\n<div class=\"specs__section\">\n<div class=\"specs__info\">\n<p>Le choix des cyclistes qui veulent tenir la distance et qui ne veulent pas \u00eatre confin\u00e9s \u00e0 une seule surface. S'appuyant sur notre exp\u00e9rience dans le domaine de l'endurance, le Roadmachine allie confort et efficacit\u00e9 dans un v\u00e9lo de route performant et extr\u00eamement polyvalent pour vous offrir une exp\u00e9rience de roulage exceptionnelle. Avec un cadre en carbone l\u00e9ger, ce v\u00e9lo d'endurance Roadmachine est dot\u00e9 de nombreuses caract\u00e9ristiques telles que l'int\u00e9gration compl\u00e8te des c\u00e2bles, le stockage int\u00e9gr\u00e9 au tube diagonal et un \u00e9clairage arri\u00e8re, ce qui le rend pr\u00eat \u00e0 relever n'importe quel d\u00e9fi. Les roues chauss\u00e9es de pneus larges \u00e0 tr\u00e8s faible r\u00e9sistance au roulement assurent un roulage performant et souple sur tout type de qualit\u00e9 de route. Il est \u00e9quip\u00e9 d'un groupe complet Shimano 105 Di2 \u00e0 l'indexation pr\u00e9cise et au freinag puissant. Notre potence RSM01 int\u00e9gr\u00e9e et le nouveau cintre Endurance Alloy offrent une ergonomie exceptionnelle, offrant l'\u00e9quilibre parfait entre contr\u00f4le et confort pour chacune de vos sorties.<\/p>\n<div class=\"specs__section\">\n<h4 class=\"specs__section-title\">Kit cadre<\/h4>\n<div class=\"specs__info\">\n<p><b>Cadre:<\/b><br \/>\nRoadmachine Carbon with Tuned Compliance Concept Endurance | ICS Technology Stealth Cable Routing | Fender Mounts | Integrated Downtube Storage | Stealth Dropout Design | 12 x 142mm Thru-Axle<\/p>\n<p><b>Fourche:<\/b><br \/>\nRoadmachine Carbon with Tuned Compliance Concept Endurance | Internal Cable Routing | Fender Mounts | Flat Mount Disc | 12 x 100mm Thru-Axle | 50mm offset Size 47-51 | 45mm offset Size 54-61<\/p>\n<p>&nbsp;<\/p>\n<\/div>\n<\/div>\n<div class=\"specs__section\">\n<h4 class=\"specs__section-title\">Cockpit<\/h4>\n<div class=\"specs__info\">\n<p><b>Potence:<\/b><br \/>\nBMC RSM 01 | Integrated Cockpit System Technology<\/p>\n<p><b>Cintre:<\/b><br \/>\nBMC HB D4 03, 0, 12 | Alloy 6061 | Endurance Geometry | 125mm drop, 70mm reach, 12\u00b0 flare<\/p>\n<p>&nbsp;<\/p>\n<\/div>\n<\/div>\n<div class=\"specs__section\">\n<h4 class=\"specs__section-title\">Seat<\/h4>\n<div class=\"specs__info\">\n<p><b>Tige de Selle:<\/b><br \/>\nRoadmachine Carbon D-Shaped Seatpost | 15mm Offset | D-Fender Compatible<\/p>\n<p><b>Selle:<\/b><br \/>\nSelle Italia Model X Superflow | FeC Alloy Rail | 145mm<\/p>\n<p>&nbsp;<\/p>\n<\/div>\n<\/div>\n<div class=\"specs__section\">\n<h4 class=\"specs__section-title\">Transmission<\/h4>\n<div class=\"specs__info\">\n<p><b>P\u00e9dalier:<\/b><br \/>\nSHIMANO 105 FC-R7100<\/p>\n<p><b>Plateaux:<\/b><br \/>\n50-34T<\/p>\n<p><b>Cassette:<\/b><br \/>\nSHIMANO CS-HG710<\/p>\n<p><b>Taille de cassette:<\/b><br \/>\n11-36T<\/p>\n<p><b>Cha\u00eene:<\/b><br \/>\nSHIMANO CN-M6100<\/p>\n<p><b>D\u00e9railleur Avant:<\/b><br \/>\nSHIMANO 105 Di2 FD-R7150<\/p>\n<p><b>D\u00e9railleur Arri\u00e8re:<\/b><br \/>\nSHIMANO 105 Di2 RD-R7150<\/p>\n<p><b>Leviers de Vitesses:<\/b><br \/>\nSHIMANO 105 Di2 ST-R7170<\/p>\n<p><b>Vitesses:<\/b><br \/>\n2 x 12<\/p>\n<p><b>Bo\u00eetier de p\u00e9dalier:<\/b><br \/>\nSHIMANO Press-Fit Bottom Bracket (BB-RS500-PB)<\/p>\n<\/div>\n<\/div>\n<div class=\"specs__section\">\n<h4 class=\"specs__section-title\">Freins<\/h4>\n<div class=\"specs__info\">\n<p><b>Leviers de Frein \/ \u00c9triers:<\/b><br \/>\nSHIMANO 105 BR-R7170<\/p>\n<p><b>Disques:<\/b><br \/>\nSHIMANO SM-RT70 | Centerlock [or] SHIMANO RT-CL700<\/p>\n<p><b>Largeur de Pedalier:<\/b><br \/>\n160 \/ 160mm<\/p>\n<p>&nbsp;<\/p>\n<\/div>\n<\/div>\n<div class=\"specs__section\">\n<h4 class=\"specs__section-title\">Roues<\/h4>\n<div class=\"specs__info\">\n<p><b>Jantes:<\/b><br \/>\nPRD23 | 23mm<\/p>\n<p><b>Moyeux:<\/b><br \/>\nSHIMANO HB-TC500-12 &amp; FH-TC500-HL | Center Lock| 28H<\/p>\n<p><b>Pneus:<\/b><br \/>\nVittoria Rubino V | Tube type | 32mm<\/p>\n<p><b>Information Tubeless:<\/b><br \/>\nNon-Tubeless Rims | Non-Tubeless Clincher Tire<\/p>\n<p>&nbsp;<\/p>\n<\/div>\n<\/div>\n<div class=\"specs__section\">\n<h4 class=\"specs__section-title\">Accessoires<\/h4>\n<div class=\"specs__info\">\n<p><b>Contenu inclu dans la boite:<\/b><br \/>\nIntegrated Rear Light 25 | Storage Pouch<\/p>\n<\/div>\n<\/div>\n<div class=\"specs__section\">\n<h4 class=\"specs__section-title\">Informations suppl\u00e9mentaires<\/h4>\n<div class=\"specs__info\">\n<p><b>Espace pour les pneus:<\/b><br \/>\njusqu'\u00e0 \"40mm mesur\u00e9\" (d\u00e9gagement kit cadre) mais limit\u00e9 \u00e0 \"34mm mesur\u00e9\" par le d\u00e9railleur avant<\/p>\n<p><b>Poids sans P\u00e9dales:<\/b><br \/>\n8.99kg | Size 54 with all accessories<\/p>\n<p><b>Classification ASTM:<\/b><br \/>\nLevel 2<\/p>\n<p><b>Limite de poids du syst\u00e8me:<\/b><br \/>\n110kg<\/p>\n<\/div>\n<\/div>\n<\/div>\n<\/div>\n<\/div>\n<\/div>\n<\/div>\n<\/div>\n<\/div>\n<\/div>\n<\/div>\n<\/div>\n","protected":false},"excerpt":{"rendered":"<p>Taille : 51 (S) Le choix des cyclistes qui veulent tenir la distance et qui ne veulent pas \u00eatre confin\u00e9s \u00e0 une seule surface. S'appuyant sur notre exp\u00e9rience dans le domaine de l'endurance, le Roadmachine allie confort et efficacit\u00e9 dans un v\u00e9lo de route performant et extr\u00eamement polyvalent pour vous offrir une exp\u00e9rience de roulage [&hellip;]<\/p>\n","protected":false},"featured_media":4011,"template":"","meta":[],"pwb-brand":[165],"product_brand":[],"product_cat":[69],"product_tag":[],"class_list":{"0":"post-4010","1":"product","2":"type-product","3":"status-publish","4":"has-post-thumbnail","6":"pwb-brand-bmc","7":"product_cat-velo-de-route","9":"first","10":"instock","11":"shipping-taxable","12":"purchasable","13":"product-type-simple"},"brands":[{"id":165,"name":"BMC","slug":"bmc"}],"_links":{"self":[{"href":"https:\/\/rrunning.tribalt.agency\/index.php?rest_route=\/wp\/v2\/product\/4010","targetHints":{"allow":["GET"]}}],"collection":[{"href":"https:\/\/rrunning.tribalt.agency\/index.php?rest_route=\/wp\/v2\/product"}],"about":[{"href":"https:\/\/rrunning.tribalt.agency\/index.php?rest_route=\/wp\/v2\/types\/product"}],"wp:featuredmedia":[{"embeddable":true,"href":"https:\/\/rrunning.tribalt.agency\/index.php?rest_route=\/wp\/v2\/media\/4011"}],"wp:attachment":[{"href":"https:\/\/rrunning.tribalt.agency\/index.php?rest_route=%2Fwp%2Fv2%2Fmedia&parent=4010"}],"wp:term":[{"taxonomy":"pwb-brand","embeddable":true,"href":"https:\/\/rrunning.tribalt.agency\/index.php?rest_route=%2Fwp%2Fv2%2Fpwb-brand&post=4010"},{"taxonomy":"product_brand","embeddable":true,"href":"https:\/\/rrunning.tribalt.agency\/index.php?rest_route=%2Fwp%2Fv2%2Fproduct_brand&post=4010"},{"taxonomy":"product_cat","embeddable":true,"href":"https:\/\/rrunning.tribalt.agency\/index.php?rest_route=%2Fwp%2Fv2%2Fproduct_cat&post=4010"},{"taxonomy":"product_tag","embeddable":true,"href":"https:\/\/rrunning.tribalt.agency\/index.php?rest_route=%2Fwp%2Fv2%2Fproduct_tag&post=4010"}],"curies":[{"name":"wp","href":"https:\/\/api.w.org\/{rel}","templated":true}]}}