{"id":3935,"date":"2025-09-23T08:57:23","date_gmt":"2025-09-23T06:57:23","guid":{"rendered":"https:\/\/rrunning.tribalt.agency\/?post_type=product&#038;p=3935"},"modified":"2025-09-23T08:58:47","modified_gmt":"2025-09-23T06:58:47","slug":"casque-syntax","status":"publish","type":"product","link":"https:\/\/rrunning.tribalt.agency\/?product=casque-syntax","title":{"rendered":"CASQUE SYNTAX"},"content":{"rendered":"<p><strong>Taille : M (55-59)<\/strong><\/p>\n<p>Avec le Syntax\u2122, le confort \u00e0 long terme s'associe \u00e0 des performances et \u00e0 un style implacables. La couverture est l\u00e9g\u00e8rement plus profonde et le design est fin pour vous permettre de rester \u00e0 l'aise, que vous rouliez sur des routes de ville ou des sentiers de montagne.<\/p>\n<p>Le Syntax combine une touche d'\u00e9l\u00e9gance europ\u00e9enne avec une couverture l\u00e9g\u00e8rement plus large et des caract\u00e9ristiques haute performance, le tout dans un design tr\u00e8s fin. La coque ext\u00e9rieure est moul\u00e9e \u00e0 partir d'un polycarbonate r\u00e9sistant qui est fusionn\u00e9 d\u00e9finitivement \u00e0 la doublure en mousse EPS selon notre proc\u00e9d\u00e9 de fabrication moul\u00e9e pour am\u00e9liorer la durabilit\u00e9 et l'a\u00e9ration sans exc\u00e8s de volume.<\/p>\n<p>&nbsp;<\/p>\n","protected":false},"excerpt":{"rendered":"<p>Taille : M (55-59) Avec le Syntax\u2122, le confort \u00e0 long terme s'associe \u00e0 des performances et \u00e0 un style implacables. La couverture est l\u00e9g\u00e8rement plus profonde et le design est fin pour vous permettre de rester \u00e0 l'aise, que vous rouliez sur des routes de ville ou des sentiers de montagne. Le Syntax combine [&hellip;]<\/p>\n","protected":false},"featured_media":3936,"template":"","meta":[],"pwb-brand":[99],"product_brand":[],"product_cat":[61],"product_tag":[],"class_list":{"0":"post-3935","1":"product","2":"type-product","3":"status-publish","4":"has-post-thumbnail","6":"pwb-brand-giro","7":"product_cat-casques","9":"first","10":"instock","11":"shipping-taxable","12":"purchasable","13":"product-type-simple"},"brands":[{"id":99,"name":"GIRO","slug":"giro"}],"_links":{"self":[{"href":"https:\/\/rrunning.tribalt.agency\/index.php?rest_route=\/wp\/v2\/product\/3935","targetHints":{"allow":["GET"]}}],"collection":[{"href":"https:\/\/rrunning.tribalt.agency\/index.php?rest_route=\/wp\/v2\/product"}],"about":[{"href":"https:\/\/rrunning.tribalt.agency\/index.php?rest_route=\/wp\/v2\/types\/product"}],"wp:featuredmedia":[{"embeddable":true,"href":"https:\/\/rrunning.tribalt.agency\/index.php?rest_route=\/wp\/v2\/media\/3936"}],"wp:attachment":[{"href":"https:\/\/rrunning.tribalt.agency\/index.php?rest_route=%2Fwp%2Fv2%2Fmedia&parent=3935"}],"wp:term":[{"taxonomy":"pwb-brand","embeddable":true,"href":"https:\/\/rrunning.tribalt.agency\/index.php?rest_route=%2Fwp%2Fv2%2Fpwb-brand&post=3935"},{"taxonomy":"product_brand","embeddable":true,"href":"https:\/\/rrunning.tribalt.agency\/index.php?rest_route=%2Fwp%2Fv2%2Fproduct_brand&post=3935"},{"taxonomy":"product_cat","embeddable":true,"href":"https:\/\/rrunning.tribalt.agency\/index.php?rest_route=%2Fwp%2Fv2%2Fproduct_cat&post=3935"},{"taxonomy":"product_tag","embeddable":true,"href":"https:\/\/rrunning.tribalt.agency\/index.php?rest_route=%2Fwp%2Fv2%2Fproduct_tag&post=3935"}],"curies":[{"name":"wp","href":"https:\/\/api.w.org\/{rel}","templated":true}]}}