{"id":3933,"date":"2025-09-23T08:54:28","date_gmt":"2025-09-23T06:54:28","guid":{"rendered":"https:\/\/rrunning.tribalt.agency\/?post_type=product&#038;p=3933"},"modified":"2025-09-23T08:56:48","modified_gmt":"2025-09-23T06:56:48","slug":"casque-cielo-mips","status":"publish","type":"product","link":"https:\/\/rrunning.tribalt.agency\/?product=casque-cielo-mips","title":{"rendered":"CASQUE CIELO MIPS"},"content":{"rendered":"<p><strong>Taille : M (55-59)<\/strong><\/p>\n<p>Avec sa forme compacte, sa gestion de l'\u00e9nergie rotationnelle Mips\u00ae Evolve Core et ses 22 a\u00e9rations Wind Tunnel, le Cielo Mips\u00ae allie style, protection et confort pour les cyclistes sur route et hors route.<\/p>\n<p>Les passionn\u00e9s de cyclisme sur route et hors route m\u00e9ritent une performance de niveau professionnel, et le Cielo offre le style, les caract\u00e9ristiques et le confort qui font de Giro un leader incontest\u00e9. Inspir\u00e9 par l'Aries et des mod\u00e8les embl\u00e9matiques comme l'Aeon, le design compact du Cielo maximise le refroidissement avec ses 22 a\u00e9rations et ses canaux internes profonds. La protection int\u00e9gr\u00e9e Mips\u00ae Evolve Core se combine avec notre syst\u00e8me d'ajustement haut de gamme Roc Loc 5 Air. Pour une performance, une protection et un style incomparables, choisissez le Cielo.<\/p>\n<p>&nbsp;<\/p>\n","protected":false},"excerpt":{"rendered":"<p>Taille : M (55-59) Avec sa forme compacte, sa gestion de l'\u00e9nergie rotationnelle Mips\u00ae Evolve Core et ses 22 a\u00e9rations Wind Tunnel, le Cielo Mips\u00ae allie style, protection et confort pour les cyclistes sur route et hors route. Les passionn\u00e9s de cyclisme sur route et hors route m\u00e9ritent une performance de niveau professionnel, et le [&hellip;]<\/p>\n","protected":false},"featured_media":3934,"template":"","meta":[],"pwb-brand":[99],"product_brand":[],"product_cat":[61],"product_tag":[],"class_list":{"0":"post-3933","1":"product","2":"type-product","3":"status-publish","4":"has-post-thumbnail","6":"pwb-brand-giro","7":"product_cat-casques","9":"first","10":"instock","11":"shipping-taxable","12":"purchasable","13":"product-type-simple"},"brands":[{"id":99,"name":"GIRO","slug":"giro"}],"_links":{"self":[{"href":"https:\/\/rrunning.tribalt.agency\/index.php?rest_route=\/wp\/v2\/product\/3933","targetHints":{"allow":["GET"]}}],"collection":[{"href":"https:\/\/rrunning.tribalt.agency\/index.php?rest_route=\/wp\/v2\/product"}],"about":[{"href":"https:\/\/rrunning.tribalt.agency\/index.php?rest_route=\/wp\/v2\/types\/product"}],"wp:featuredmedia":[{"embeddable":true,"href":"https:\/\/rrunning.tribalt.agency\/index.php?rest_route=\/wp\/v2\/media\/3934"}],"wp:attachment":[{"href":"https:\/\/rrunning.tribalt.agency\/index.php?rest_route=%2Fwp%2Fv2%2Fmedia&parent=3933"}],"wp:term":[{"taxonomy":"pwb-brand","embeddable":true,"href":"https:\/\/rrunning.tribalt.agency\/index.php?rest_route=%2Fwp%2Fv2%2Fpwb-brand&post=3933"},{"taxonomy":"product_brand","embeddable":true,"href":"https:\/\/rrunning.tribalt.agency\/index.php?rest_route=%2Fwp%2Fv2%2Fproduct_brand&post=3933"},{"taxonomy":"product_cat","embeddable":true,"href":"https:\/\/rrunning.tribalt.agency\/index.php?rest_route=%2Fwp%2Fv2%2Fproduct_cat&post=3933"},{"taxonomy":"product_tag","embeddable":true,"href":"https:\/\/rrunning.tribalt.agency\/index.php?rest_route=%2Fwp%2Fv2%2Fproduct_tag&post=3933"}],"curies":[{"name":"wp","href":"https:\/\/api.w.org\/{rel}","templated":true}]}}