{"id":3912,"date":"2025-09-22T16:20:26","date_gmt":"2025-09-22T14:20:26","guid":{"rendered":"https:\/\/rrunning.tribalt.agency\/?post_type=product&#038;p=3912"},"modified":"2025-09-22T16:20:59","modified_gmt":"2025-09-22T14:20:59","slug":"lazer-casque-tonic-kc-2","status":"publish","type":"product","link":"https:\/\/rrunning.tribalt.agency\/?product=lazer-casque-tonic-kc-2","title":{"rendered":"LAZER CASQUE TONIC KC"},"content":{"rendered":"<p><strong>Taille : S (52-56)<\/strong><\/p>\n<h2 class=\"d-inline\">Style et performance<\/h2>\n<p>Faites des efforts en toute confiance, en sachant que le casque l\u00e9ger et respirant Tonic KinetiCore vous permettra de rester au frais avec\u00a018 a\u00e9rations pour am\u00e9liorer la circulation de l'air lorsque vous acc\u00e9l\u00e9rez l'allure. Lorsque la temp\u00e9rature baisse et que le vent froid n'est plus le bienvenu, le kit hiver est votre meilleur alli\u00e9 pour vous prot\u00e9ger et vous permettre d'utiliser le casque en toute saison. Ajoutez \u00e0 cela le syst\u00e8me de serrage Advanced TurnSys pour le r\u00e9glage vertical et la technologie de\u00a0<strong>protection exclusive KinetiCore,<\/strong>\u00a0et vous b\u00e9n\u00e9ficiez d'un casque incroyablement bien ventil\u00e9, confortable et l\u00e9ger.<\/p>\n","protected":false},"excerpt":{"rendered":"<p>Taille : S (52-56) Style et performance Faites des efforts en toute confiance, en sachant que le casque l\u00e9ger et respirant Tonic KinetiCore vous permettra de rester au frais avec\u00a018 a\u00e9rations pour am\u00e9liorer la circulation de l'air lorsque vous acc\u00e9l\u00e9rez l'allure. Lorsque la temp\u00e9rature baisse et que le vent froid n'est plus le bienvenu, le [&hellip;]<\/p>\n","protected":false},"featured_media":3913,"template":"","meta":[],"pwb-brand":[164],"product_brand":[],"product_cat":[61],"product_tag":[],"class_list":{"0":"post-3912","1":"product","2":"type-product","3":"status-publish","4":"has-post-thumbnail","6":"pwb-brand-lazer","7":"product_cat-casques","9":"first","10":"instock","11":"shipping-taxable","12":"purchasable","13":"product-type-simple"},"brands":[{"id":164,"name":"LAZER","slug":"lazer"}],"_links":{"self":[{"href":"https:\/\/rrunning.tribalt.agency\/index.php?rest_route=\/wp\/v2\/product\/3912","targetHints":{"allow":["GET"]}}],"collection":[{"href":"https:\/\/rrunning.tribalt.agency\/index.php?rest_route=\/wp\/v2\/product"}],"about":[{"href":"https:\/\/rrunning.tribalt.agency\/index.php?rest_route=\/wp\/v2\/types\/product"}],"wp:featuredmedia":[{"embeddable":true,"href":"https:\/\/rrunning.tribalt.agency\/index.php?rest_route=\/wp\/v2\/media\/3913"}],"wp:attachment":[{"href":"https:\/\/rrunning.tribalt.agency\/index.php?rest_route=%2Fwp%2Fv2%2Fmedia&parent=3912"}],"wp:term":[{"taxonomy":"pwb-brand","embeddable":true,"href":"https:\/\/rrunning.tribalt.agency\/index.php?rest_route=%2Fwp%2Fv2%2Fpwb-brand&post=3912"},{"taxonomy":"product_brand","embeddable":true,"href":"https:\/\/rrunning.tribalt.agency\/index.php?rest_route=%2Fwp%2Fv2%2Fproduct_brand&post=3912"},{"taxonomy":"product_cat","embeddable":true,"href":"https:\/\/rrunning.tribalt.agency\/index.php?rest_route=%2Fwp%2Fv2%2Fproduct_cat&post=3912"},{"taxonomy":"product_tag","embeddable":true,"href":"https:\/\/rrunning.tribalt.agency\/index.php?rest_route=%2Fwp%2Fv2%2Fproduct_tag&post=3912"}],"curies":[{"name":"wp","href":"https:\/\/api.w.org\/{rel}","templated":true}]}}