{"id":3878,"date":"2025-09-22T11:52:29","date_gmt":"2025-09-22T09:52:29","guid":{"rendered":"https:\/\/rrunning.tribalt.agency\/?post_type=product&#038;p=3878"},"modified":"2025-09-22T11:53:33","modified_gmt":"2025-09-22T09:53:33","slug":"casque-genesis","status":"publish","type":"product","link":"https:\/\/rrunning.tribalt.agency\/?product=casque-genesis","title":{"rendered":"CASQUE GENESIS"},"content":{"rendered":"<p>S (52-56)<\/p>\n<h2 class=\"d-inline\">La vitesse de la l\u00e9g\u00e8ret\u00e9<\/h2>\n<p>Genesis, le casque le plus l\u00e9ger jamais con\u00e7u par Lazer, redistribue les cartes pour le cyclisme de haut niveau. Si l\u00e9ger que vous oublierez qu'il est sur votre t\u00eate ! Dot\u00e9 d'une version ultra-l\u00e9g\u00e8re de notre Advanced Rollsys System<sup>\u00ae<\/sup>\u00a0et du panier de t\u00eate r\u00e9glable qui cr\u00e9e un ajustement facile \u00e0 r\u00e9gler et toujours parfait. Enti\u00e8rement ventil\u00e9 pour un rafra\u00eechissement maximal. Ensembles de rembourrage course ou confort inclus pour chasser le poids ou augmenter le confort.<\/p>\n<h5>Lazer Advanced Rollsys<sup>\u00ae<\/sup>\u00a0System<\/h5>\n<p>L'ARS vous permet de r\u00e9gler facilement l'ajustement en utilisant la molette sur le dessus du casque. Non seulement l'ARS convient aux queues de cheval, mais il emp\u00eache les douleurs ou les points de pression en permettant le r\u00e9glage sur toute la circonf\u00e9rence de la t\u00eate.<\/p>\n","protected":false},"excerpt":{"rendered":"<p>S (52-56) La vitesse de la l\u00e9g\u00e8ret\u00e9 Genesis, le casque le plus l\u00e9ger jamais con\u00e7u par Lazer, redistribue les cartes pour le cyclisme de haut niveau. Si l\u00e9ger que vous oublierez qu'il est sur votre t\u00eate ! Dot\u00e9 d'une version ultra-l\u00e9g\u00e8re de notre Advanced Rollsys System\u00ae\u00a0et du panier de t\u00eate r\u00e9glable qui cr\u00e9e un ajustement [&hellip;]<\/p>\n","protected":false},"featured_media":3879,"template":"","meta":[],"pwb-brand":[164],"product_brand":[],"product_cat":[61],"product_tag":[],"class_list":{"0":"post-3878","1":"product","2":"type-product","3":"status-publish","4":"has-post-thumbnail","6":"pwb-brand-lazer","7":"product_cat-casques","9":"first","10":"instock","11":"shipping-taxable","12":"purchasable","13":"product-type-simple"},"brands":[{"id":164,"name":"LAZER","slug":"lazer"}],"_links":{"self":[{"href":"https:\/\/rrunning.tribalt.agency\/index.php?rest_route=\/wp\/v2\/product\/3878","targetHints":{"allow":["GET"]}}],"collection":[{"href":"https:\/\/rrunning.tribalt.agency\/index.php?rest_route=\/wp\/v2\/product"}],"about":[{"href":"https:\/\/rrunning.tribalt.agency\/index.php?rest_route=\/wp\/v2\/types\/product"}],"wp:featuredmedia":[{"embeddable":true,"href":"https:\/\/rrunning.tribalt.agency\/index.php?rest_route=\/wp\/v2\/media\/3879"}],"wp:attachment":[{"href":"https:\/\/rrunning.tribalt.agency\/index.php?rest_route=%2Fwp%2Fv2%2Fmedia&parent=3878"}],"wp:term":[{"taxonomy":"pwb-brand","embeddable":true,"href":"https:\/\/rrunning.tribalt.agency\/index.php?rest_route=%2Fwp%2Fv2%2Fpwb-brand&post=3878"},{"taxonomy":"product_brand","embeddable":true,"href":"https:\/\/rrunning.tribalt.agency\/index.php?rest_route=%2Fwp%2Fv2%2Fproduct_brand&post=3878"},{"taxonomy":"product_cat","embeddable":true,"href":"https:\/\/rrunning.tribalt.agency\/index.php?rest_route=%2Fwp%2Fv2%2Fproduct_cat&post=3878"},{"taxonomy":"product_tag","embeddable":true,"href":"https:\/\/rrunning.tribalt.agency\/index.php?rest_route=%2Fwp%2Fv2%2Fproduct_tag&post=3878"}],"curies":[{"name":"wp","href":"https:\/\/api.w.org\/{rel}","templated":true}]}}