{"id":3873,"date":"2025-09-22T11:30:29","date_gmt":"2025-09-22T09:30:29","guid":{"rendered":"https:\/\/rrunning.tribalt.agency\/?post_type=product&#038;p=3873"},"modified":"2025-09-26T09:03:22","modified_gmt":"2025-09-26T07:03:22","slug":"599e-prizm","status":"publish","type":"product","link":"https:\/\/rrunning.tribalt.agency\/?product=599e-prizm","title":{"rendered":"599E PRIZM"},"content":{"rendered":"<p><strong>Taille : M<\/strong><\/p>\n<h2 class=\"mt-lg-0 mb-3 text-center\">Informations<\/h2>\n<div class=\"table-responsive\">\n<table class=\"table table-sm spec\">\n<tbody>\n<tr>\n<th scope=\"row\">Poids (Kg)<\/th>\n<td>7.6<\/td>\n<\/tr>\n<tr>\n<th scope=\"row\">Cadre<\/th>\n<td>Cadre 599D<\/p>\n<div class=\"mt-1\"><\/div>\n<\/td>\n<\/tr>\n<tr>\n<th scope=\"row\">Graphisme<\/th>\n<td>Graphisme PRIZm Ocean<\/p>\n<div class=\"mt-1\">\n<div class=\"position-relative d-inline-block mr-2\">1. Ocean Blue Purple<\/div>\n<\/div>\n<\/td>\n<\/tr>\n<tr>\n<th scope=\"row\">Groupe<\/th>\n<td>Groupe Shimano Ultegra R8170 Di2 Disc 12v<\/p>\n<div class=\"mt-1\"><\/div>\n<\/td>\n<\/tr>\n<tr>\n<th scope=\"row\">P\u00e9dalier<\/th>\n<td>P\u00e9dalier Shimano Ultegra R8100<br \/>\nBoitier de p\u00e9dalier Shimano 86,5mm BB7141B<\/p>\n<div class=\"mt-1\"><\/div>\n<\/td>\n<\/tr>\n<tr>\n<th scope=\"row\">Cassette<\/th>\n<td>Cassette Shimano Ultegra R8100 12v<\/p>\n<div class=\"mt-1\"><\/div>\n<\/td>\n<\/tr>\n<tr>\n<th scope=\"row\">Poste de pilotage<\/th>\n<td>Cockpit Graal Carbone 24<\/p>\n<div class=\"mt-1\"><\/div>\n<\/td>\n<\/tr>\n<tr>\n<th scope=\"row\">Ruban de cintre<\/th>\n<td>Guidoline Velox Maxi Cork Noir<\/td>\n<\/tr>\n<tr>\n<th scope=\"row\">Selle<\/th>\n<td>Selle San Marco Shortfit Dynamic Narrow ou \u00e9quivalent<\/p>\n<div class=\"mt-1\"><\/div>\n<\/td>\n<\/tr>\n<tr>\n<th scope=\"row\">Roues<\/th>\n<td>Roues Graal 60mm Disc H60DC - DTSwiss 350s<br \/>\nPneu Challenge Strada Tubeless Ready TLR Noir Beige ou Noir<\/p>\n<div class=\"mt-1\"><\/div>\n<\/td>\n<\/tr>\n<tr>\n<th scope=\"row\">Disque Avant<\/th>\n<td>Disque Shimano MT-800 140mm Centerlock<\/p>\n<div class=\"mt-1\"><\/div>\n<\/td>\n<\/tr>\n<tr>\n<th scope=\"row\">Disque Arri\u00e8re<\/th>\n<td>Disque Shimano MT-800 140mm Centerlock<\/td>\n<\/tr>\n<\/tbody>\n<\/table>\n<\/div>\n","protected":false},"excerpt":{"rendered":"<p>Taille : M Informations Poids (Kg) 7.6 Cadre Cadre 599D Graphisme Graphisme PRIZm Ocean 1. Ocean Blue Purple Groupe Groupe Shimano Ultegra R8170 Di2 Disc 12v P\u00e9dalier P\u00e9dalier Shimano Ultegra R8100 Boitier de p\u00e9dalier Shimano 86,5mm BB7141B Cassette Cassette Shimano Ultegra R8100 12v Poste de pilotage Cockpit Graal Carbone 24 Ruban de cintre Guidoline Velox [&hellip;]<\/p>\n","protected":false},"featured_media":4080,"template":"","meta":[],"pwb-brand":[119],"product_brand":[],"product_cat":[72],"product_tag":[],"class_list":{"0":"post-3873","1":"product","2":"type-product","3":"status-publish","4":"has-post-thumbnail","6":"pwb-brand-s1neo","7":"product_cat-route-velo-electrique","9":"first","10":"instock","11":"sale","12":"shipping-taxable","13":"purchasable","14":"product-type-simple"},"brands":[{"id":119,"name":"S1NEO","slug":"s1neo"}],"_links":{"self":[{"href":"https:\/\/rrunning.tribalt.agency\/index.php?rest_route=\/wp\/v2\/product\/3873","targetHints":{"allow":["GET"]}}],"collection":[{"href":"https:\/\/rrunning.tribalt.agency\/index.php?rest_route=\/wp\/v2\/product"}],"about":[{"href":"https:\/\/rrunning.tribalt.agency\/index.php?rest_route=\/wp\/v2\/types\/product"}],"wp:featuredmedia":[{"embeddable":true,"href":"https:\/\/rrunning.tribalt.agency\/index.php?rest_route=\/wp\/v2\/media\/4080"}],"wp:attachment":[{"href":"https:\/\/rrunning.tribalt.agency\/index.php?rest_route=%2Fwp%2Fv2%2Fmedia&parent=3873"}],"wp:term":[{"taxonomy":"pwb-brand","embeddable":true,"href":"https:\/\/rrunning.tribalt.agency\/index.php?rest_route=%2Fwp%2Fv2%2Fpwb-brand&post=3873"},{"taxonomy":"product_brand","embeddable":true,"href":"https:\/\/rrunning.tribalt.agency\/index.php?rest_route=%2Fwp%2Fv2%2Fproduct_brand&post=3873"},{"taxonomy":"product_cat","embeddable":true,"href":"https:\/\/rrunning.tribalt.agency\/index.php?rest_route=%2Fwp%2Fv2%2Fproduct_cat&post=3873"},{"taxonomy":"product_tag","embeddable":true,"href":"https:\/\/rrunning.tribalt.agency\/index.php?rest_route=%2Fwp%2Fv2%2Fproduct_tag&post=3873"}],"curies":[{"name":"wp","href":"https:\/\/api.w.org\/{rel}","templated":true}]}}