{"id":3862,"date":"2025-09-22T11:07:20","date_gmt":"2025-09-22T09:07:20","guid":{"rendered":"https:\/\/rrunning.tribalt.agency\/?post_type=product&#038;p=3862"},"modified":"2025-09-22T11:09:27","modified_gmt":"2025-09-22T09:09:27","slug":"x-road-elite","status":"publish","type":"product","link":"https:\/\/rrunning.tribalt.agency\/?product=x-road-elite","title":{"rendered":"X-ROAD ELITE"},"content":{"rendered":"<p><strong>Taille : S<\/strong><\/p>\n<h2 data-start=\"143\" data-end=\"160\">Pr\u00e9sentation<\/h2>\n<p data-start=\"161\" data-end=\"341\">Le <strong data-start=\"164\" data-end=\"180\">X-ROAD Elite<\/strong> est le mod\u00e8le d\u2019entr\u00e9e de gamme gravel de la marque tch\u00e8que. Il repose sur un cadre en aluminium associ\u00e9 \u00e0 une fourche en carbone.<\/p>\n<h2 data-start=\"343\" data-end=\"364\">Cadre et fourche<\/h2>\n<p data-start=\"365\" data-end=\"769\">Au premier regard, le cadre du X-ROAD affiche des lignes plut\u00f4t classiques. Pourtant, sa g\u00e9om\u00e9trie laisse entrevoir une volont\u00e9 claire d\u2019offrir un v\u00e9lo agile et sportif. On retrouve ainsi des bases courtes de 420 mm, un angle de direction de 72\u00b0 et un empattement particuli\u00e8rement r\u00e9duit (989 mm en taille M). J\u2019expliquerai plus loin les cons\u00e9quences concr\u00e8tes de ces choix sur le comportement du v\u00e9lo.<\/p>\n<p data-start=\"771\" data-end=\"1479\">Le routage des c\u00e2bles est semi-int\u00e9gr\u00e9 dans le cadre, mais reste enti\u00e8rement externe au niveau de la fourche. Le cadre accepte l\u2019installation de garde-boue et reste compatible avec une transmission en double plateau. La douille de direction est conique (format tapered). La largeur de d\u00e9gagement pneu (clearance) n\u2019est pas la plus g\u00e9n\u00e9reuse, mais les pneus mont\u00e9s d\u2019origine en 700\u00d740 mm y trouvent parfaitement leur place. Au-del\u00e0 de 700\u00d742 mm, l\u2019espace disponible risque toutefois de se montrer insuffisant.<br data-start=\"1279\" data-end=\"1282\" \/>C\u00f4t\u00e9 emports, on retrouve uniquement les inserts classiques pour deux porte-bidons. Le bo\u00eetier de p\u00e9dalier, filet\u00e9, constitue un atout int\u00e9ressant pour la fiabilit\u00e9 et la facilit\u00e9 de maintenance.<\/p>\n<h2 data-start=\"1481\" data-end=\"1510\">Transmission et freinage<\/h2>\n<p data-start=\"1511\" data-end=\"1994\">La transmission est largement confi\u00e9e \u00e0 Shimano, avec un assemblage malin de composants issus de la gamme GRX. On retrouve un p\u00e9dalier mono GRX-600 en 40 dents, des leviers GRX-600, des \u00e9triers de freins GRX-400 et un d\u00e9railleur arri\u00e8re GRX RD-RX812. Un mix coh\u00e9rent, qui permet de contenir le prix tout en restant performant.<br data-start=\"1837\" data-end=\"1840\" \/>En revanche, la cassette 11 vitesses (11-42 dents) est sign\u00e9e SUNRACE, avec un poids de 507 g, et les disques de freins de 140 mm proviennent de TEKTRO.<\/p>\n<h2 data-start=\"1996\" data-end=\"2023\">Roues et p\u00e9riph\u00e9riques<\/h2>\n<p data-start=\"2024\" data-end=\"2443\">Les roues s\u2019appuient sur des moyeux Shimano RS470, compatibles axes traversants aux standards actuels (12\u00d7100 mm \u00e0 l\u2019avant, 12\u00d7142 mm \u00e0 l\u2019arri\u00e8re), avec fixation de disque au format Center Lock. Les jantes proviennent du fabricant chinois <strong data-start=\"2263\" data-end=\"2279\">STARS Circle<\/strong>, qui dispose depuis 2017 d\u2019une usine en Europe de l\u2019Est. Elles sont \u00e9quip\u00e9es de pneus de r\u00e9f\u00e9rence dans le gravel : les <strong data-start=\"2400\" data-end=\"2427\">Schwalbe G-One Allround<\/strong> en 700\u00d740 mm.<\/p>\n<p data-start=\"2445\" data-end=\"2776\">C\u00f4t\u00e9 p\u00e9riph\u00e9riques, l\u2019\u00e9quipement est sign\u00e9 ONE1, en aluminium, avec en prime une selle italienne <strong data-start=\"2542\" data-end=\"2565\">Royal Seta Performa<\/strong>. La finition g\u00e9n\u00e9rale est tr\u00e8s soign\u00e9e, avec une peinture particuli\u00e8rement r\u00e9ussie (difficile \u00e0 restituer en photo). Seul b\u00e9mol : des soudures parfois un peu marqu\u00e9es, heureusement discr\u00e8tes gr\u00e2ce au coloris.<\/p>\n<p data-start=\"2778\" data-end=\"2914\">En termes de poids, l\u2019exemplaire test\u00e9 en taille M, mont\u00e9 tubeless et \u00e9quip\u00e9 de deux porte-bidons, affiche <strong data-start=\"2885\" data-end=\"2896\">10,7 kg<\/strong> sur la balance.<\/p>\n","protected":false},"excerpt":{"rendered":"<p>Taille : S Pr\u00e9sentation Le X-ROAD Elite est le mod\u00e8le d\u2019entr\u00e9e de gamme gravel de la marque tch\u00e8que. Il repose sur un cadre en aluminium associ\u00e9 \u00e0 une fourche en carbone. Cadre et fourche Au premier regard, le cadre du X-ROAD affiche des lignes plut\u00f4t classiques. Pourtant, sa g\u00e9om\u00e9trie laisse entrevoir une volont\u00e9 claire d\u2019offrir [&hellip;]<\/p>\n","protected":false},"featured_media":3863,"template":"","meta":[],"pwb-brand":[125],"product_brand":[],"product_cat":[66],"product_tag":[],"class_list":{"0":"post-3862","1":"product","2":"type-product","3":"status-publish","4":"has-post-thumbnail","6":"pwb-brand-superior","7":"product_cat-gravel","9":"first","10":"instock","11":"sale","12":"shipping-taxable","13":"purchasable","14":"product-type-simple"},"brands":[{"id":125,"name":"SUPERIOR","slug":"superior"}],"_links":{"self":[{"href":"https:\/\/rrunning.tribalt.agency\/index.php?rest_route=\/wp\/v2\/product\/3862","targetHints":{"allow":["GET"]}}],"collection":[{"href":"https:\/\/rrunning.tribalt.agency\/index.php?rest_route=\/wp\/v2\/product"}],"about":[{"href":"https:\/\/rrunning.tribalt.agency\/index.php?rest_route=\/wp\/v2\/types\/product"}],"wp:featuredmedia":[{"embeddable":true,"href":"https:\/\/rrunning.tribalt.agency\/index.php?rest_route=\/wp\/v2\/media\/3863"}],"wp:attachment":[{"href":"https:\/\/rrunning.tribalt.agency\/index.php?rest_route=%2Fwp%2Fv2%2Fmedia&parent=3862"}],"wp:term":[{"taxonomy":"pwb-brand","embeddable":true,"href":"https:\/\/rrunning.tribalt.agency\/index.php?rest_route=%2Fwp%2Fv2%2Fpwb-brand&post=3862"},{"taxonomy":"product_brand","embeddable":true,"href":"https:\/\/rrunning.tribalt.agency\/index.php?rest_route=%2Fwp%2Fv2%2Fproduct_brand&post=3862"},{"taxonomy":"product_cat","embeddable":true,"href":"https:\/\/rrunning.tribalt.agency\/index.php?rest_route=%2Fwp%2Fv2%2Fproduct_cat&post=3862"},{"taxonomy":"product_tag","embeddable":true,"href":"https:\/\/rrunning.tribalt.agency\/index.php?rest_route=%2Fwp%2Fv2%2Fproduct_tag&post=3862"}],"curies":[{"name":"wp","href":"https:\/\/api.w.org\/{rel}","templated":true}]}}