{"id":3841,"date":"2025-09-22T09:50:55","date_gmt":"2025-09-22T07:50:55","guid":{"rendered":"https:\/\/rrunning.tribalt.agency\/?post_type=product&#038;p=3841"},"modified":"2025-09-22T10:57:10","modified_gmt":"2025-09-22T08:57:10","slug":"woom-go-3","status":"publish","type":"product","link":"https:\/\/rrunning.tribalt.agency\/?product=woom-go-3","title":{"rendered":"WOOM GO 3"},"content":{"rendered":"<p><strong>Taille : 16\"<\/strong><\/p>\n<div class=\"link-underline text-lg\" data-v-47d0e767=\"\">\n<div class=\"link-underline text-lg\" data-v-47d0e767=\"\">\n<div class=\"col-span-3\">\n<div class=\"text-block\">\n<div class=\"col-span-3\">\n<div class=\"text-block\">\n<div class=\"col-span-3\">\n<div class=\"text-block\">\n<div class=\"link-underline text-lg\" data-v-47d0e767=\"\">\n<div class=\"col-span-3\">\n<div class=\"text-block\">\n<div class=\"col-span-3\">\n<div class=\"text-block\">\n<div class=\"link-underline text-lg\" data-v-47d0e767=\"\">\n<div class=\"col-span-3\">\n<div class=\"text-block\">\n<div class=\"col-span-3\">\n<div class=\"text-block\">\n<div class=\"col-span-3\">\n<div class=\"text-block\">\u00a0Petite taille. Grande fiert\u00e9.<\/div>\n<\/div>\n<div class=\"col-span-3\">\n<div class=\"text-block\">\n<div class=\"link-underline text-lg\" data-v-47d0e767=\"\">\n<p>Le woom\u00a0GO\u00a03 booste la confiance en soi de votre enfant \u00e0 chaque coup de p\u00e9dale. Gr\u00e2ce \u00e0 son maniement facile et s\u00e9curisant ainsi qu\u2019\u00e0 ses nombreuses caract\u00e9ristiques bien pens\u00e9es, votre cycliste en herbe r\u00e9ussira en un rien de temps \u00e0 prendre les virages et \u00e0 freiner comme un\u00b7e pro. Le sourire fier qui illumine son visage\u00a0? Irrempla\u00e7able.<\/p>\n<\/div>\n<div class=\"col-span-3\">\n<h4 class=\"font-bold text-lg md:text-xl mb-3 overflow-hidden text-ellipsis\">Cadre<\/h4>\n<div class=\"text-block\">\n<ul>\n<li>Aluminium AA-6061 l\u00e9ger et finition haut de gamme<\/li>\n<li>Taille des roues de 16\"<\/li>\n<li>Tenue de route fiable\u00a0: l\u2019acc\u00e8s tr\u00e8s bas, la position d\u2019assise tr\u00e8s basse, l\u2019empattement long et la g\u00e9om\u00e9trie du jeu de direction tol\u00e9rant le manque de dext\u00e9rit\u00e9 assurent une bonne stabilit\u00e9, un bon \u00e9quilibre et une exp\u00e9rience plus agr\u00e9able<\/li>\n<\/ul>\n<\/div>\n<\/div>\n<div class=\"col-span-3\">\n<h4 class=\"font-bold text-lg md:text-xl mb-3 overflow-hidden text-ellipsis\">Roues<\/h4>\n<div class=\"text-block\">\n<ul>\n<li>Jantes ultral\u00e9g\u00e8res en aluminium<\/li>\n<li>Moyeux l\u00e9gers en aluminium avec roulements \u00e9tanches<\/li>\n<li>Montage et d\u00e9montage avec une cl\u00e9 pour vis \u00e0 six pans creux de 5\u00a0mm<\/li>\n<li>16\u00a0rayons crois\u00e9s, l\u00e9gers et extrarobustes en acier inoxydable<\/li>\n<\/ul>\n<\/div>\n<\/div>\n<div class=\"col-span-3\">\n<h4 class=\"font-bold text-lg md:text-xl mb-3 overflow-hidden text-ellipsis\">Fourche<\/h4>\n<div class=\"text-block\">\n<ul>\n<li>Fourche Unicrown l\u00e9g\u00e8re en aluminium<\/li>\n<li>Axe un\u00a0pouce<\/li>\n<li>Chasse g\u00e9n\u00e9reuse pour un maniement ais\u00e9<\/li>\n<\/ul>\n<\/div>\n<\/div>\n<div class=\"col-span-3\">\n<h4 class=\"font-bold text-lg md:text-xl mb-3 overflow-hidden text-ellipsis\">Pneus<\/h4>\n<div class=\"text-block\">\n<ul>\n<li>Schwalbe Little Joe de 16\u00a0\u00d7\u00a01,4\u2033<\/li>\n<li>Pneus tr\u00e8s l\u00e9gers de grande qualit\u00e9 pr\u00e9sentant une faible r\u00e9sistance au roulement, offrant une bonne adh\u00e9rence et permettant d\u2019avancer sans effort<\/li>\n<li>Valves Schrader permettant le gonflage dans toutes les stations-service<\/li>\n<li>Bandes r\u00e9fl\u00e9chissantes sur les flancs<\/li>\n<\/ul>\n<div class=\"col-span-3\">\n<h4 class=\"font-bold text-lg md:text-xl mb-3 overflow-hidden text-ellipsis\">eu de direction<\/h4>\n<div class=\"text-block\">\n<ul>\n<li>Jeu de direction un\u00a0pouce enti\u00e8rement int\u00e9gr\u00e9<\/li>\n<li>Roulements industriels \u00e9tanches<\/li>\n<li>Bouchon Ahead int\u00e9gr\u00e9<\/li>\n<\/ul>\n<\/div>\n<\/div>\n<div class=\"col-span-3\">\n<h4 class=\"font-bold text-lg md:text-xl mb-3 overflow-hidden text-ellipsis\">Limiteur d\u2019angle de braquage<\/h4>\n<div class=\"text-block\">\n<ul>\n<li>Anneau de caoutchouc souple qui relie la fourche au cadre<\/li>\n<li>Stabilise le jeu de direction<\/li>\n<li>\u00c9vite les chutes provoqu\u00e9es par un mouvement trop brusque du guidon<\/li>\n<\/ul>\n<\/div>\n<\/div>\n<div class=\"col-span-3\">\n<h4 class=\"font-bold text-lg md:text-xl mb-3 overflow-hidden text-ellipsis\">Potence<\/h4>\n<div class=\"text-block\">\n<ul>\n<li>Potence ultral\u00e9g\u00e8re en aluminium forg\u00e9<\/li>\n<li>40\u00a0mm \/ +15\u00b0<\/li>\n<li>Les vis de serrage encastr\u00e9es ainsi que le design effil\u00e9 et arrondi de la potence permettent d\u2019\u00e9viter de blesser les genoux<\/li>\n<li>Le guidon est fix\u00e9 \u00e0 l\u2019aide de deux vis \u00e0 six pans creux (5\u00a0mm)<\/li>\n<\/ul>\n<\/div>\n<\/div>\n<div class=\"col-span-3\">\n<h4 class=\"font-bold text-lg md:text-xl mb-3 overflow-hidden text-ellipsis\">Selle<\/h4>\n<div class=\"text-block\">\n<ul>\n<li>Ergonomique<\/li>\n<li>Mati\u00e8re robuste, imperm\u00e9able et r\u00e9sistante aux intemp\u00e9ries<\/li>\n<\/ul>\n<div class=\"col-span-3\">\n<h4 class=\"font-bold text-lg md:text-xl mb-3 overflow-hidden text-ellipsis\">uidon<\/h4>\n<div class=\"text-block\">\n<ul>\n<li>Large guidon ergonomique et l\u00e9ger en aluminium pour un bon contr\u00f4le du v\u00e9lo<\/li>\n<li>Style BMX avec cintre haut et inclinaison r\u00e9glable pour une ajustabilit\u00e9 maximale<\/li>\n<li>Marquage ABC pour un r\u00e9glage optimal en fonction de la hauteur de la selle<\/li>\n<li>Sabl\u00e9 et anodis\u00e9 noir<\/li>\n<li>Diam\u00e8tre particuli\u00e8rement fin au niveau des poign\u00e9es, convient donc aussi aux tr\u00e8s petites mains<\/li>\n<li>Largeur\u00a0: 500\u00a0mm<\/li>\n<\/ul>\n<\/div>\n<\/div>\n<div class=\"col-span-3\">\n<h4 class=\"font-bold text-lg md:text-xl mb-3 overflow-hidden text-ellipsis\">Tige de selle<\/h4>\n<div class=\"text-block\">\n<ul>\n<li>Tige de selle en aluminium anodis\u00e9 avec indication de l\u2019extension maximale autoris\u00e9e<\/li>\n<li>Fourreau int\u00e9gr\u00e9 dans le tube de selle pour prot\u00e9ger des rayures<\/li>\n<li>Marquage ABC pour un r\u00e9glage optimal du guidon en fonction de la hauteur de la selle<\/li>\n<\/ul>\n<\/div>\n<\/div>\n<div class=\"col-span-3\">\n<h4 class=\"font-bold text-lg md:text-xl mb-3 overflow-hidden text-ellipsis\">Poign\u00e9es<\/h4>\n<div class=\"text-block\">\n<ul>\n<li>Ergonomiques<\/li>\n<li>Diam\u00e8tre particuli\u00e8rement fin et adapt\u00e9 aux enfants pour une bonne prise en main<\/li>\n<li>Surface de pr\u00e9hension plus \u00e9paisse pour un maximum de confort<\/li>\n<li>Extr\u00e9mit\u00e9s de tr\u00e8s grand diam\u00e8tre pour prot\u00e9ger des blessures<\/li>\n<li>Poign\u00e9es \u00e0 visser avec collier int\u00e9gr\u00e9 pour une tenue fiable sur le guidon<\/li>\n<\/ul>\n<\/div>\n<\/div>\n<div class=\"col-span-3\">\n<h4 class=\"font-bold text-lg md:text-xl mb-3 overflow-hidden text-ellipsis\">Collier de la tige de selle<\/h4>\n<div class=\"text-block\">\n<ul>\n<li>En aluminium<\/li>\n<li>Long levier de fixation rapide n\u00e9cessitant peu de force pour \u00eatre actionn\u00e9<\/li>\n<li>Aucun risque de rotation<\/li>\n<\/ul>\n<div class=\"col-span-3\">\n<h4 class=\"font-bold text-lg md:text-xl mb-3 overflow-hidden text-ellipsis\">Transmission<\/h4>\n<div class=\"text-block\">\n<ul>\n<li>P\u00e9dalier l\u00e9ger en aluminium forg\u00e9 avec une longueur de 95\u00a0mm et un faible \u00e9cartement des p\u00e9dales (facteur Q)<\/li>\n<li>18\u00a0dents \u00e0 l\u2019avant et 10\u00a0\u00e0 l\u2019arri\u00e8re<\/li>\n<li>P\u00e9dales fines et plates en plastique<\/li>\n<li>Roulement \u00e0 cartouche encapsul\u00e9<\/li>\n<li>Roulement libre \u2013 pas de frein \u00e0 r\u00e9trop\u00e9dalage\u00a0; votre enfant d\u00e9marre plus facilement en positionnant la p\u00e9dale \u00e0 sa convenance<\/li>\n<\/ul>\n<\/div>\n<\/div>\n<div class=\"col-span-3\">\n<h4 class=\"font-bold text-lg md:text-xl mb-3 overflow-hidden text-ellipsis\">Freins<\/h4>\n<div class=\"text-block\">\n<ul>\n<li>Deux mini-freins en V ind\u00e9pendants, avec puissance de freinage adapt\u00e9e aux enfants<\/li>\n<li>Leviers de frein ergonomiques pour les petites mains d\u2019enfants qui ont des doigts courts et peu de force<\/li>\n<li>C\u00e2bles Bowden Jagwire de haute qualit\u00e9 pour un frottement faible et un fonctionnement ais\u00e9<\/li>\n<li>Frein arri\u00e8re\u00a0: levier et patins de frein verts<\/li>\n<\/ul>\n<\/div>\n<\/div>\n<\/div>\n<\/div>\n<\/div>\n<\/div>\n<\/div>\n<\/div>\n<\/div>\n<\/div>\n<\/div>\n<\/div>\n<\/div>\n<\/div>\n<\/div>\n<\/div>\n<\/div>\n<\/div>\n<\/div>\n<\/div>\n<\/div>\n<\/div>\n<\/div>\n<\/div>\n<\/div>\n<\/div>\n<\/div>\n<\/div>\n","protected":false},"excerpt":{"rendered":"<p>Taille : 16\" \u00a0Petite taille. Grande fiert\u00e9. Le woom\u00a0GO\u00a03 booste la confiance en soi de votre enfant \u00e0 chaque coup de p\u00e9dale. Gr\u00e2ce \u00e0 son maniement facile et s\u00e9curisant ainsi qu\u2019\u00e0 ses nombreuses caract\u00e9ristiques bien pens\u00e9es, votre cycliste en herbe r\u00e9ussira en un rien de temps \u00e0 prendre les virages et \u00e0 freiner comme un\u00b7e [&hellip;]<\/p>\n","protected":false},"featured_media":3848,"template":"","meta":[],"pwb-brand":[163],"product_brand":[],"product_cat":[162],"product_tag":[],"class_list":{"0":"post-3841","1":"product","2":"type-product","3":"status-publish","4":"has-post-thumbnail","6":"pwb-brand-woom","7":"product_cat-velo-enfant","9":"first","10":"instock","11":"shipping-taxable","12":"purchasable","13":"product-type-simple"},"brands":[{"id":163,"name":"WOOM","slug":"woom"}],"_links":{"self":[{"href":"https:\/\/rrunning.tribalt.agency\/index.php?rest_route=\/wp\/v2\/product\/3841","targetHints":{"allow":["GET"]}}],"collection":[{"href":"https:\/\/rrunning.tribalt.agency\/index.php?rest_route=\/wp\/v2\/product"}],"about":[{"href":"https:\/\/rrunning.tribalt.agency\/index.php?rest_route=\/wp\/v2\/types\/product"}],"wp:featuredmedia":[{"embeddable":true,"href":"https:\/\/rrunning.tribalt.agency\/index.php?rest_route=\/wp\/v2\/media\/3848"}],"wp:attachment":[{"href":"https:\/\/rrunning.tribalt.agency\/index.php?rest_route=%2Fwp%2Fv2%2Fmedia&parent=3841"}],"wp:term":[{"taxonomy":"pwb-brand","embeddable":true,"href":"https:\/\/rrunning.tribalt.agency\/index.php?rest_route=%2Fwp%2Fv2%2Fpwb-brand&post=3841"},{"taxonomy":"product_brand","embeddable":true,"href":"https:\/\/rrunning.tribalt.agency\/index.php?rest_route=%2Fwp%2Fv2%2Fproduct_brand&post=3841"},{"taxonomy":"product_cat","embeddable":true,"href":"https:\/\/rrunning.tribalt.agency\/index.php?rest_route=%2Fwp%2Fv2%2Fproduct_cat&post=3841"},{"taxonomy":"product_tag","embeddable":true,"href":"https:\/\/rrunning.tribalt.agency\/index.php?rest_route=%2Fwp%2Fv2%2Fproduct_tag&post=3841"}],"curies":[{"name":"wp","href":"https:\/\/api.w.org\/{rel}","templated":true}]}}