{"id":3690,"date":"2025-09-17T16:36:23","date_gmt":"2025-09-17T14:36:23","guid":{"rendered":"https:\/\/rrunning.tribalt.agency\/?post_type=product&#038;p=3690"},"modified":"2025-09-17T16:54:52","modified_gmt":"2025-09-17T14:54:52","slug":"fenix-8-pro-51-mm-microled","status":"publish","type":"product","link":"https:\/\/rrunning.tribalt.agency\/?product=fenix-8-pro-51-mm-microled","title":{"rendered":"f\u0113nix\u00ae 8 Pro"},"content":{"rendered":"<h2>UNE BRILLANTE AVANC\u00c9E TECHNOLOGIQUE<\/h2>\n<div class=\"app__overview__intro__description\">\n<p>D\u00e9couvrez notre premi\u00e8re montre connect\u00e9e dot\u00e9e d'un \u00e9cran MicroLED. Avec une luminosit\u00e9 et un niveau de d\u00e9tail remarquables, la f\u0113nix<sup>\u00ae<\/sup>\u00a08 Pro s'adapte \u00e0 votre quotidien actif gr\u00e2ce \u00e0 la technologie inReach<sup>\u00ae<\/sup>\u00a0int\u00e9gr\u00e9e pour passer des appels<sup>1<\/sup>, envoyer des messages, partager votre position et d\u00e9clencher des SOS, directement depuis le poignet. Elle comprend aussi des outils d'entra\u00eenement musculaire avanc\u00e9s, des fonctions de navigation cartographique et une lampe de poche int\u00e9gr\u00e9e pour poursuivre vos aventures, m\u00eame une fois la nuit tomb\u00e9e.<\/p>\n<div class=\"app__feature__card\" data-translate=\"\">\n<p><img decoding=\"async\" class=\"app__feature__card__image\" src=\"https:\/\/static.garmincdn.com\/gdc\/Product_Pages\/ICONS\/HIGH-RESOLUTION-MICROLED-TOUCHSCREEN.svg\" alt=\"\" \/><\/p>\n<p class=\"app__feature__card__description app__feature__card__description--left\">\u00c9CRAN TACTILE MICROLED INNOVANT HAUTE R\u00c9SOLUTION<\/p>\n<\/div>\n<div class=\"app__feature__card\" data-translate=\"\">\n<p><img decoding=\"async\" class=\"app__feature__card__image\" src=\"https:\/\/static.garmincdn.com\/gdc\/Product_Pages\/ICONS\/Battery_Life.svg\" alt=\"\" \/><\/p>\n<p class=\"app__feature__card__description app__feature__card__description--left\">AUTONOMIE ALLANT JUSQU'\u00c0 10 JOURS EN MODE MONTRE CONNECT\u00c9E<\/p>\n<\/div>\n<div class=\"app__feature__card\" data-translate=\"\">\n<p><img decoding=\"async\" class=\"app__feature__card__image\" src=\"https:\/\/static.garmincdn.com\/gdc\/Product_Pages\/ICONS\/SOS.svg\" alt=\"\" \/><\/p>\n<p class=\"app__feature__card__description app__feature__card__description--left\">TECHNOLOGIE INREACH<sup>1<\/sup>\u00a0POUR LA CONNECTIVIT\u00c9 LTE ET SATELLITE<\/p>\n<\/div>\n<div class=\"app__feature__card\" data-translate=\"\">\n<p><img decoding=\"async\" class=\"app__feature__card__image\" src=\"https:\/\/static.garmincdn.com\/gdc\/Product_Pages\/ICONS\/TRAINING-GUIDANCE.svg\" alt=\"\" \/><\/p>\n<p class=\"app__feature__card__description app__feature__card__description--left\">FONCTIONS AVANC\u00c9ES D'ENTRA\u00ceNEMENT ET DE PERFORMANCE<\/p>\n<\/div>\n<div class=\"app__feature__card\" data-translate=\"\">\n<p><img decoding=\"async\" class=\"app__feature__card__image\" src=\"https:\/\/static.garmincdn.com\/gdc\/Product_Pages\/ICONS\/Heart_Rate_Sensors.svg\" alt=\"\" \/><\/p>\n<p class=\"app__feature__card__description app__feature__card__description--left\">FONCTIONS DE SUIVI CONTINU DE LA SANT\u00c9 ET DU BIEN-\u00caTRE<\/p>\n<\/div>\n<div class=\"app__feature__card\" data-translate=\"\">\n<p><img decoding=\"async\" class=\"app__feature__card__image\" src=\"https:\/\/static.garmincdn.com\/gdc\/Product_Pages\/ICONS\/FLASHLIGHT.svg\" alt=\"\" \/><\/p>\n<p class=\"app__feature__card__description app__feature__card__description--left\">LAMPE DE POCHE LED LUMINEUSE \u00c0 INTENSIT\u00c9 R\u00c9GLABLE<\/p>\n<\/div>\n<\/div>\n","protected":false},"excerpt":{"rendered":"<p>UNE BRILLANTE AVANC\u00c9E TECHNOLOGIQUE D\u00e9couvrez notre premi\u00e8re montre connect\u00e9e dot\u00e9e d'un \u00e9cran MicroLED. Avec une luminosit\u00e9 et un niveau de d\u00e9tail remarquables, la f\u0113nix\u00ae\u00a08 Pro s'adapte \u00e0 votre quotidien actif gr\u00e2ce \u00e0 la technologie inReach\u00ae\u00a0int\u00e9gr\u00e9e pour passer des appels1, envoyer des messages, partager votre position et d\u00e9clencher des SOS, directement depuis le poignet. Elle comprend [&hellip;]<\/p>\n","protected":false},"featured_media":3691,"template":"","meta":[],"pwb-brand":[98],"product_brand":[],"product_cat":[29],"product_tag":[],"class_list":{"0":"post-3690","1":"product","2":"type-product","3":"status-publish","4":"has-post-thumbnail","6":"pwb-brand-garmin","7":"product_cat-electronique","9":"first","10":"instock","11":"shipping-taxable","12":"purchasable","13":"product-type-simple"},"brands":[{"id":98,"name":"GARMIN","slug":"garmin"}],"_links":{"self":[{"href":"https:\/\/rrunning.tribalt.agency\/index.php?rest_route=\/wp\/v2\/product\/3690","targetHints":{"allow":["GET"]}}],"collection":[{"href":"https:\/\/rrunning.tribalt.agency\/index.php?rest_route=\/wp\/v2\/product"}],"about":[{"href":"https:\/\/rrunning.tribalt.agency\/index.php?rest_route=\/wp\/v2\/types\/product"}],"wp:featuredmedia":[{"embeddable":true,"href":"https:\/\/rrunning.tribalt.agency\/index.php?rest_route=\/wp\/v2\/media\/3691"}],"wp:attachment":[{"href":"https:\/\/rrunning.tribalt.agency\/index.php?rest_route=%2Fwp%2Fv2%2Fmedia&parent=3690"}],"wp:term":[{"taxonomy":"pwb-brand","embeddable":true,"href":"https:\/\/rrunning.tribalt.agency\/index.php?rest_route=%2Fwp%2Fv2%2Fpwb-brand&post=3690"},{"taxonomy":"product_brand","embeddable":true,"href":"https:\/\/rrunning.tribalt.agency\/index.php?rest_route=%2Fwp%2Fv2%2Fproduct_brand&post=3690"},{"taxonomy":"product_cat","embeddable":true,"href":"https:\/\/rrunning.tribalt.agency\/index.php?rest_route=%2Fwp%2Fv2%2Fproduct_cat&post=3690"},{"taxonomy":"product_tag","embeddable":true,"href":"https:\/\/rrunning.tribalt.agency\/index.php?rest_route=%2Fwp%2Fv2%2Fproduct_tag&post=3690"}],"curies":[{"name":"wp","href":"https:\/\/api.w.org\/{rel}","templated":true}]}}