{"id":3682,"date":"2025-08-17T16:29:56","date_gmt":"2025-08-17T14:29:56","guid":{"rendered":"https:\/\/rrunning.tribalt.agency\/?post_type=product&#038;p=3682"},"modified":"2025-09-17T16:30:42","modified_gmt":"2025-09-17T14:30:42","slug":"support-tige-selle-misti-fuji","status":"publish","type":"product","link":"https:\/\/rrunning.tribalt.agency\/?product=support-tige-selle-misti-fuji","title":{"rendered":"Support tige selle MISTI\/FUJI"},"content":{"rendered":"<p>Ce support en\u00a0nylon noir permet de fixer sur votre\u00a0tige de selle de v\u00e9lo votre lampe MISTI 3 ou FUJI.<\/p>\n<p>Votre lampe de secours devient alors un feu arri\u00e8re de v\u00e9lo.<\/p>\n<p>Attention, ce support n'est pas compatible avec d'autres lampes.<\/p>\n<p>Ce support se compose d'une pi\u00e8ce plastique, deux \u00e9lastiques silicone et des mousses de protection.<\/p>\n","protected":false},"excerpt":{"rendered":"<p>Ce support en\u00a0nylon noir permet de fixer sur votre\u00a0tige de selle de v\u00e9lo votre lampe MISTI 3 ou FUJI. Votre lampe de secours devient alors un feu arri\u00e8re de v\u00e9lo. Attention, ce support n'est pas compatible avec d'autres lampes. Ce support se compose d'une pi\u00e8ce plastique, deux \u00e9lastiques silicone et des mousses de protection.<\/p>\n","protected":false},"featured_media":3683,"template":"","meta":[],"pwb-brand":[161],"product_brand":[],"product_cat":[30],"product_tag":[],"class_list":{"0":"post-3682","1":"product","2":"type-product","3":"status-publish","4":"has-post-thumbnail","6":"pwb-brand-stoots","7":"product_cat-frontales","9":"first","10":"instock","11":"shipping-taxable","12":"purchasable","13":"product-type-simple"},"brands":[{"id":161,"name":"STOOTS","slug":"stoots"}],"_links":{"self":[{"href":"https:\/\/rrunning.tribalt.agency\/index.php?rest_route=\/wp\/v2\/product\/3682","targetHints":{"allow":["GET"]}}],"collection":[{"href":"https:\/\/rrunning.tribalt.agency\/index.php?rest_route=\/wp\/v2\/product"}],"about":[{"href":"https:\/\/rrunning.tribalt.agency\/index.php?rest_route=\/wp\/v2\/types\/product"}],"wp:featuredmedia":[{"embeddable":true,"href":"https:\/\/rrunning.tribalt.agency\/index.php?rest_route=\/wp\/v2\/media\/3683"}],"wp:attachment":[{"href":"https:\/\/rrunning.tribalt.agency\/index.php?rest_route=%2Fwp%2Fv2%2Fmedia&parent=3682"}],"wp:term":[{"taxonomy":"pwb-brand","embeddable":true,"href":"https:\/\/rrunning.tribalt.agency\/index.php?rest_route=%2Fwp%2Fv2%2Fpwb-brand&post=3682"},{"taxonomy":"product_brand","embeddable":true,"href":"https:\/\/rrunning.tribalt.agency\/index.php?rest_route=%2Fwp%2Fv2%2Fproduct_brand&post=3682"},{"taxonomy":"product_cat","embeddable":true,"href":"https:\/\/rrunning.tribalt.agency\/index.php?rest_route=%2Fwp%2Fv2%2Fproduct_cat&post=3682"},{"taxonomy":"product_tag","embeddable":true,"href":"https:\/\/rrunning.tribalt.agency\/index.php?rest_route=%2Fwp%2Fv2%2Fproduct_tag&post=3682"}],"curies":[{"name":"wp","href":"https:\/\/api.w.org\/{rel}","templated":true}]}}