{"id":3679,"date":"2025-08-17T16:28:46","date_gmt":"2025-08-17T14:28:46","guid":{"rendered":"https:\/\/rrunning.tribalt.agency\/?post_type=product&#038;p=3679"},"modified":"2025-09-17T16:29:39","modified_gmt":"2025-09-17T14:29:39","slug":"chargeur-easylock-18","status":"publish","type":"product","link":"https:\/\/rrunning.tribalt.agency\/?product=chargeur-easylock-18","title":{"rendered":"Chargeur easyLock 18"},"content":{"rendered":"<p><strong>Pour les lampes\u00a0avec batterie easyLock 18.<\/strong><\/p>\n<p>Notre chargeur est compos\u00e9 d'un corps en nylon et d'une douille en aluminium pour plus de l\u00e9g\u00e8ret\u00e9 et de r\u00e9sistance. Gr\u00e2ce \u00e0 son\u00a0corps perfor\u00e9, vous pouvez facilement accrocher le chargeur dans vos sacs.<\/p>\n<p>Le chargeur est livr\u00e9 avec son c\u00e2ble USB (A vers C) et est compatible avec la charge rapide 3A pour recharger vos batteries plus rapidement.<\/p>\n<p><strong>Nouveau :<\/strong>\u00a0le chargeur fait \u00e9galement office de Powerbank pour charger tous vos appareils en 5V \u00e0 partir de votre batterie easyLock 18 (compatible avec les protocoles Quickcharge et Power Delivery). Ainsi une batterie pleine de votre lampe peut servir \u00e0 recharger vos autres appareils.<\/p>\n","protected":false},"excerpt":{"rendered":"<p>Pour les lampes\u00a0avec batterie easyLock 18. Notre chargeur est compos\u00e9 d'un corps en nylon et d'une douille en aluminium pour plus de l\u00e9g\u00e8ret\u00e9 et de r\u00e9sistance. Gr\u00e2ce \u00e0 son\u00a0corps perfor\u00e9, vous pouvez facilement accrocher le chargeur dans vos sacs. Le chargeur est livr\u00e9 avec son c\u00e2ble USB (A vers C) et est compatible avec la [&hellip;]<\/p>\n","protected":false},"featured_media":3680,"template":"","meta":[],"pwb-brand":[161],"product_brand":[],"product_cat":[30],"product_tag":[],"class_list":{"0":"post-3679","1":"product","2":"type-product","3":"status-publish","4":"has-post-thumbnail","6":"pwb-brand-stoots","7":"product_cat-frontales","9":"first","10":"instock","11":"shipping-taxable","12":"purchasable","13":"product-type-simple"},"brands":[{"id":161,"name":"STOOTS","slug":"stoots"}],"_links":{"self":[{"href":"https:\/\/rrunning.tribalt.agency\/index.php?rest_route=\/wp\/v2\/product\/3679","targetHints":{"allow":["GET"]}}],"collection":[{"href":"https:\/\/rrunning.tribalt.agency\/index.php?rest_route=\/wp\/v2\/product"}],"about":[{"href":"https:\/\/rrunning.tribalt.agency\/index.php?rest_route=\/wp\/v2\/types\/product"}],"wp:featuredmedia":[{"embeddable":true,"href":"https:\/\/rrunning.tribalt.agency\/index.php?rest_route=\/wp\/v2\/media\/3680"}],"wp:attachment":[{"href":"https:\/\/rrunning.tribalt.agency\/index.php?rest_route=%2Fwp%2Fv2%2Fmedia&parent=3679"}],"wp:term":[{"taxonomy":"pwb-brand","embeddable":true,"href":"https:\/\/rrunning.tribalt.agency\/index.php?rest_route=%2Fwp%2Fv2%2Fpwb-brand&post=3679"},{"taxonomy":"product_brand","embeddable":true,"href":"https:\/\/rrunning.tribalt.agency\/index.php?rest_route=%2Fwp%2Fv2%2Fproduct_brand&post=3679"},{"taxonomy":"product_cat","embeddable":true,"href":"https:\/\/rrunning.tribalt.agency\/index.php?rest_route=%2Fwp%2Fv2%2Fproduct_cat&post=3679"},{"taxonomy":"product_tag","embeddable":true,"href":"https:\/\/rrunning.tribalt.agency\/index.php?rest_route=%2Fwp%2Fv2%2Fproduct_tag&post=3679"}],"curies":[{"name":"wp","href":"https:\/\/api.w.org\/{rel}","templated":true}]}}