{"id":3657,"date":"2025-09-17T15:49:23","date_gmt":"2025-09-17T13:49:23","guid":{"rendered":"https:\/\/rrunning.tribalt.agency\/?post_type=product&#038;p=3657"},"modified":"2025-09-17T15:49:23","modified_gmt":"2025-09-17T13:49:23","slug":"boissons-energetiques-citron-fleur-de-sureau","status":"publish","type":"product","link":"https:\/\/rrunning.tribalt.agency\/?product=boissons-energetiques-citron-fleur-de-sureau","title":{"rendered":"Boissons \u00c9nerg\u00e9tiques Citron - Fleur de sureau"},"content":{"rendered":"<p><strong>Une boisson isotonique ultra compl\u00e8te pour performer dans tous les sports et sur toutes les distances !<\/strong><\/p>\n<p>Apporte \u00e0 ton corps tout ce dont il a besoin pendant l\u2019effort : des bons glucides, des \u00e9lectrolytes, des BCAA, de la glutamine, de la taurine, des vitamines et des antioxydants.<\/p>\n<p>Le tout avec une formule\u00a0<b>isotonique, saine et hautement assimilable<\/b>.<\/p>\n<p><b>38g de glucides,\u00a0<\/b><strong>un ratio glucose\/fructose optimal\u00a0<\/strong><b>1\u00a0: 0.8<\/b>, et des ingr\u00e9dients soigneusement choisis pour t\u2019aider \u00e0 aller plus vite, plus longtemps.<\/p>\n<p><strong>1<\/strong>\u00a0<strong>cuill\u00e8re\u00a0de 45g \u00e0 diluer dans 500ml d\u2019eau par heure. A adapter selon l\u2019intensit\u00e9 de l\u2019effort, tes habitudes et ton gabarit.<\/strong><\/p>\n<p>DDM restante (date de durabilit\u00e9 minimale) : 15\u00a0mois garantis<br \/>\n585g : 13 portions de 45g par sac<\/p>\n","protected":false},"excerpt":{"rendered":"<p>Une boisson isotonique ultra compl\u00e8te pour performer dans tous les sports et sur toutes les distances ! Apporte \u00e0 ton corps tout ce dont il a besoin pendant l\u2019effort : des bons glucides, des \u00e9lectrolytes, des BCAA, de la glutamine, de la taurine, des vitamines et des antioxydants. Le tout avec une formule\u00a0isotonique, saine et [&hellip;]<\/p>\n","protected":false},"featured_media":3658,"template":"","meta":[],"pwb-brand":[90],"product_brand":[],"product_cat":[84],"product_tag":[],"class_list":{"0":"post-3657","1":"product","2":"type-product","3":"status-publish","4":"has-post-thumbnail","6":"pwb-brand-baouw-organic","7":"product_cat-nutrition","9":"first","10":"instock","11":"shipping-taxable","12":"purchasable","13":"product-type-simple"},"brands":[{"id":90,"name":"BAOUW ORGANIC","slug":"baouw-organic"}],"_links":{"self":[{"href":"https:\/\/rrunning.tribalt.agency\/index.php?rest_route=\/wp\/v2\/product\/3657","targetHints":{"allow":["GET"]}}],"collection":[{"href":"https:\/\/rrunning.tribalt.agency\/index.php?rest_route=\/wp\/v2\/product"}],"about":[{"href":"https:\/\/rrunning.tribalt.agency\/index.php?rest_route=\/wp\/v2\/types\/product"}],"wp:featuredmedia":[{"embeddable":true,"href":"https:\/\/rrunning.tribalt.agency\/index.php?rest_route=\/wp\/v2\/media\/3658"}],"wp:attachment":[{"href":"https:\/\/rrunning.tribalt.agency\/index.php?rest_route=%2Fwp%2Fv2%2Fmedia&parent=3657"}],"wp:term":[{"taxonomy":"pwb-brand","embeddable":true,"href":"https:\/\/rrunning.tribalt.agency\/index.php?rest_route=%2Fwp%2Fv2%2Fpwb-brand&post=3657"},{"taxonomy":"product_brand","embeddable":true,"href":"https:\/\/rrunning.tribalt.agency\/index.php?rest_route=%2Fwp%2Fv2%2Fproduct_brand&post=3657"},{"taxonomy":"product_cat","embeddable":true,"href":"https:\/\/rrunning.tribalt.agency\/index.php?rest_route=%2Fwp%2Fv2%2Fproduct_cat&post=3657"},{"taxonomy":"product_tag","embeddable":true,"href":"https:\/\/rrunning.tribalt.agency\/index.php?rest_route=%2Fwp%2Fv2%2Fproduct_tag&post=3657"}],"curies":[{"name":"wp","href":"https:\/\/api.w.org\/{rel}","templated":true}]}}