{"id":3652,"date":"2025-09-16T18:27:51","date_gmt":"2025-09-16T16:27:51","guid":{"rendered":"https:\/\/rrunning.tribalt.agency\/?post_type=product&#038;p=3652"},"modified":"2025-09-16T18:29:42","modified_gmt":"2025-09-16T16:29:42","slug":"headband-on-off-aurora","status":"publish","type":"product","link":"https:\/\/rrunning.tribalt.agency\/?product=headband-on-off-aurora","title":{"rendered":"Headband On\/Off Aurora"},"content":{"rendered":"<div class=\"c-product-description__description\" data-v-e5ef54cc=\"\">\n<p>Le bandeau\u00a0<strong>Headband On\/Off<\/strong>\u00a0Aurora Black\/Aurora\u00a0unisexe de\u00a0<strong>Compressport<\/strong>\u00a0est id\u00e9al pour vos sorties sportives.<\/p>\n<p>Ce bandeau\u00a0<strong>extensible<\/strong>\u00a0en microfibres offre une\u00a0<strong>thermor\u00e9gulation<\/strong>\u00a0optimale au niveau de la t\u00eate pour un confort in\u00e9gal\u00e9. La technologie\u00a0On\/Off\u00a0\u00e9vacue rapidement la transpiration et\u00a0<strong>s\u00e8che 7 fois plus vite<\/strong>\u00a0qu'un bandeau traditionnel pour vous garder au frais et au sec. Le tissu s'adapte aux contours de votre t\u00eate et emp\u00eache la sueur et les cheveux rebelles de g\u00eaner votre vision. Il peut \u00e9galement se porter sous une cagoule ou sous un casque. Ses\u00a0<strong>d\u00e9tails r\u00e9fl\u00e9chissants<\/strong>\u00a0vous rendent visible de loin lorsque le temps s'assombrit !<\/p>\n<\/div>\n","protected":false},"excerpt":{"rendered":"<p>Le bandeau\u00a0Headband On\/Off\u00a0Aurora Black\/Aurora\u00a0unisexe de\u00a0Compressport\u00a0est id\u00e9al pour vos sorties sportives. Ce bandeau\u00a0extensible\u00a0en microfibres offre une\u00a0thermor\u00e9gulation\u00a0optimale au niveau de la t\u00eate pour un confort in\u00e9gal\u00e9. La technologie\u00a0On\/Off\u00a0\u00e9vacue rapidement la transpiration et\u00a0s\u00e8che 7 fois plus vite\u00a0qu'un bandeau traditionnel pour vous garder au frais et au sec. Le tissu s'adapte aux contours de votre t\u00eate et emp\u00eache la [&hellip;]<\/p>\n","protected":false},"featured_media":3653,"template":"","meta":[],"pwb-brand":[97],"product_brand":[],"product_cat":[25],"product_tag":[],"class_list":{"0":"post-3652","1":"product","2":"type-product","3":"status-publish","4":"has-post-thumbnail","6":"pwb-brand-compressport","7":"product_cat-bonnets-bandeaux","9":"first","10":"instock","11":"shipping-taxable","12":"purchasable","13":"product-type-simple"},"brands":[{"id":97,"name":"COMPRESSPORT","slug":"compressport"}],"_links":{"self":[{"href":"https:\/\/rrunning.tribalt.agency\/index.php?rest_route=\/wp\/v2\/product\/3652","targetHints":{"allow":["GET"]}}],"collection":[{"href":"https:\/\/rrunning.tribalt.agency\/index.php?rest_route=\/wp\/v2\/product"}],"about":[{"href":"https:\/\/rrunning.tribalt.agency\/index.php?rest_route=\/wp\/v2\/types\/product"}],"wp:featuredmedia":[{"embeddable":true,"href":"https:\/\/rrunning.tribalt.agency\/index.php?rest_route=\/wp\/v2\/media\/3653"}],"wp:attachment":[{"href":"https:\/\/rrunning.tribalt.agency\/index.php?rest_route=%2Fwp%2Fv2%2Fmedia&parent=3652"}],"wp:term":[{"taxonomy":"pwb-brand","embeddable":true,"href":"https:\/\/rrunning.tribalt.agency\/index.php?rest_route=%2Fwp%2Fv2%2Fpwb-brand&post=3652"},{"taxonomy":"product_brand","embeddable":true,"href":"https:\/\/rrunning.tribalt.agency\/index.php?rest_route=%2Fwp%2Fv2%2Fproduct_brand&post=3652"},{"taxonomy":"product_cat","embeddable":true,"href":"https:\/\/rrunning.tribalt.agency\/index.php?rest_route=%2Fwp%2Fv2%2Fproduct_cat&post=3652"},{"taxonomy":"product_tag","embeddable":true,"href":"https:\/\/rrunning.tribalt.agency\/index.php?rest_route=%2Fwp%2Fv2%2Fproduct_tag&post=3652"}],"curies":[{"name":"wp","href":"https:\/\/api.w.org\/{rel}","templated":true}]}}