{"id":3613,"date":"2025-09-07T09:45:51","date_gmt":"2025-09-07T07:45:51","guid":{"rendered":"https:\/\/rrunning.tribalt.agency\/?post_type=product&#038;p=3613"},"modified":"2025-09-07T09:47:39","modified_gmt":"2025-09-07T07:47:39","slug":"poche-a-eau-1-5l","status":"publish","type":"product","link":"https:\/\/rrunning.tribalt.agency\/?product=poche-a-eau-1-5l","title":{"rendered":"POCHE A EAU 1.5L"},"content":{"rendered":"<p class=\"\" data-start=\"118\" data-end=\"358\"><strong data-start=\"118\" data-end=\"204\">Restez hydrat\u00e9(e) facilement pendant l\u2019effort gr\u00e2ce \u00e0 la Poche \u00e0 eau 1.5L.<\/strong>\u00a0Con\u00e7ue pour les sportifs, cette poche \u00e0 eau se comprime au fur et \u00e0 mesure que vous buvez, \u00e9vitant ainsi les ballottements et optimisant votre confort.<\/p>\n<h4 data-start=\"360\" data-end=\"416\"><strong data-start=\"364\" data-end=\"414\">Les avantages de la Poche \u00e0 Eau 1.5L :<\/strong><\/h4>\n<ul>\n<li data-start=\"418\" data-end=\"930\"><strong data-start=\"420\" data-end=\"441\">Hydratation saine<\/strong>\u00a0: Fabriqu\u00e9e dans une mati\u00e8re inodore, elle \u00e9limine le mauvais go\u00fbt de plastique.<\/li>\n<li data-start=\"418\" data-end=\"930\"><strong data-start=\"527\" data-end=\"548\">Syst\u00e8me antifuite<\/strong>\u00a0: Son syst\u00e8me de fermeture s\u00e9curis\u00e9 emp\u00eache tout risque de fuite.<\/li>\n<li data-start=\"418\" data-end=\"930\"><strong data-start=\"619\" data-end=\"639\">Entretien facile<\/strong>\u00a0: Compl\u00e8tement r\u00e9versible, elle se nettoie et s\u00e8che facilement pour une hygi\u00e8ne optimale.<\/li>\n<li data-start=\"418\" data-end=\"930\"><strong data-start=\"734\" data-end=\"759\">Confort d\u2019utilisation<\/strong>\u00a0: Sa pipette \u00e0 grand d\u00e9bit se ferme automatiquement apr\u00e8s chaque gorg\u00e9e.<\/li>\n<li data-start=\"418\" data-end=\"930\"><strong data-start=\"837\" data-end=\"866\">Compatibilit\u00e9 universelle<\/strong>\u00a0: Elle s\u2019adapte \u00e0 tous les sacs Oxsitis, pour homme et femme. D\u00e9couvrez notre gamme de\u00a0<strong>sacs OXSITIS<\/strong>\u00a0!<\/li>\n<\/ul>\n<h4 data-start=\"932\" data-end=\"983\"><strong data-start=\"936\" data-end=\"981\">Pourquoi choisir la Poche \u00e0 eau Oxsitis ?<\/strong><\/h4>\n<p class=\"\" data-start=\"984\" data-end=\"1163\">Id\u00e9ale pour le trail, la randonn\u00e9e, le v\u00e9lo ou toute autre discipline, cette poche \u00e0 eau allie praticit\u00e9, performance et hygi\u00e8ne. Son design innovant garantit une hydratation fluide et sans contrainte.<\/p>\n<ul>\n<li data-start=\"1167\" data-end=\"1188\"><strong data-start=\"1167\" data-end=\"1179\">Capacit\u00e9<\/strong>\u00a0: 1,5L<\/li>\n<li data-start=\"1167\" data-end=\"1188\"><strong data-start=\"1191\" data-end=\"1206\">Utilisation<\/strong>\u00a0: Sport, outdoor, activit\u00e9s d\u2019endurance<\/li>\n<li data-start=\"1167\" data-end=\"1188\"><strong data-start=\"1251\" data-end=\"1264\">Entretien<\/strong>\u00a0: R\u00e9versible pour un nettoyage et un s\u00e9chage facile<\/li>\n<\/ul>\n<p class=\"\" data-start=\"1320\" data-end=\"1425\">Adoptez la Poche \u00e0 Eau Oxsitis 1,5L et restez performant(e) sans compromis sur le confort et l\u2019hygi\u00e8ne.<\/p>\n<p data-start=\"1320\" data-end=\"1425\">\n","protected":false},"excerpt":{"rendered":"<p>Restez hydrat\u00e9(e) facilement pendant l\u2019effort gr\u00e2ce \u00e0 la Poche \u00e0 eau 1.5L.\u00a0Con\u00e7ue pour les sportifs, cette poche \u00e0 eau se comprime au fur et \u00e0 mesure que vous buvez, \u00e9vitant ainsi les ballottements et optimisant votre confort. Les avantages de la Poche \u00e0 Eau 1.5L : Hydratation saine\u00a0: Fabriqu\u00e9e dans une mati\u00e8re inodore, elle \u00e9limine [&hellip;]<\/p>\n","protected":false},"featured_media":3614,"template":"","meta":[],"pwb-brand":[153],"product_brand":[],"product_cat":[34],"product_tag":[],"class_list":{"0":"post-3613","1":"product","2":"type-product","3":"status-publish","4":"has-post-thumbnail","6":"pwb-brand-oxsitis","7":"product_cat-sac-dhydratation-poche-a-eau","9":"first","10":"instock","11":"shipping-taxable","12":"purchasable","13":"product-type-simple"},"brands":[{"id":153,"name":"OXSITIS","slug":"oxsitis"}],"_links":{"self":[{"href":"https:\/\/rrunning.tribalt.agency\/index.php?rest_route=\/wp\/v2\/product\/3613","targetHints":{"allow":["GET"]}}],"collection":[{"href":"https:\/\/rrunning.tribalt.agency\/index.php?rest_route=\/wp\/v2\/product"}],"about":[{"href":"https:\/\/rrunning.tribalt.agency\/index.php?rest_route=\/wp\/v2\/types\/product"}],"wp:featuredmedia":[{"embeddable":true,"href":"https:\/\/rrunning.tribalt.agency\/index.php?rest_route=\/wp\/v2\/media\/3614"}],"wp:attachment":[{"href":"https:\/\/rrunning.tribalt.agency\/index.php?rest_route=%2Fwp%2Fv2%2Fmedia&parent=3613"}],"wp:term":[{"taxonomy":"pwb-brand","embeddable":true,"href":"https:\/\/rrunning.tribalt.agency\/index.php?rest_route=%2Fwp%2Fv2%2Fpwb-brand&post=3613"},{"taxonomy":"product_brand","embeddable":true,"href":"https:\/\/rrunning.tribalt.agency\/index.php?rest_route=%2Fwp%2Fv2%2Fproduct_brand&post=3613"},{"taxonomy":"product_cat","embeddable":true,"href":"https:\/\/rrunning.tribalt.agency\/index.php?rest_route=%2Fwp%2Fv2%2Fproduct_cat&post=3613"},{"taxonomy":"product_tag","embeddable":true,"href":"https:\/\/rrunning.tribalt.agency\/index.php?rest_route=%2Fwp%2Fv2%2Fproduct_tag&post=3613"}],"curies":[{"name":"wp","href":"https:\/\/api.w.org\/{rel}","templated":true}]}}