{"id":3606,"date":"2025-09-07T09:38:08","date_gmt":"2025-09-07T07:38:08","guid":{"rendered":"https:\/\/rrunning.tribalt.agency\/?post_type=product&#038;p=3606"},"modified":"2025-09-07T09:39:56","modified_gmt":"2025-09-07T07:39:56","slug":"kitsurvie","status":"publish","type":"product","link":"https:\/\/rrunning.tribalt.agency\/?product=kitsurvie","title":{"rendered":"KITSURVIE"},"content":{"rendered":"<p class=\"\" data-start=\"450\" data-end=\"766\">Le\u00a0<strong data-start=\"453\" data-end=\"478\">Kit de Survie\u00a0<\/strong>a \u00e9t\u00e9 con\u00e7u pour offrir aux coureurs et traileurs, s\u00e9curit\u00e9 dans des conditions de course difficiles. Il a sp\u00e9cialement \u00e9t\u00e9 \u00e9labor\u00e9 pour r\u00e9pondre aux exigences des comp\u00e9titions de trail. En effet ce kit compact et l\u00e9ger regroupe l\u2019ensemble des \u00e9l\u00e9ments indispensables pour garantir votre s\u00e9curit\u00e9 en toute situation.<\/p>\n<h4 data-start=\"773\" data-end=\"797\"><strong data-start=\"777\" data-end=\"797\">Contenu du kit :<\/strong><\/h4>\n<ul>\n<li data-start=\"801\" data-end=\"912\"><strong data-start=\"801\" data-end=\"812\">Sifflet<\/strong>\u00a0: Il est l\u2019outil de signalisation efficace pour appeler \u00e0 l\u2019aide ou attirer l\u2019attention autour de vous en cas d\u2019urgence.<\/li>\n<li data-start=\"915\" data-end=\"1051\"><strong data-start=\"915\" data-end=\"946\">Gobelet souple\u00a0r\u00e9utilisable<\/strong>\u00a0: Ce gobelet de 200 ml vous permettra de boire facilement lors de vos s\u00e9ances et courses.<\/li>\n<li data-start=\"915\" data-end=\"1051\"><strong data-start=\"1054\" data-end=\"1078\">Couverture de survie<\/strong>\u00a0: Un indispensable pour se prot\u00e9ger contre le froid ou en cas d\u2019incident. Son design compact permet de l\u2019emporter sans encombre.<\/li>\n<\/ul>\n<h4><strong data-start=\"1217\" data-end=\"1251\">Caract\u00e9ristiques principales :<\/strong><\/h4>\n<ul>\n<li data-start=\"1255\" data-end=\"1370\"><strong data-start=\"1255\" data-end=\"1275\">Compact et l\u00e9ger<\/strong>\u00a0: Id\u00e9al pour les traileurs qui cherchent \u00e0 minimiser leur \u00e9quipement tout en restant prot\u00e9g\u00e9s.<\/li>\n<li data-start=\"1373\" data-end=\"1556\"><strong data-start=\"1373\" data-end=\"1434\">Conforme aux normes de s\u00e9curit\u00e9 des comp\u00e9titions de trail<\/strong>\u00a0: Ce kit respecte les exigences obligatoires pour participer \u00e0 des courses de trail, vous assurant de toujours \u00eatre pr\u00eat.<\/li>\n<li data-start=\"1559\" data-end=\"1699\"><strong data-start=\"1559\" data-end=\"1584\">Facilit\u00e9 de transport<\/strong>\u00a0: Le kit se glisse facilement dans votre sac \u00e0 dos ou dans une poche de veste, pr\u00eat \u00e0 l\u2019emploi en toute situation.<\/li>\n<li data-start=\"1702\" data-end=\"1854\"><strong data-start=\"1702\" data-end=\"1716\">Durabilit\u00e9<\/strong>\u00a0: Con\u00e7u pour r\u00e9sister aux conditions les plus extr\u00eames. Le mat\u00e9riel est fiable et pr\u00eat \u00e0 fonctionner lorsque vous en avez le plus besoin.<\/li>\n<\/ul>\n<h4><strong data-start=\"1865\" data-end=\"1912\">Pourquoi choisir le Kit de Survie Oxsitis ?<\/strong><\/h4>\n<p class=\"\" data-start=\"1914\" data-end=\"2275\">Que vous soyez un traileur d\u00e9butant ou exp\u00e9riment\u00e9, ce kit de s\u00e9curit\u00e9 est un compagnon incontournable pour courir en toute s\u00e9r\u00e9nit\u00e9. En plus de respecter les crit\u00e8res de s\u00e9curit\u00e9 des comp\u00e9titions, il vous assure une protection efficace contre les impr\u00e9vus sur le parcours.<\/p>\n","protected":false},"excerpt":{"rendered":"<p>Le\u00a0Kit de Survie\u00a0a \u00e9t\u00e9 con\u00e7u pour offrir aux coureurs et traileurs, s\u00e9curit\u00e9 dans des conditions de course difficiles. Il a sp\u00e9cialement \u00e9t\u00e9 \u00e9labor\u00e9 pour r\u00e9pondre aux exigences des comp\u00e9titions de trail. En effet ce kit compact et l\u00e9ger regroupe l\u2019ensemble des \u00e9l\u00e9ments indispensables pour garantir votre s\u00e9curit\u00e9 en toute situation. Contenu du kit : Sifflet\u00a0: [&hellip;]<\/p>\n","protected":false},"featured_media":3607,"template":"","meta":[],"pwb-brand":[153],"product_brand":[],"product_cat":[154],"product_tag":[],"class_list":{"0":"post-3606","1":"product","2":"type-product","3":"status-publish","4":"has-post-thumbnail","6":"pwb-brand-oxsitis","7":"product_cat-accessoires-accessoires","9":"first","10":"instock","11":"shipping-taxable","12":"purchasable","13":"product-type-simple"},"brands":[{"id":153,"name":"OXSITIS","slug":"oxsitis"}],"_links":{"self":[{"href":"https:\/\/rrunning.tribalt.agency\/index.php?rest_route=\/wp\/v2\/product\/3606","targetHints":{"allow":["GET"]}}],"collection":[{"href":"https:\/\/rrunning.tribalt.agency\/index.php?rest_route=\/wp\/v2\/product"}],"about":[{"href":"https:\/\/rrunning.tribalt.agency\/index.php?rest_route=\/wp\/v2\/types\/product"}],"wp:featuredmedia":[{"embeddable":true,"href":"https:\/\/rrunning.tribalt.agency\/index.php?rest_route=\/wp\/v2\/media\/3607"}],"wp:attachment":[{"href":"https:\/\/rrunning.tribalt.agency\/index.php?rest_route=%2Fwp%2Fv2%2Fmedia&parent=3606"}],"wp:term":[{"taxonomy":"pwb-brand","embeddable":true,"href":"https:\/\/rrunning.tribalt.agency\/index.php?rest_route=%2Fwp%2Fv2%2Fpwb-brand&post=3606"},{"taxonomy":"product_brand","embeddable":true,"href":"https:\/\/rrunning.tribalt.agency\/index.php?rest_route=%2Fwp%2Fv2%2Fproduct_brand&post=3606"},{"taxonomy":"product_cat","embeddable":true,"href":"https:\/\/rrunning.tribalt.agency\/index.php?rest_route=%2Fwp%2Fv2%2Fproduct_cat&post=3606"},{"taxonomy":"product_tag","embeddable":true,"href":"https:\/\/rrunning.tribalt.agency\/index.php?rest_route=%2Fwp%2Fv2%2Fproduct_tag&post=3606"}],"curies":[{"name":"wp","href":"https:\/\/api.w.org\/{rel}","templated":true}]}}