{"id":3490,"date":"2025-09-06T16:59:48","date_gmt":"2025-09-06T14:59:48","guid":{"rendered":"https:\/\/rrunning.tribalt.agency\/?post_type=product&#038;p=3490"},"modified":"2025-09-06T17:01:07","modified_gmt":"2025-09-06T15:01:07","slug":"nereid-labyrinth","status":"publish","type":"product","link":"https:\/\/rrunning.tribalt.agency\/?product=nereid-labyrinth","title":{"rendered":"NEREID LABYRINTH"},"content":{"rendered":"<ul>\n<li>Con\u00e7u pour les s\u00e9ances d'entra\u00eenement en natation<\/li>\n<li>\u00c9paules tr\u00e8s d\u00e9gag\u00e9es, bas du dos plus ferm\u00e9<\/li>\n<li>Bretelles fines crois\u00e9es pour un ajustement parfait<\/li>\n<li>\u00c9chancrure sp\u00e9cialement con\u00e7ue pour mettre en valeur les jambes et allonger la silhouette<\/li>\n<li>Tissu Endurotek compos\u00e9 de polyester et de PBT pour une r\u00e9sistance exceptionnelle<\/li>\n<li>La technologie H\u00b2Inifinity t'offre une forte r\u00e9sistance au chlore comme \u00e0 l'eau de mer<\/li>\n<\/ul>\n","protected":false},"excerpt":{"rendered":"<p>Con\u00e7u pour les s\u00e9ances d'entra\u00eenement en natation \u00c9paules tr\u00e8s d\u00e9gag\u00e9es, bas du dos plus ferm\u00e9 Bretelles fines crois\u00e9es pour un ajustement parfait \u00c9chancrure sp\u00e9cialement con\u00e7ue pour mettre en valeur les jambes et allonger la silhouette Tissu Endurotek compos\u00e9 de polyester et de PBT pour une r\u00e9sistance exceptionnelle La technologie H\u00b2Inifinity t'offre une forte r\u00e9sistance au [&hellip;]<\/p>\n","protected":false},"featured_media":3491,"template":"","meta":[],"pwb-brand":[107],"product_brand":[],"product_cat":[82],"product_tag":[],"class_list":{"0":"post-3490","1":"product","2":"type-product","3":"status-publish","4":"has-post-thumbnail","6":"pwb-brand-mako","7":"product_cat-maillots","9":"first","10":"instock","11":"shipping-taxable","12":"purchasable","13":"product-type-simple"},"brands":[{"id":107,"name":"MAKO","slug":"mako"}],"_links":{"self":[{"href":"https:\/\/rrunning.tribalt.agency\/index.php?rest_route=\/wp\/v2\/product\/3490","targetHints":{"allow":["GET"]}}],"collection":[{"href":"https:\/\/rrunning.tribalt.agency\/index.php?rest_route=\/wp\/v2\/product"}],"about":[{"href":"https:\/\/rrunning.tribalt.agency\/index.php?rest_route=\/wp\/v2\/types\/product"}],"wp:featuredmedia":[{"embeddable":true,"href":"https:\/\/rrunning.tribalt.agency\/index.php?rest_route=\/wp\/v2\/media\/3491"}],"wp:attachment":[{"href":"https:\/\/rrunning.tribalt.agency\/index.php?rest_route=%2Fwp%2Fv2%2Fmedia&parent=3490"}],"wp:term":[{"taxonomy":"pwb-brand","embeddable":true,"href":"https:\/\/rrunning.tribalt.agency\/index.php?rest_route=%2Fwp%2Fv2%2Fpwb-brand&post=3490"},{"taxonomy":"product_brand","embeddable":true,"href":"https:\/\/rrunning.tribalt.agency\/index.php?rest_route=%2Fwp%2Fv2%2Fproduct_brand&post=3490"},{"taxonomy":"product_cat","embeddable":true,"href":"https:\/\/rrunning.tribalt.agency\/index.php?rest_route=%2Fwp%2Fv2%2Fproduct_cat&post=3490"},{"taxonomy":"product_tag","embeddable":true,"href":"https:\/\/rrunning.tribalt.agency\/index.php?rest_route=%2Fwp%2Fv2%2Fproduct_tag&post=3490"}],"curies":[{"name":"wp","href":"https:\/\/api.w.org\/{rel}","templated":true}]}}