{"id":3435,"date":"2025-09-06T08:44:14","date_gmt":"2025-09-06T06:44:14","guid":{"rendered":"https:\/\/rrunning.tribalt.agency\/?post_type=product&#038;p=3435"},"modified":"2025-09-06T08:44:14","modified_gmt":"2025-09-06T06:44:14","slug":"ascender-photochromic-blue","status":"publish","type":"product","link":"https:\/\/rrunning.tribalt.agency\/?product=ascender-photochromic-blue","title":{"rendered":"ASCENDER PHOTOCHROMIC BLUE"},"content":{"rendered":"<ul>\n<li>Anti-bu\u00e9e premium<\/li>\n<li>Protection anti-UV<\/li>\n<li>Champ de vision large<\/li>\n<li>3 tailles de pontet inclus<\/li>\n<li>Verres courb\u00e9s<\/li>\n<li>Verres: polycarbonate Photochromique<\/li>\n<li>Joint: \u00e9lastom\u00e8re<\/li>\n<li>R\u00e9glage lani\u00e8re:\u00a0polycarbonate<\/li>\n<li>Lani\u00e8re:\u00a0\u00e9lastom\u00e8re<\/li>\n<li>Pontet:\u00a0\u00e9lastom\u00e8re<\/li>\n<li>Etui rigide<\/li>\n<li>Fabriqu\u00e9 au Japon<\/li>\n<li>Valid\u00e9 FINA<\/li>\n<\/ul>\n","protected":false},"excerpt":{"rendered":"<p>Anti-bu\u00e9e premium Protection anti-UV Champ de vision large 3 tailles de pontet inclus Verres courb\u00e9s Verres: polycarbonate Photochromique Joint: \u00e9lastom\u00e8re R\u00e9glage lani\u00e8re:\u00a0polycarbonate Lani\u00e8re:\u00a0\u00e9lastom\u00e8re Pontet:\u00a0\u00e9lastom\u00e8re Etui rigide Fabriqu\u00e9 au Japon Valid\u00e9 FINA<\/p>\n","protected":false},"featured_media":3436,"template":"","meta":[],"pwb-brand":[107],"product_brand":[],"product_cat":[80],"product_tag":[],"class_list":{"0":"post-3435","1":"product","2":"type-product","3":"status-publish","4":"has-post-thumbnail","6":"pwb-brand-mako","7":"product_cat-accessoires-triathlon","9":"first","10":"instock","11":"shipping-taxable","12":"purchasable","13":"product-type-simple"},"brands":[{"id":107,"name":"MAKO","slug":"mako"}],"_links":{"self":[{"href":"https:\/\/rrunning.tribalt.agency\/index.php?rest_route=\/wp\/v2\/product\/3435","targetHints":{"allow":["GET"]}}],"collection":[{"href":"https:\/\/rrunning.tribalt.agency\/index.php?rest_route=\/wp\/v2\/product"}],"about":[{"href":"https:\/\/rrunning.tribalt.agency\/index.php?rest_route=\/wp\/v2\/types\/product"}],"wp:featuredmedia":[{"embeddable":true,"href":"https:\/\/rrunning.tribalt.agency\/index.php?rest_route=\/wp\/v2\/media\/3436"}],"wp:attachment":[{"href":"https:\/\/rrunning.tribalt.agency\/index.php?rest_route=%2Fwp%2Fv2%2Fmedia&parent=3435"}],"wp:term":[{"taxonomy":"pwb-brand","embeddable":true,"href":"https:\/\/rrunning.tribalt.agency\/index.php?rest_route=%2Fwp%2Fv2%2Fpwb-brand&post=3435"},{"taxonomy":"product_brand","embeddable":true,"href":"https:\/\/rrunning.tribalt.agency\/index.php?rest_route=%2Fwp%2Fv2%2Fproduct_brand&post=3435"},{"taxonomy":"product_cat","embeddable":true,"href":"https:\/\/rrunning.tribalt.agency\/index.php?rest_route=%2Fwp%2Fv2%2Fproduct_cat&post=3435"},{"taxonomy":"product_tag","embeddable":true,"href":"https:\/\/rrunning.tribalt.agency\/index.php?rest_route=%2Fwp%2Fv2%2Fproduct_tag&post=3435"}],"curies":[{"name":"wp","href":"https:\/\/api.w.org\/{rel}","templated":true}]}}