{"id":3429,"date":"2025-09-06T08:22:54","date_gmt":"2025-09-06T06:22:54","guid":{"rendered":"https:\/\/rrunning.tribalt.agency\/?post_type=product&#038;p=3429"},"modified":"2025-09-16T19:31:26","modified_gmt":"2025-09-16T17:31:26","slug":"pro-racing-socks-v4-0-trail-stay-behind","status":"publish","type":"product","link":"https:\/\/rrunning.tribalt.agency\/?product=pro-racing-socks-v4-0-trail-stay-behind","title":{"rendered":"PRO RACING SOCKS V4.0 TRAIL STAY BEHIND"},"content":{"rendered":"<p>Le trail ou la course nature n`est pas une course sur route. Les pieds doivent constamment fl\u00e9chir et s`adapter \u00e0 un terrain en constante \u00e9volution, et les chaussures doivent suivre le rythme. Con\u00e7ues dans un souci d`absorption des chocs et de protection, les chaussettes Pro Racing Socks Trail de 4\u00e8me g\u00e9n\u00e9ration font monter d`un cran les technologies Compressport pour vous accompagner dans toutes vos aventures route. Un tissage sp\u00e9cifique autour de l`avant-pied et de la jambe inf\u00e9rieure est robuste mais ventil\u00e9, \u00e9vacuant rapidement l`humidit\u00e9 pour pr\u00e9venir l`irritation. Le tissu plus \u00e9pais du cou-de-pied remonte plus haut que celui de nos mod\u00e8les de course pour une protection accrue, et une maille sp\u00e9cifique autour de la cheville offre une stabilit\u00e9 rassurante sur les terrains rocheux. Une toute nouvelle zone des orteils \"renfort de pointe\" plus large offre un ajustement plus ergonomique et une meilleure proprioception, permettant aux orteils de s`accrocher et de s`\u00e9quilibrer intuitivement sur un sol irr\u00e9gulier. Un rembourrage en tissu \u00e9ponge r\u00e9sistant recouvre tous les orteils pour amortir les impacts lors des descentes rapides et brutales. Un soutien am\u00e9lior\u00e9 de la vo\u00fbte plantaire \u00e0 360\u00b0 stimule la circulation sanguine et emp\u00eache le tissu de se tordre et de se plier, \u00e9vitant ainsi les ampoules et les irritations au fil des kilom\u00e8tres.Les technologies Signature dot offrent une protection strat\u00e9gique contre les \u00e9l\u00e9ments ext\u00e9rieurs dans les zones connues pour \u00eatre probl\u00e9matiques pour les coureurs de trail. Les deux mall\u00e9oles sont recouvertes de gros points en forme de soleil pour \u00e9viter pour pr\u00e9venir les ecchymoses au bas du pied. Deux rang\u00e9es lat\u00e9rales de 3D.Dots recouvrent les muscles fibulaires, stimulant les r\u00e9cepteurs sensoriels pour am\u00e9liorer la proprioception et la stabilit\u00e9 de la cheville. Un large motif de 3D.Dots remonte le long du tendon d`Achille pour plus de rembourrage et de soutien, entourant une ligne de Flat.dots pour la ventilation. Un tissage plus dense sous le pied r\u00e9duit davantage les vibrations, les 3D.Dots amortissant l`impact et donnant au pied une adh\u00e9rence solide dans la chaussure. Ces points contribuent \u00e9galement \u00e0 augmenter le retour veineux et \u00e0 retarder la fatigue pour que vous vous sentiez frais plus longtemps. Plus haute que la chaussette Run Sock, la version trail offre une protection accrue du bas de la jambe et des chevilles, avec des tissus plus durables pour r\u00e9sister aux \u00e9preuves de la nature. Une languette ergonomique \u00e0 l`arri\u00e8re ajoute une touche de confort et, pour vous assurer de ne pas vous tromper de chaussette, la discipline est discr\u00e8tement brod\u00e9e \u00e0 l`int\u00e9rieur. Il n`y a pas deux chemins \u00e0 suivre : il s`agit d`une chaussette de trail running haute performance, aussi r\u00e9sistante et durable que vous.<\/p>\n","protected":false},"excerpt":{"rendered":"<p>Le trail ou la course nature n`est pas une course sur route. Les pieds doivent constamment fl\u00e9chir et s`adapter \u00e0 un terrain en constante \u00e9volution, et les chaussures doivent suivre le rythme. Con\u00e7ues dans un souci d`absorption des chocs et de protection, les chaussettes Pro Racing Socks Trail de 4\u00e8me g\u00e9n\u00e9ration font monter d`un cran [&hellip;]<\/p>\n","protected":false},"featured_media":3433,"template":"","meta":[],"pwb-brand":[97],"product_brand":[],"product_cat":[28],"product_tag":[],"class_list":{"0":"post-3429","1":"product","2":"type-product","3":"status-publish","4":"has-post-thumbnail","6":"pwb-brand-compressport","7":"product_cat-chaussettes","9":"first","10":"instock","11":"shipping-taxable","12":"purchasable","13":"product-type-simple"},"brands":[{"id":97,"name":"COMPRESSPORT","slug":"compressport"}],"_links":{"self":[{"href":"https:\/\/rrunning.tribalt.agency\/index.php?rest_route=\/wp\/v2\/product\/3429","targetHints":{"allow":["GET"]}}],"collection":[{"href":"https:\/\/rrunning.tribalt.agency\/index.php?rest_route=\/wp\/v2\/product"}],"about":[{"href":"https:\/\/rrunning.tribalt.agency\/index.php?rest_route=\/wp\/v2\/types\/product"}],"wp:featuredmedia":[{"embeddable":true,"href":"https:\/\/rrunning.tribalt.agency\/index.php?rest_route=\/wp\/v2\/media\/3433"}],"wp:attachment":[{"href":"https:\/\/rrunning.tribalt.agency\/index.php?rest_route=%2Fwp%2Fv2%2Fmedia&parent=3429"}],"wp:term":[{"taxonomy":"pwb-brand","embeddable":true,"href":"https:\/\/rrunning.tribalt.agency\/index.php?rest_route=%2Fwp%2Fv2%2Fpwb-brand&post=3429"},{"taxonomy":"product_brand","embeddable":true,"href":"https:\/\/rrunning.tribalt.agency\/index.php?rest_route=%2Fwp%2Fv2%2Fproduct_brand&post=3429"},{"taxonomy":"product_cat","embeddable":true,"href":"https:\/\/rrunning.tribalt.agency\/index.php?rest_route=%2Fwp%2Fv2%2Fproduct_cat&post=3429"},{"taxonomy":"product_tag","embeddable":true,"href":"https:\/\/rrunning.tribalt.agency\/index.php?rest_route=%2Fwp%2Fv2%2Fproduct_tag&post=3429"}],"curies":[{"name":"wp","href":"https:\/\/api.w.org\/{rel}","templated":true}]}}