{"id":3417,"date":"2025-09-06T07:56:06","date_gmt":"2025-09-06T05:56:06","guid":{"rendered":"https:\/\/rrunning.tribalt.agency\/?post_type=product&#038;p=3417"},"modified":"2025-09-06T08:11:21","modified_gmt":"2025-09-06T06:11:21","slug":"jakar-30","status":"publish","type":"product","link":"https:\/\/rrunning.tribalt.agency\/?product=jakar-30","title":{"rendered":"JAKAR 30"},"content":{"rendered":"<p>Cadre en aluminium nouvelle g\u00e9n\u00e9ration, con\u00e7u sp\u00e9cialement pour le gravel<br \/>\nFourche en carbone optimis\u00e9e pour la pratique du gravel<br \/>\nTransmission Shimano GRX 2x10 vitesses, fiable et pr\u00e9cise<br \/>\nFreins \u00e0 disque hydrauliques Shimano GRX-400, puissants et efficaces<\/p>\n<p>Taille : S<\/p>\n<p>Couleur : Brown<\/p>\n<p><strong>Caract\u00e9ristiques:\u00a0<\/strong><\/p>\n<ul>\n<li data-start=\"1478\" data-end=\"1685\">\n<p data-start=\"1480\" data-end=\"1685\"><strong data-start=\"1480\" data-end=\"1489\">Cadre<\/strong> : Aluminium Gravel AL 6061 triple-butted, hydroform\u00e9, routage interne des c\u00e2bles, montage flat-mount pour freins \u00e0 disque, axe traversant arri\u00e8re 12\u00d7142 mm<\/p>\n<\/li>\n<li data-start=\"1686\" data-end=\"1814\">\n<p data-start=\"1688\" data-end=\"1814\"><strong data-start=\"1688\" data-end=\"1699\">Fourche<\/strong> : Carbone sp\u00e9cifique gravel, montage flat-mount 12\u00d7100 mm, routage interne<\/p>\n<\/li>\n<li data-start=\"1815\" data-end=\"1961\">\n<p data-start=\"1817\" data-end=\"1961\"><strong data-start=\"1817\" data-end=\"1833\">Transmission<\/strong> : Shimano RX-400 2x10 vitesses, p\u00e9dalier 46-30 dents, cassette Shimano HG50 11-36 dents<\/p>\n<\/li>\n<li data-start=\"1962\" data-end=\"2073\">\n<p data-start=\"1964\" data-end=\"2073\"><strong data-start=\"1964\" data-end=\"1974\">Freins<\/strong> : Shimano RX-400, disques hydrauliques, montage flat-mount<\/p>\n<\/li>\n<li data-start=\"2074\" data-end=\"2220\">\n<p data-start=\"2076\" data-end=\"2220\"><strong data-start=\"2076\" data-end=\"2093\">Roues &amp; Pneus<\/strong> : Jantes Megamo Gravel GR 700 tubeless ready, pneus WTB Riddler 700\u00d745 c, flancs beige<\/p>\n<\/li>\n<li data-start=\"2221\" data-end=\"2437\">\n<p data-start=\"2223\" data-end=\"2241\"><strong data-start=\"2223\" data-end=\"2237\">Composants<\/strong> :<\/p>\n<ul data-start=\"2245\" data-end=\"2437\">\n<li data-start=\"2245\" data-end=\"2295\">\n<p data-start=\"2247\" data-end=\"2295\">Cintre : Megamo Specific Gravel HB FOV Compact<\/p>\n<\/li>\n<li data-start=\"2299\" data-end=\"2323\">\n<p data-start=\"2301\" data-end=\"2323\">Potence : Megamo FOV<\/p>\n<\/li>\n<li data-start=\"2327\" data-end=\"2363\">\n<p data-start=\"2329\" data-end=\"2363\">Tige de selle : \u00d8 27,2 mm Megamo<\/p>\n<\/li>\n<li data-start=\"2367\" data-end=\"2437\">\n<p data-start=\"2369\" data-end=\"2437\">Selle : Selle Italia Model X <span class=\"\" data-state=\"closed\"><span class=\"ms-1 inline-flex max-w-full items-center relative top-[-0.094rem] animate-[show_150ms_ease-in]\" data-testid=\"webpage-citation-pill\"><a class=\"flex h-4.5 overflow-hidden rounded-xl px-2 text-[9px] font-medium text-token-text-secondary! bg-[#F4F4F4]! dark:bg-[#303030]! transition-colors duration-150 ease-in-out\" href=\"https:\/\/www.megamo.com\/en\/bikes\/gravel\/jakar\/jakar-30-%2825%29?utm_source=chatgpt.com\" target=\"_blank\" rel=\"noopener\"><span class=\"relative start-0 bottom-0 flex h-full w-full items-center\"><span class=\"flex h-4 w-full items-center justify-between overflow-hidden\"><span class=\"max-w-full grow truncate overflow-hidden text-center\">megamo.com<\/span><\/span><\/span><\/a><\/span><\/span><\/p>\n<\/li>\n<\/ul>\n<\/li>\n<\/ul>\n<p>&nbsp;<\/p>\n<p>&nbsp;<\/p>\n","protected":false},"excerpt":{"rendered":"<p>Cadre en aluminium nouvelle g\u00e9n\u00e9ration, con\u00e7u sp\u00e9cialement pour le gravel Fourche en carbone optimis\u00e9e pour la pratique du gravel Transmission Shimano GRX 2x10 vitesses, fiable et pr\u00e9cise Freins \u00e0 disque hydrauliques Shimano GRX-400, puissants et efficaces Taille : S Couleur : Brown Caract\u00e9ristiques:\u00a0 Cadre : Aluminium Gravel AL 6061 triple-butted, hydroform\u00e9, routage interne des c\u00e2bles, [&hellip;]<\/p>\n","protected":false},"featured_media":3419,"template":"","meta":[],"pwb-brand":[109],"product_brand":[],"product_cat":[66],"product_tag":[],"class_list":{"0":"post-3417","1":"product","2":"type-product","3":"status-publish","4":"has-post-thumbnail","6":"pwb-brand-megamo","7":"product_cat-gravel","9":"first","10":"instock","11":"shipping-taxable","12":"purchasable","13":"product-type-simple"},"brands":[{"id":109,"name":"MEGAMO","slug":"megamo"}],"_links":{"self":[{"href":"https:\/\/rrunning.tribalt.agency\/index.php?rest_route=\/wp\/v2\/product\/3417","targetHints":{"allow":["GET"]}}],"collection":[{"href":"https:\/\/rrunning.tribalt.agency\/index.php?rest_route=\/wp\/v2\/product"}],"about":[{"href":"https:\/\/rrunning.tribalt.agency\/index.php?rest_route=\/wp\/v2\/types\/product"}],"wp:featuredmedia":[{"embeddable":true,"href":"https:\/\/rrunning.tribalt.agency\/index.php?rest_route=\/wp\/v2\/media\/3419"}],"wp:attachment":[{"href":"https:\/\/rrunning.tribalt.agency\/index.php?rest_route=%2Fwp%2Fv2%2Fmedia&parent=3417"}],"wp:term":[{"taxonomy":"pwb-brand","embeddable":true,"href":"https:\/\/rrunning.tribalt.agency\/index.php?rest_route=%2Fwp%2Fv2%2Fpwb-brand&post=3417"},{"taxonomy":"product_brand","embeddable":true,"href":"https:\/\/rrunning.tribalt.agency\/index.php?rest_route=%2Fwp%2Fv2%2Fproduct_brand&post=3417"},{"taxonomy":"product_cat","embeddable":true,"href":"https:\/\/rrunning.tribalt.agency\/index.php?rest_route=%2Fwp%2Fv2%2Fproduct_cat&post=3417"},{"taxonomy":"product_tag","embeddable":true,"href":"https:\/\/rrunning.tribalt.agency\/index.php?rest_route=%2Fwp%2Fv2%2Fproduct_tag&post=3417"}],"curies":[{"name":"wp","href":"https:\/\/api.w.org\/{rel}","templated":true}]}}