{"id":3400,"date":"2025-07-06T07:20:53","date_gmt":"2025-07-06T05:20:53","guid":{"rendered":"https:\/\/rrunning.tribalt.agency\/?post_type=product&#038;p=3400"},"modified":"2025-09-16T19:15:12","modified_gmt":"2025-09-16T17:15:12","slug":"clifton-9-2","status":"publish","type":"product","link":"https:\/\/rrunning.tribalt.agency\/?product=clifton-9-2","title":{"rendered":"CLIFTON 9"},"content":{"rendered":"<p>La neuvi\u00e8me g\u00e9n\u00e9ration de notre collection r\u00e9compens\u00e9e Clifton est lanc\u00e9e, plus l\u00e9g\u00e8re et plus amortie que jamais. La nouvelle Clifton 9 est plus l\u00e9g\u00e8re tout en gagnant 3 mm d'\u00e9paisseur au niveau de la semelle. Elle offre l'exp\u00e9rience d'un amorti in\u00e9dit gr\u00e2ce \u00e0 une nouvelle mousse r\u00e9active et un design de semelle ext\u00e9rieure am\u00e9lior\u00e9. La tige arri\u00e8re \u00e9pur\u00e9e est soigneusement con\u00e7ue avec un talon moelleux, un empi\u00e8cement r\u00e9fl\u00e9chissant et une languette profil\u00e9e dot\u00e9e d'un soufflet m\u00e9dian sur un c\u00f4t\u00e9.<\/p>\n<table>\n<tbody>\n<tr class=\"r0\">\n<th>Poids :<\/th>\n<td>205 g<\/td>\n<\/tr>\n<tr class=\"r1\">\n<th>Surface :<\/th>\n<td>Route, Chemin<\/td>\n<\/tr>\n<tr class=\"r0\">\n<th>Foul\u00e9e :<\/th>\n<td>Universelle<\/td>\n<\/tr>\n<tr class=\"r1\">\n<th>Drop :<\/th>\n<td>5 mm<\/td>\n<\/tr>\n<\/tbody>\n<\/table>\n","protected":false},"excerpt":{"rendered":"<p>La neuvi\u00e8me g\u00e9n\u00e9ration de notre collection r\u00e9compens\u00e9e Clifton est lanc\u00e9e, plus l\u00e9g\u00e8re et plus amortie que jamais. La nouvelle Clifton 9 est plus l\u00e9g\u00e8re tout en gagnant 3 mm d'\u00e9paisseur au niveau de la semelle. Elle offre l'exp\u00e9rience d'un amorti in\u00e9dit gr\u00e2ce \u00e0 une nouvelle mousse r\u00e9active et un design de semelle ext\u00e9rieure am\u00e9lior\u00e9. La [&hellip;]<\/p>\n","protected":false},"featured_media":3401,"template":"","meta":[],"pwb-brand":[102],"product_brand":[],"product_cat":[42],"product_tag":[],"class_list":{"0":"post-3400","1":"product","2":"type-product","3":"status-publish","4":"has-post-thumbnail","6":"pwb-brand-hoka","7":"product_cat-route-chaussures-hommes","9":"first","10":"instock","11":"sale","12":"shipping-taxable","13":"purchasable","14":"product-type-simple"},"brands":[{"id":102,"name":"HOKA","slug":"hoka"}],"_links":{"self":[{"href":"https:\/\/rrunning.tribalt.agency\/index.php?rest_route=\/wp\/v2\/product\/3400","targetHints":{"allow":["GET"]}}],"collection":[{"href":"https:\/\/rrunning.tribalt.agency\/index.php?rest_route=\/wp\/v2\/product"}],"about":[{"href":"https:\/\/rrunning.tribalt.agency\/index.php?rest_route=\/wp\/v2\/types\/product"}],"wp:featuredmedia":[{"embeddable":true,"href":"https:\/\/rrunning.tribalt.agency\/index.php?rest_route=\/wp\/v2\/media\/3401"}],"wp:attachment":[{"href":"https:\/\/rrunning.tribalt.agency\/index.php?rest_route=%2Fwp%2Fv2%2Fmedia&parent=3400"}],"wp:term":[{"taxonomy":"pwb-brand","embeddable":true,"href":"https:\/\/rrunning.tribalt.agency\/index.php?rest_route=%2Fwp%2Fv2%2Fpwb-brand&post=3400"},{"taxonomy":"product_brand","embeddable":true,"href":"https:\/\/rrunning.tribalt.agency\/index.php?rest_route=%2Fwp%2Fv2%2Fproduct_brand&post=3400"},{"taxonomy":"product_cat","embeddable":true,"href":"https:\/\/rrunning.tribalt.agency\/index.php?rest_route=%2Fwp%2Fv2%2Fproduct_cat&post=3400"},{"taxonomy":"product_tag","embeddable":true,"href":"https:\/\/rrunning.tribalt.agency\/index.php?rest_route=%2Fwp%2Fv2%2Fproduct_tag&post=3400"}],"curies":[{"name":"wp","href":"https:\/\/api.w.org\/{rel}","templated":true}]}}