{"id":3370,"date":"2025-09-05T10:29:05","date_gmt":"2025-09-05T08:29:05","guid":{"rendered":"https:\/\/rrunning.tribalt.agency\/?post_type=product&#038;p=3370"},"modified":"2025-09-05T10:34:12","modified_gmt":"2025-09-05T08:34:12","slug":"glycerin-max-2","status":"publish","type":"product","link":"https:\/\/rrunning.tribalt.agency\/?product=glycerin-max-2","title":{"rendered":"Glycerin Max"},"content":{"rendered":"<p class=\"m-long-description-text\">La Glycerin\u00a0Max pour homme offre une douceur a\u00e9rienne et une r\u00e9activit\u00e9 \u00e9lectrisante, optimis\u00e9es \u00e0 chaque centim\u00e8tre de chaque foul\u00e9e. Comment\u00a0? Deux types d\u2019amortis avec nitro-injection, parfaitement int\u00e9gr\u00e9s dans une semelle interm\u00e9diaire optimis\u00e9e. La nouvelle d\u00e9finition du running.<\/p>\n<p>Drop De La Semelle Interm\u00e9diaire : 6mm<br \/>\nPoids : 10,5oz \/ 297,7g<\/p>\n","protected":false},"excerpt":{"rendered":"<p>La Glycerin\u00a0Max pour homme offre une douceur a\u00e9rienne et une r\u00e9activit\u00e9 \u00e9lectrisante, optimis\u00e9es \u00e0 chaque centim\u00e8tre de chaque foul\u00e9e. Comment\u00a0? Deux types d\u2019amortis avec nitro-injection, parfaitement int\u00e9gr\u00e9s dans une semelle interm\u00e9diaire optimis\u00e9e. La nouvelle d\u00e9finition du running. Drop De La Semelle Interm\u00e9diaire : 6mm Poids : 10,5oz \/ 297,7g<\/p>\n","protected":false},"featured_media":3371,"template":"","meta":[],"pwb-brand":[92],"product_brand":[],"product_cat":[42],"product_tag":[],"class_list":{"0":"post-3370","1":"product","2":"type-product","3":"status-publish","4":"has-post-thumbnail","6":"pwb-brand-brooks","7":"product_cat-route-chaussures-hommes","9":"first","10":"instock","11":"shipping-taxable","12":"purchasable","13":"product-type-simple"},"brands":[{"id":92,"name":"BROOKS","slug":"brooks"}],"_links":{"self":[{"href":"https:\/\/rrunning.tribalt.agency\/index.php?rest_route=\/wp\/v2\/product\/3370","targetHints":{"allow":["GET"]}}],"collection":[{"href":"https:\/\/rrunning.tribalt.agency\/index.php?rest_route=\/wp\/v2\/product"}],"about":[{"href":"https:\/\/rrunning.tribalt.agency\/index.php?rest_route=\/wp\/v2\/types\/product"}],"wp:featuredmedia":[{"embeddable":true,"href":"https:\/\/rrunning.tribalt.agency\/index.php?rest_route=\/wp\/v2\/media\/3371"}],"wp:attachment":[{"href":"https:\/\/rrunning.tribalt.agency\/index.php?rest_route=%2Fwp%2Fv2%2Fmedia&parent=3370"}],"wp:term":[{"taxonomy":"pwb-brand","embeddable":true,"href":"https:\/\/rrunning.tribalt.agency\/index.php?rest_route=%2Fwp%2Fv2%2Fpwb-brand&post=3370"},{"taxonomy":"product_brand","embeddable":true,"href":"https:\/\/rrunning.tribalt.agency\/index.php?rest_route=%2Fwp%2Fv2%2Fproduct_brand&post=3370"},{"taxonomy":"product_cat","embeddable":true,"href":"https:\/\/rrunning.tribalt.agency\/index.php?rest_route=%2Fwp%2Fv2%2Fproduct_cat&post=3370"},{"taxonomy":"product_tag","embeddable":true,"href":"https:\/\/rrunning.tribalt.agency\/index.php?rest_route=%2Fwp%2Fv2%2Fproduct_tag&post=3370"}],"curies":[{"name":"wp","href":"https:\/\/api.w.org\/{rel}","templated":true}]}}