{"id":3345,"date":"2025-09-04T12:13:08","date_gmt":"2025-09-04T10:13:08","guid":{"rendered":"https:\/\/rrunning.tribalt.agency\/?post_type=product&#038;p=3345"},"modified":"2025-09-04T12:13:08","modified_gmt":"2025-09-04T10:13:08","slug":"homme-endorphin-pro-4","status":"publish","type":"product","link":"https:\/\/rrunning.tribalt.agency\/?product=homme-endorphin-pro-4","title":{"rendered":"Homme Endorphin Pro 4"},"content":{"rendered":"<div class=\"highlight\"><strong>Plaque de carbone<\/strong><\/div>\n<div class=\"highlight\">Con\u00e7ue pour une rigidit\u00e9 longitudinale et une efficacit\u00e9 m\u00e9tabolique maximale.<\/div>\n<div><\/div>\n<div class=\"highlight\"><strong>Technologie SPEEDROLL qui offre du rebond<\/strong><\/div>\n<div class=\"highlight\">Vitesse sans effort et propulsion naturelle.<\/div>\n<div><\/div>\n<div class=\"highlight\"><strong>Chaussant con\u00e7u pour la course<\/strong><\/div>\n<div class=\"highlight\">Doublure du talon soyeuse et languette int\u00e9gr\u00e9e pour un contact confortable.<\/div>\n<div><\/div>\n<div>Poids: Homme 7.5oz (212g)<br \/>\nDrop: 8mm (39.5mm\/31.5mm)<\/div>\n","protected":false},"excerpt":{"rendered":"<p>Plaque de carbone Con\u00e7ue pour une rigidit\u00e9 longitudinale et une efficacit\u00e9 m\u00e9tabolique maximale. Technologie SPEEDROLL qui offre du rebond Vitesse sans effort et propulsion naturelle. Chaussant con\u00e7u pour la course Doublure du talon soyeuse et languette int\u00e9gr\u00e9e pour un contact confortable. Poids: Homme 7.5oz (212g) Drop: 8mm (39.5mm\/31.5mm)<\/p>\n","protected":false},"featured_media":3346,"template":"","meta":[],"pwb-brand":[120],"product_brand":[],"product_cat":[42],"product_tag":[],"class_list":{"0":"post-3345","1":"product","2":"type-product","3":"status-publish","4":"has-post-thumbnail","6":"pwb-brand-saucony","7":"product_cat-route-chaussures-hommes","9":"first","10":"instock","11":"shipping-taxable","12":"purchasable","13":"product-type-simple"},"brands":[{"id":120,"name":"SAUCONY","slug":"saucony"}],"_links":{"self":[{"href":"https:\/\/rrunning.tribalt.agency\/index.php?rest_route=\/wp\/v2\/product\/3345","targetHints":{"allow":["GET"]}}],"collection":[{"href":"https:\/\/rrunning.tribalt.agency\/index.php?rest_route=\/wp\/v2\/product"}],"about":[{"href":"https:\/\/rrunning.tribalt.agency\/index.php?rest_route=\/wp\/v2\/types\/product"}],"wp:featuredmedia":[{"embeddable":true,"href":"https:\/\/rrunning.tribalt.agency\/index.php?rest_route=\/wp\/v2\/media\/3346"}],"wp:attachment":[{"href":"https:\/\/rrunning.tribalt.agency\/index.php?rest_route=%2Fwp%2Fv2%2Fmedia&parent=3345"}],"wp:term":[{"taxonomy":"pwb-brand","embeddable":true,"href":"https:\/\/rrunning.tribalt.agency\/index.php?rest_route=%2Fwp%2Fv2%2Fpwb-brand&post=3345"},{"taxonomy":"product_brand","embeddable":true,"href":"https:\/\/rrunning.tribalt.agency\/index.php?rest_route=%2Fwp%2Fv2%2Fproduct_brand&post=3345"},{"taxonomy":"product_cat","embeddable":true,"href":"https:\/\/rrunning.tribalt.agency\/index.php?rest_route=%2Fwp%2Fv2%2Fproduct_cat&post=3345"},{"taxonomy":"product_tag","embeddable":true,"href":"https:\/\/rrunning.tribalt.agency\/index.php?rest_route=%2Fwp%2Fv2%2Fproduct_tag&post=3345"}],"curies":[{"name":"wp","href":"https:\/\/api.w.org\/{rel}","templated":true}]}}