{"id":3324,"date":"2025-09-03T14:09:59","date_gmt":"2025-09-03T12:09:59","guid":{"rendered":"https:\/\/rrunning.tribalt.agency\/?post_type=product&#038;p=3324"},"modified":"2025-09-03T14:13:04","modified_gmt":"2025-09-03T12:13:04","slug":"mach-x-3","status":"publish","type":"product","link":"https:\/\/rrunning.tribalt.agency\/?product=mach-x-3","title":{"rendered":"Mach X 3"},"content":{"rendered":"<p>Qui n\u2019a jamais r\u00eav\u00e9 de franchir le mur du son\u00a0? Toute notre r\u00e9flexion est partie de l\u00e0. Chaussure d\u2019entra\u00eenement dot\u00e9e d\u2019une plaque qui enflamme vos sessions de vitesse, notre Mach\u00a0X\u00a03 est le compl\u00e9ment id\u00e9al de votre arsenal de running. Con\u00e7ue pour les runs intenses gr\u00e2ce \u00e0 sa plaque dynamique en Pebax\u00ae et \u00e0 sa semelle interm\u00e9diaire ultrar\u00e9siliente dot\u00e9e d\u2019une couche sup\u00e9rieure en PEBA, cette chaussure, d\u00e9sormais \u00e9quip\u00e9e d\u2019une tige tiss\u00e9e respirante et d\u2019un bracelet affin\u00e9, apporte l\u00e9g\u00e8ret\u00e9, fra\u00eecheur et vitesse \u00e0 tous vos entra\u00eenements.<\/p>\n<p>Poids : 227.00 g<br \/>\nInclinaison talon-orteils : 7.00 mm<\/p>\n","protected":false},"excerpt":{"rendered":"<p>Qui n\u2019a jamais r\u00eav\u00e9 de franchir le mur du son\u00a0? Toute notre r\u00e9flexion est partie de l\u00e0. Chaussure d\u2019entra\u00eenement dot\u00e9e d\u2019une plaque qui enflamme vos sessions de vitesse, notre Mach\u00a0X\u00a03 est le compl\u00e9ment id\u00e9al de votre arsenal de running. Con\u00e7ue pour les runs intenses gr\u00e2ce \u00e0 sa plaque dynamique en Pebax\u00ae et \u00e0 sa semelle [&hellip;]<\/p>\n","protected":false},"featured_media":3325,"template":"","meta":[],"pwb-brand":[102],"product_brand":[],"product_cat":[42],"product_tag":[],"class_list":{"0":"post-3324","1":"product","2":"type-product","3":"status-publish","4":"has-post-thumbnail","6":"pwb-brand-hoka","7":"product_cat-route-chaussures-hommes","9":"first","10":"instock","11":"shipping-taxable","12":"purchasable","13":"product-type-simple"},"brands":[{"id":102,"name":"HOKA","slug":"hoka"}],"_links":{"self":[{"href":"https:\/\/rrunning.tribalt.agency\/index.php?rest_route=\/wp\/v2\/product\/3324","targetHints":{"allow":["GET"]}}],"collection":[{"href":"https:\/\/rrunning.tribalt.agency\/index.php?rest_route=\/wp\/v2\/product"}],"about":[{"href":"https:\/\/rrunning.tribalt.agency\/index.php?rest_route=\/wp\/v2\/types\/product"}],"wp:featuredmedia":[{"embeddable":true,"href":"https:\/\/rrunning.tribalt.agency\/index.php?rest_route=\/wp\/v2\/media\/3325"}],"wp:attachment":[{"href":"https:\/\/rrunning.tribalt.agency\/index.php?rest_route=%2Fwp%2Fv2%2Fmedia&parent=3324"}],"wp:term":[{"taxonomy":"pwb-brand","embeddable":true,"href":"https:\/\/rrunning.tribalt.agency\/index.php?rest_route=%2Fwp%2Fv2%2Fpwb-brand&post=3324"},{"taxonomy":"product_brand","embeddable":true,"href":"https:\/\/rrunning.tribalt.agency\/index.php?rest_route=%2Fwp%2Fv2%2Fproduct_brand&post=3324"},{"taxonomy":"product_cat","embeddable":true,"href":"https:\/\/rrunning.tribalt.agency\/index.php?rest_route=%2Fwp%2Fv2%2Fproduct_cat&post=3324"},{"taxonomy":"product_tag","embeddable":true,"href":"https:\/\/rrunning.tribalt.agency\/index.php?rest_route=%2Fwp%2Fv2%2Fproduct_tag&post=3324"}],"curies":[{"name":"wp","href":"https:\/\/api.w.org\/{rel}","templated":true}]}}