{"id":3196,"date":"2025-09-02T09:45:53","date_gmt":"2025-09-02T07:45:53","guid":{"rendered":"https:\/\/rrunning.tribalt.agency\/?post_type=product&#038;p=3196"},"modified":"2025-09-02T09:48:29","modified_gmt":"2025-09-02T07:48:29","slug":"ghost-max-3","status":"publish","type":"product","link":"https:\/\/rrunning.tribalt.agency\/?product=ghost-max-3","title":{"rendered":"Ghost Max 3"},"content":{"rendered":"<p><strong>Elle offre un amorti suppl\u00e9mentaire et un soutien au niveau du talon pour un confort maximal lors des longs runs.<\/strong><\/p>\n<p>Con\u00e7ue pour : Route<br \/>\nDrop De La Semelle Interm\u00e9diaire : 6mm<br \/>\nPoids : 10,0oz \/ 283,5g<br \/>\nRessenti de Foul\u00e9e : \u00c9quilibr\u00e9<br \/>\nUn m\u00e9lange d\u2019amorti souple et dynamique qui offre une sensation de douceur \u00e0 chaque pas.<\/p>\n","protected":false},"excerpt":{"rendered":"<p>Elle offre un amorti suppl\u00e9mentaire et un soutien au niveau du talon pour un confort maximal lors des longs runs. Con\u00e7ue pour : Route Drop De La Semelle Interm\u00e9diaire : 6mm Poids : 10,0oz \/ 283,5g Ressenti de Foul\u00e9e : \u00c9quilibr\u00e9 Un m\u00e9lange d\u2019amorti souple et dynamique qui offre une sensation de douceur \u00e0 chaque [&hellip;]<\/p>\n","protected":false},"featured_media":3197,"template":"","meta":[],"pwb-brand":[92],"product_brand":[],"product_cat":[38],"product_tag":[],"class_list":{"0":"post-3196","1":"product","2":"type-product","3":"status-publish","4":"has-post-thumbnail","6":"pwb-brand-brooks","7":"product_cat-route","9":"first","10":"instock","11":"shipping-taxable","12":"purchasable","13":"product-type-simple"},"brands":[{"id":92,"name":"BROOKS","slug":"brooks"}],"_links":{"self":[{"href":"https:\/\/rrunning.tribalt.agency\/index.php?rest_route=\/wp\/v2\/product\/3196","targetHints":{"allow":["GET"]}}],"collection":[{"href":"https:\/\/rrunning.tribalt.agency\/index.php?rest_route=\/wp\/v2\/product"}],"about":[{"href":"https:\/\/rrunning.tribalt.agency\/index.php?rest_route=\/wp\/v2\/types\/product"}],"wp:featuredmedia":[{"embeddable":true,"href":"https:\/\/rrunning.tribalt.agency\/index.php?rest_route=\/wp\/v2\/media\/3197"}],"wp:attachment":[{"href":"https:\/\/rrunning.tribalt.agency\/index.php?rest_route=%2Fwp%2Fv2%2Fmedia&parent=3196"}],"wp:term":[{"taxonomy":"pwb-brand","embeddable":true,"href":"https:\/\/rrunning.tribalt.agency\/index.php?rest_route=%2Fwp%2Fv2%2Fpwb-brand&post=3196"},{"taxonomy":"product_brand","embeddable":true,"href":"https:\/\/rrunning.tribalt.agency\/index.php?rest_route=%2Fwp%2Fv2%2Fproduct_brand&post=3196"},{"taxonomy":"product_cat","embeddable":true,"href":"https:\/\/rrunning.tribalt.agency\/index.php?rest_route=%2Fwp%2Fv2%2Fproduct_cat&post=3196"},{"taxonomy":"product_tag","embeddable":true,"href":"https:\/\/rrunning.tribalt.agency\/index.php?rest_route=%2Fwp%2Fv2%2Fproduct_tag&post=3196"}],"curies":[{"name":"wp","href":"https:\/\/api.w.org\/{rel}","templated":true}]}}