{"id":3115,"date":"2025-08-29T10:18:35","date_gmt":"2025-08-29T08:18:35","guid":{"rendered":"https:\/\/rrunning.tribalt.agency\/?post_type=product&#038;p=3115"},"modified":"2025-08-29T10:19:43","modified_gmt":"2025-08-29T08:19:43","slug":"full-socks-recovery-2-0","status":"publish","type":"product","link":"https:\/\/rrunning.tribalt.agency\/?product=full-socks-recovery-2-0","title":{"rendered":"FULL SOCKS RECOVERY 2.0"},"content":{"rendered":"<p>Chaussettes de compression haute performance pour stimuler la circulation sanguine et acc\u00e9l\u00e9rer la r\u00e9g\u00e9n\u00e9ration musculaire apr\u00e8s des efforts intenses ou en voyage<\/p>\n","protected":false},"excerpt":{"rendered":"<p>Chaussettes de compression haute performance pour stimuler la circulation sanguine et acc\u00e9l\u00e9rer la r\u00e9g\u00e9n\u00e9ration musculaire apr\u00e8s des efforts intenses ou en voyage<\/p>\n","protected":false},"featured_media":3116,"template":"","meta":[],"pwb-brand":[97],"product_brand":[],"product_cat":[28],"product_tag":[],"class_list":{"0":"post-3115","1":"product","2":"type-product","3":"status-publish","4":"has-post-thumbnail","6":"pwb-brand-compressport","7":"product_cat-chaussettes","9":"first","10":"instock","11":"shipping-taxable","12":"purchasable","13":"product-type-simple"},"brands":[{"id":97,"name":"COMPRESSPORT","slug":"compressport"}],"_links":{"self":[{"href":"https:\/\/rrunning.tribalt.agency\/index.php?rest_route=\/wp\/v2\/product\/3115","targetHints":{"allow":["GET"]}}],"collection":[{"href":"https:\/\/rrunning.tribalt.agency\/index.php?rest_route=\/wp\/v2\/product"}],"about":[{"href":"https:\/\/rrunning.tribalt.agency\/index.php?rest_route=\/wp\/v2\/types\/product"}],"wp:featuredmedia":[{"embeddable":true,"href":"https:\/\/rrunning.tribalt.agency\/index.php?rest_route=\/wp\/v2\/media\/3116"}],"wp:attachment":[{"href":"https:\/\/rrunning.tribalt.agency\/index.php?rest_route=%2Fwp%2Fv2%2Fmedia&parent=3115"}],"wp:term":[{"taxonomy":"pwb-brand","embeddable":true,"href":"https:\/\/rrunning.tribalt.agency\/index.php?rest_route=%2Fwp%2Fv2%2Fpwb-brand&post=3115"},{"taxonomy":"product_brand","embeddable":true,"href":"https:\/\/rrunning.tribalt.agency\/index.php?rest_route=%2Fwp%2Fv2%2Fproduct_brand&post=3115"},{"taxonomy":"product_cat","embeddable":true,"href":"https:\/\/rrunning.tribalt.agency\/index.php?rest_route=%2Fwp%2Fv2%2Fproduct_cat&post=3115"},{"taxonomy":"product_tag","embeddable":true,"href":"https:\/\/rrunning.tribalt.agency\/index.php?rest_route=%2Fwp%2Fv2%2Fproduct_tag&post=3115"}],"curies":[{"name":"wp","href":"https:\/\/api.w.org\/{rel}","templated":true}]}}