{"id":3014,"date":"2025-08-27T17:05:09","date_gmt":"2025-08-27T15:05:09","guid":{"rendered":"https:\/\/rrunning.tribalt.agency\/?post_type=product&#038;p=3014"},"modified":"2025-08-27T17:10:18","modified_gmt":"2025-08-27T15:10:18","slug":"wave-daichi","status":"publish","type":"product","link":"https:\/\/rrunning.tribalt.agency\/?product=wave-daichi","title":{"rendered":"WAVE DAICHI"},"content":{"rendered":"<p>Partez \u00e0 la conqu\u00eate des sentiers avec cette chaussure de running haut de gamme, soigneusement pens\u00e9e pour vous permettre de courir sur diff\u00e9rents terrains. Elle couvre tous vos besoins en mati\u00e8re de trail, notamment l'amorti, la stabilit\u00e9, la l\u00e9g\u00e8ret\u00e9 et l'adh\u00e9rence. Elle int\u00e8gre les technologies Mizuno d'exception, dont la MOUSSE MIZUNO ENERZY sur l'ensemble de la semelle interm\u00e9diaire pour un excellent amorti et un retour d'\u00e9nergie optimal, la MIZUNO FORM WAVE pour la stabilit\u00e9, une EVA PLATE dispersant les chocs \u00e0 l'avant du pied et la technologie Vibram Megagrip pour une adh\u00e9rence incroyable m\u00eame sur les terrains humides et irr\u00e9guliers.<\/p>\n<p><span class=\"spec-label\">Poids (g) :<\/span> 260g<\/p>\n<p><span class=\"spec-label\">Stack (mm) :<\/span>\u00a06.5<\/p>\n","protected":false},"excerpt":{"rendered":"<p>Partez \u00e0 la conqu\u00eate des sentiers avec cette chaussure de running haut de gamme, soigneusement pens\u00e9e pour vous permettre de courir sur diff\u00e9rents terrains. Elle couvre tous vos besoins en mati\u00e8re de trail, notamment l'amorti, la stabilit\u00e9, la l\u00e9g\u00e8ret\u00e9 et l'adh\u00e9rence. Elle int\u00e8gre les technologies Mizuno d'exception, dont la MOUSSE MIZUNO ENERZY sur l'ensemble de [&hellip;]<\/p>\n","protected":false},"featured_media":3015,"template":"","meta":[],"pwb-brand":[17],"product_brand":[],"product_cat":[36,39],"product_tag":[],"class_list":{"0":"post-3014","1":"product","2":"type-product","3":"status-publish","4":"has-post-thumbnail","6":"pwb-brand-mizuno","7":"product_cat-chaussures-femmes","8":"product_cat-trail","10":"first","11":"instock","12":"shipping-taxable","13":"purchasable","14":"product-type-simple"},"brands":[{"id":17,"name":"MIZUNO","slug":"mizuno"}],"_links":{"self":[{"href":"https:\/\/rrunning.tribalt.agency\/index.php?rest_route=\/wp\/v2\/product\/3014","targetHints":{"allow":["GET"]}}],"collection":[{"href":"https:\/\/rrunning.tribalt.agency\/index.php?rest_route=\/wp\/v2\/product"}],"about":[{"href":"https:\/\/rrunning.tribalt.agency\/index.php?rest_route=\/wp\/v2\/types\/product"}],"wp:featuredmedia":[{"embeddable":true,"href":"https:\/\/rrunning.tribalt.agency\/index.php?rest_route=\/wp\/v2\/media\/3015"}],"wp:attachment":[{"href":"https:\/\/rrunning.tribalt.agency\/index.php?rest_route=%2Fwp%2Fv2%2Fmedia&parent=3014"}],"wp:term":[{"taxonomy":"pwb-brand","embeddable":true,"href":"https:\/\/rrunning.tribalt.agency\/index.php?rest_route=%2Fwp%2Fv2%2Fpwb-brand&post=3014"},{"taxonomy":"product_brand","embeddable":true,"href":"https:\/\/rrunning.tribalt.agency\/index.php?rest_route=%2Fwp%2Fv2%2Fproduct_brand&post=3014"},{"taxonomy":"product_cat","embeddable":true,"href":"https:\/\/rrunning.tribalt.agency\/index.php?rest_route=%2Fwp%2Fv2%2Fproduct_cat&post=3014"},{"taxonomy":"product_tag","embeddable":true,"href":"https:\/\/rrunning.tribalt.agency\/index.php?rest_route=%2Fwp%2Fv2%2Fproduct_tag&post=3014"}],"curies":[{"name":"wp","href":"https:\/\/api.w.org\/{rel}","templated":true}]}}