{"id":293,"date":"2025-04-04T15:43:12","date_gmt":"2025-04-04T13:43:12","guid":{"rendered":"https:\/\/rrunning.tribalt.agency\/?post_type=product&#038;p=293"},"modified":"2025-05-05T11:10:48","modified_gmt":"2025-05-05T09:10:48","slug":"guide-18","status":"publish","type":"product","link":"https:\/\/rrunning.tribalt.agency\/?product=guide-18","title":{"rendered":"GUIDE 18"},"content":{"rendered":"<p><strong>CLOUD\/OLIVE<\/strong><\/p>\n<p>LA TECHNOLOGIE CENTERPATH<br \/>\nUne base large sous le pied, conjugu\u00e9e \u00e0 des bords surlev\u00e9s, l'enveloppe pour une foul\u00e9e plus souple et une protection maximale au fil des kilom\u00e8tres.<\/p>\n<p>UN MAXIMUM DE CONFORT<br \/>\nL'amorti PWRRUN et la semelle de propret\u00e9 PWRRUN+ vous apportent un confort in\u00e9gal\u00e9 et une sensation de douceur d\u00e8s que vous enfilez la chaussure.<\/p>\n<p>DE LA FRA\u00ceCHEUR ET UN MEILLEUR MAINTIEN<br \/>\nLa nouvelle mousse ajout\u00e9e au col du talon offre un maintien accru, tandis que la mesh respirante nouvellement optimis\u00e9e vous donne une impression de fra\u00eecheur pendant toute votre course.<\/p>\n<p>Con\u00e7ue pour<br \/>\nBouger au Quotidien<\/p>\n<p>Niveau de soutien:<br \/>\nMaximal<\/p>\n<p>Amorti:<br \/>\nPWRRUN<\/p>\n<p>Poids:<br \/>\nHommes: 9.7oz (272g)<\/p>\n<p>Tige Respirante<br \/>\nDesign Polyvalent<br \/>\nConfort Toute la Journ\u00e9e<\/p>\n<p>Drop : 6mm (35\/29mm)<\/p>\n","protected":false},"excerpt":{"rendered":"<p>CLOUD\/OLIVE LA TECHNOLOGIE CENTERPATH Une base large sous le pied, conjugu\u00e9e \u00e0 des bords surlev\u00e9s, l'enveloppe pour une foul\u00e9e plus souple et une protection maximale au fil des kilom\u00e8tres. UN MAXIMUM DE CONFORT L'amorti PWRRUN et la semelle de propret\u00e9 PWRRUN+ vous apportent un confort in\u00e9gal\u00e9 et une sensation de douceur d\u00e8s que vous enfilez [&hellip;]<\/p>\n","protected":false},"featured_media":294,"template":"","meta":[],"pwb-brand":[120],"product_brand":[],"product_cat":[42],"product_tag":[],"class_list":{"0":"post-293","1":"product","2":"type-product","3":"status-publish","4":"has-post-thumbnail","6":"pwb-brand-saucony","7":"product_cat-route-chaussures-hommes","9":"first","10":"instock","11":"shipping-taxable","12":"purchasable","13":"product-type-simple"},"brands":[{"id":120,"name":"SAUCONY","slug":"saucony"}],"_links":{"self":[{"href":"https:\/\/rrunning.tribalt.agency\/index.php?rest_route=\/wp\/v2\/product\/293","targetHints":{"allow":["GET"]}}],"collection":[{"href":"https:\/\/rrunning.tribalt.agency\/index.php?rest_route=\/wp\/v2\/product"}],"about":[{"href":"https:\/\/rrunning.tribalt.agency\/index.php?rest_route=\/wp\/v2\/types\/product"}],"wp:featuredmedia":[{"embeddable":true,"href":"https:\/\/rrunning.tribalt.agency\/index.php?rest_route=\/wp\/v2\/media\/294"}],"wp:attachment":[{"href":"https:\/\/rrunning.tribalt.agency\/index.php?rest_route=%2Fwp%2Fv2%2Fmedia&parent=293"}],"wp:term":[{"taxonomy":"pwb-brand","embeddable":true,"href":"https:\/\/rrunning.tribalt.agency\/index.php?rest_route=%2Fwp%2Fv2%2Fpwb-brand&post=293"},{"taxonomy":"product_brand","embeddable":true,"href":"https:\/\/rrunning.tribalt.agency\/index.php?rest_route=%2Fwp%2Fv2%2Fproduct_brand&post=293"},{"taxonomy":"product_cat","embeddable":true,"href":"https:\/\/rrunning.tribalt.agency\/index.php?rest_route=%2Fwp%2Fv2%2Fproduct_cat&post=293"},{"taxonomy":"product_tag","embeddable":true,"href":"https:\/\/rrunning.tribalt.agency\/index.php?rest_route=%2Fwp%2Fv2%2Fproduct_tag&post=293"}],"curies":[{"name":"wp","href":"https:\/\/api.w.org\/{rel}","templated":true}]}}