{"id":2779,"date":"2025-08-04T17:26:04","date_gmt":"2025-08-04T15:26:04","guid":{"rendered":"https:\/\/rrunning.tribalt.agency\/?post_type=product&#038;p=2779"},"modified":"2025-08-04T17:36:34","modified_gmt":"2025-08-04T15:36:34","slug":"gel-performance","status":"publish","type":"product","link":"https:\/\/rrunning.tribalt.agency\/?product=gel-performance","title":{"rendered":"GEL PERFORMANCE"},"content":{"rendered":"<h2><b><strong>Fra\u00eecheur longue dur\u00e9e, Effort et r\u00e9cup\u00e9ration.<\/strong><\/b><\/h2>\n<p style=\"font-weight: 400;\">Un\u00a0<b>boost de fra\u00eecheur<\/b>\u00a0pour vos muscles ! Gr\u00e2ce \u00e0 ses\u00a0<b>huiles essentielles corses<\/b>, ce gel procure un\u00a0<b>effet froid intense<\/b>\u00a0pour\u00a0<b>soulager, d\u00e9congestionner et revitaliser<\/b>\u00a0apr\u00e8s l\u2019effort. Sa texture l\u00e9g\u00e8re p\u00e9n\u00e8tre vite, sans coller.\u00a0<b>100% naturel, ultra efficace<\/b>\u00a0\u2013 l\u2019alli\u00e9 des sportifs jusqu\u2019au dernier kilom\u00e8tre ! \ud83d\ude80<\/p>\n<p style=\"font-weight: 400;\">Contenance : 75ml<\/p>\n","protected":false},"excerpt":{"rendered":"<p>Fra\u00eecheur longue dur\u00e9e, Effort et r\u00e9cup\u00e9ration. Un\u00a0boost de fra\u00eecheur\u00a0pour vos muscles ! Gr\u00e2ce \u00e0 ses\u00a0huiles essentielles corses, ce gel procure un\u00a0effet froid intense\u00a0pour\u00a0soulager, d\u00e9congestionner et revitaliser\u00a0apr\u00e8s l\u2019effort. Sa texture l\u00e9g\u00e8re p\u00e9n\u00e8tre vite, sans coller.\u00a0100% naturel, ultra efficace\u00a0\u2013 l\u2019alli\u00e9 des sportifs jusqu\u2019au dernier kilom\u00e8tre ! \ud83d\ude80 Contenance : 75ml<\/p>\n","protected":false},"featured_media":2780,"template":"","meta":[],"pwb-brand":[111],"product_brand":[],"product_cat":[33],"product_tag":[],"class_list":{"0":"post-2779","1":"product","2":"type-product","3":"status-publish","4":"has-post-thumbnail","6":"pwb-brand-noi","7":"product_cat-protection-musculaire-et-articulaire","9":"first","10":"instock","11":"shipping-taxable","12":"purchasable","13":"product-type-simple"},"brands":[{"id":111,"name":"NOI","slug":"noi"}],"_links":{"self":[{"href":"https:\/\/rrunning.tribalt.agency\/index.php?rest_route=\/wp\/v2\/product\/2779","targetHints":{"allow":["GET"]}}],"collection":[{"href":"https:\/\/rrunning.tribalt.agency\/index.php?rest_route=\/wp\/v2\/product"}],"about":[{"href":"https:\/\/rrunning.tribalt.agency\/index.php?rest_route=\/wp\/v2\/types\/product"}],"wp:featuredmedia":[{"embeddable":true,"href":"https:\/\/rrunning.tribalt.agency\/index.php?rest_route=\/wp\/v2\/media\/2780"}],"wp:attachment":[{"href":"https:\/\/rrunning.tribalt.agency\/index.php?rest_route=%2Fwp%2Fv2%2Fmedia&parent=2779"}],"wp:term":[{"taxonomy":"pwb-brand","embeddable":true,"href":"https:\/\/rrunning.tribalt.agency\/index.php?rest_route=%2Fwp%2Fv2%2Fpwb-brand&post=2779"},{"taxonomy":"product_brand","embeddable":true,"href":"https:\/\/rrunning.tribalt.agency\/index.php?rest_route=%2Fwp%2Fv2%2Fproduct_brand&post=2779"},{"taxonomy":"product_cat","embeddable":true,"href":"https:\/\/rrunning.tribalt.agency\/index.php?rest_route=%2Fwp%2Fv2%2Fproduct_cat&post=2779"},{"taxonomy":"product_tag","embeddable":true,"href":"https:\/\/rrunning.tribalt.agency\/index.php?rest_route=%2Fwp%2Fv2%2Fproduct_tag&post=2779"}],"curies":[{"name":"wp","href":"https:\/\/api.w.org\/{rel}","templated":true}]}}