{"id":2750,"date":"2025-08-04T16:51:49","date_gmt":"2025-08-04T14:51:49","guid":{"rendered":"https:\/\/rrunning.tribalt.agency\/?post_type=product&#038;p=2750"},"modified":"2025-08-04T16:51:49","modified_gmt":"2025-08-04T14:51:49","slug":"droptemp-cooling-mesh-bb-fly","status":"publish","type":"product","link":"https:\/\/rrunning.tribalt.agency\/?product=droptemp-cooling-mesh-bb-fly","title":{"rendered":"DROPTEMP\u2122 COOLING MESH BB FLY"},"content":{"rendered":"<p><strong data-start=\"35\" data-end=\"64\">Pr\u00e9sentation du produit :<\/strong><br \/>\nCon\u00e7us pour lutter contre la chaleur lors des sports et activit\u00e9s en ext\u00e9rieur, les boxers DropTemp\u2122 avec maillage de refroidissement amplifient la capacit\u00e9 naturelle de refroidissement de votre corps. Ce mod\u00e8le performant dispose de la poche BallPark\u00ae et de panneaux en maille dans les zones \u00e0 forte chaleur.<\/p>\n<p data-start=\"56\" data-end=\"78\"><strong data-start=\"56\" data-end=\"78\">Caract\u00e9ristiques :<\/strong><\/p>\n<ul data-start=\"80\" data-end=\"532\">\n<li data-start=\"80\" data-end=\"152\">\n<p data-start=\"82\" data-end=\"152\">Technologie DropTemp\u00ae Cooling \u2013 vous garde au frais toute la journ\u00e9e<\/p>\n<\/li>\n<li data-start=\"153\" data-end=\"198\">\n<p data-start=\"155\" data-end=\"198\">Poche BallPark\u00ae \u2013 maintient tout en place<\/p>\n<\/li>\n<li data-start=\"199\" data-end=\"266\">\n<p data-start=\"201\" data-end=\"266\">Coutures Flat Out Seams\u00ae \u2013 \u00e9liminent les irritations de la peau<\/p>\n<\/li>\n<li data-start=\"267\" data-end=\"310\">\n<p data-start=\"269\" data-end=\"310\">Construction en 9 panneaux Three-D Fit\u00ae<\/p>\n<\/li>\n<li data-start=\"311\" data-end=\"347\">\n<p data-start=\"313\" data-end=\"347\">Syst\u00e8me de refroidissement actif<\/p>\n<\/li>\n<li data-start=\"348\" data-end=\"383\">\n<p data-start=\"350\" data-end=\"383\">\u00c9vacuation rapide de l'humidit\u00e9<\/p>\n<\/li>\n<li data-start=\"384\" data-end=\"436\">\n<p data-start=\"386\" data-end=\"436\">Inserts en maille dans les zones \u00e0 forte chaleur<\/p>\n<\/li>\n<li data-start=\"437\" data-end=\"460\">\n<p data-start=\"439\" data-end=\"460\">Hautement respirant<\/p>\n<\/li>\n<li data-start=\"461\" data-end=\"485\">\n<p data-start=\"463\" data-end=\"485\">R\u00e9sistant aux odeurs<\/p>\n<\/li>\n<li data-start=\"486\" data-end=\"504\">\n<p data-start=\"488\" data-end=\"504\">S\u00e9chage rapide<\/p>\n<\/li>\n<li data-start=\"505\" data-end=\"532\">\n<p data-start=\"507\" data-end=\"532\">Ceinture qui ne roule pas<\/p>\n<\/li>\n<\/ul>\n","protected":false},"excerpt":{"rendered":"<p>Pr\u00e9sentation du produit : Con\u00e7us pour lutter contre la chaleur lors des sports et activit\u00e9s en ext\u00e9rieur, les boxers DropTemp\u2122 avec maillage de refroidissement amplifient la capacit\u00e9 naturelle de refroidissement de votre corps. Ce mod\u00e8le performant dispose de la poche BallPark\u00ae et de panneaux en maille dans les zones \u00e0 forte chaleur. Caract\u00e9ristiques : Technologie [&hellip;]<\/p>\n","protected":false},"featured_media":2751,"template":"","meta":[],"pwb-brand":[121],"product_brand":[],"product_cat":[52],"product_tag":[],"class_list":{"0":"post-2750","1":"product","2":"type-product","3":"status-publish","4":"has-post-thumbnail","6":"pwb-brand-saxx","7":"product_cat-sous-vetements-textile-homme","9":"first","10":"instock","11":"shipping-taxable","12":"purchasable","13":"product-type-simple"},"brands":[{"id":121,"name":"SAXX","slug":"saxx"}],"_links":{"self":[{"href":"https:\/\/rrunning.tribalt.agency\/index.php?rest_route=\/wp\/v2\/product\/2750","targetHints":{"allow":["GET"]}}],"collection":[{"href":"https:\/\/rrunning.tribalt.agency\/index.php?rest_route=\/wp\/v2\/product"}],"about":[{"href":"https:\/\/rrunning.tribalt.agency\/index.php?rest_route=\/wp\/v2\/types\/product"}],"wp:featuredmedia":[{"embeddable":true,"href":"https:\/\/rrunning.tribalt.agency\/index.php?rest_route=\/wp\/v2\/media\/2751"}],"wp:attachment":[{"href":"https:\/\/rrunning.tribalt.agency\/index.php?rest_route=%2Fwp%2Fv2%2Fmedia&parent=2750"}],"wp:term":[{"taxonomy":"pwb-brand","embeddable":true,"href":"https:\/\/rrunning.tribalt.agency\/index.php?rest_route=%2Fwp%2Fv2%2Fpwb-brand&post=2750"},{"taxonomy":"product_brand","embeddable":true,"href":"https:\/\/rrunning.tribalt.agency\/index.php?rest_route=%2Fwp%2Fv2%2Fproduct_brand&post=2750"},{"taxonomy":"product_cat","embeddable":true,"href":"https:\/\/rrunning.tribalt.agency\/index.php?rest_route=%2Fwp%2Fv2%2Fproduct_cat&post=2750"},{"taxonomy":"product_tag","embeddable":true,"href":"https:\/\/rrunning.tribalt.agency\/index.php?rest_route=%2Fwp%2Fv2%2Fproduct_tag&post=2750"}],"curies":[{"name":"wp","href":"https:\/\/api.w.org\/{rel}","templated":true}]}}