{"id":2683,"date":"2025-08-04T15:38:55","date_gmt":"2025-08-04T13:38:55","guid":{"rendered":"https:\/\/rrunning.tribalt.agency\/?post_type=product&#038;p=2683"},"modified":"2025-09-01T15:34:29","modified_gmt":"2025-09-01T13:34:29","slug":"lampe-actik-core-bleu","status":"publish","type":"product","link":"https:\/\/rrunning.tribalt.agency\/?product=lampe-actik-core-bleu","title":{"rendered":"LAMPE ACTIK CORE BLEU"},"content":{"rendered":"<div class=\"productDescription\">\n<div class=\"productDescription\">\n<p class=\"productSubtitle\">Lampe frontale puissante et rechargeable, facile \u00e0 utiliser avec \u00e9clairage rouge. 625 lumens<\/p>\n<div class=\"productCaracteristiquesPosition inlineblock\">\n<p class=\"productCaracteristiques inlineblock\">La lampe frontale rechargeable id\u00e9ale pour prolonger vos activit\u00e9s outdoor dynamiques. Avec ses 625 lumens, ACTIK CORE procure un \u00e9clairage puissant et confortable pour vous suivre dans vos sorties running, trekking ou alpinisme. Son r\u00e9flecteur phosphorescent vous permet de la retrouver facilement dans le noir. Elle dispose d'un \u00e9clairage rouge pour \u00e9viter d'\u00e9blouir votre entourage et d'un bandeau r\u00e9fl\u00e9chissant pour signaler votre pr\u00e9sence. Livr\u00e9e avec la batterie rechargeable CORE, ACTIK CORE est aussi compatible avec trois piles, gr\u00e2ce \u00e0 la construction HYBRID CONCEPT.<\/p>\n<\/div>\n<\/div>\n<\/div>\n","protected":false},"excerpt":{"rendered":"<p>Lampe frontale puissante et rechargeable, facile \u00e0 utiliser avec \u00e9clairage rouge. 625 lumens La lampe frontale rechargeable id\u00e9ale pour prolonger vos activit\u00e9s outdoor dynamiques. Avec ses 625 lumens, ACTIK CORE procure un \u00e9clairage puissant et confortable pour vous suivre dans vos sorties running, trekking ou alpinisme. Son r\u00e9flecteur phosphorescent vous permet de la retrouver facilement [&hellip;]<\/p>\n","protected":false},"featured_media":2720,"template":"","meta":[],"pwb-brand":[115],"product_brand":[],"product_cat":[30],"product_tag":[],"class_list":{"0":"post-2683","1":"product","2":"type-product","3":"status-publish","4":"has-post-thumbnail","6":"pwb-brand-petzl","7":"product_cat-frontales","9":"first","10":"instock","11":"shipping-taxable","12":"purchasable","13":"product-type-simple"},"brands":[{"id":115,"name":"PETZL","slug":"petzl"}],"_links":{"self":[{"href":"https:\/\/rrunning.tribalt.agency\/index.php?rest_route=\/wp\/v2\/product\/2683","targetHints":{"allow":["GET"]}}],"collection":[{"href":"https:\/\/rrunning.tribalt.agency\/index.php?rest_route=\/wp\/v2\/product"}],"about":[{"href":"https:\/\/rrunning.tribalt.agency\/index.php?rest_route=\/wp\/v2\/types\/product"}],"wp:featuredmedia":[{"embeddable":true,"href":"https:\/\/rrunning.tribalt.agency\/index.php?rest_route=\/wp\/v2\/media\/2720"}],"wp:attachment":[{"href":"https:\/\/rrunning.tribalt.agency\/index.php?rest_route=%2Fwp%2Fv2%2Fmedia&parent=2683"}],"wp:term":[{"taxonomy":"pwb-brand","embeddable":true,"href":"https:\/\/rrunning.tribalt.agency\/index.php?rest_route=%2Fwp%2Fv2%2Fpwb-brand&post=2683"},{"taxonomy":"product_brand","embeddable":true,"href":"https:\/\/rrunning.tribalt.agency\/index.php?rest_route=%2Fwp%2Fv2%2Fproduct_brand&post=2683"},{"taxonomy":"product_cat","embeddable":true,"href":"https:\/\/rrunning.tribalt.agency\/index.php?rest_route=%2Fwp%2Fv2%2Fproduct_cat&post=2683"},{"taxonomy":"product_tag","embeddable":true,"href":"https:\/\/rrunning.tribalt.agency\/index.php?rest_route=%2Fwp%2Fv2%2Fproduct_tag&post=2683"}],"curies":[{"name":"wp","href":"https:\/\/api.w.org\/{rel}","templated":true}]}}