{"id":2662,"date":"2025-08-04T15:24:19","date_gmt":"2025-08-04T13:24:19","guid":{"rendered":"https:\/\/rrunning.tribalt.agency\/?post_type=product&#038;p=2662"},"modified":"2025-08-04T15:25:18","modified_gmt":"2025-08-04T13:25:18","slug":"openrun-pro-2-mini-noir","status":"publish","type":"product","link":"https:\/\/rrunning.tribalt.agency\/?product=openrun-pro-2-mini-noir","title":{"rendered":"OPENRUN PRO 2 MINI NOIR"},"content":{"rendered":"<p><strong><em>Le Shokz Open Run Pro Mini est identique au mod\u00e8le Shokz Open Run Pro, mais se distingue par un tour de cou plus court de 21 mm pour un meilleur ajustement\u00a0<\/em><\/strong><\/p>\n<p>Le nouveau Shokz OpenRun Pro 2 offre une qualit\u00e9 sonore incomparable pour les grands amateurs de sport, offrant jusqu'\u00e0 12 heures d'\u00e9coute in\u00e9gal\u00e9. \u00c9quip\u00e9 de microphones \u00e0 r\u00e9duction de bruit et d'un arceau en alliage de nickel et titane de qualit\u00e9 sup\u00e9rieure, il garantit des conversations t\u00e9l\u00e9phoniques d'une clart\u00e9 cristalline, m\u00eame dans des conditions extr\u00eamement venteuses. De plus, son ajustement fiable et confortable offre une tranquillit\u00e9 d'esprit pendant l'utilisation.<\/p>\n","protected":false},"excerpt":{"rendered":"<p>Le Shokz Open Run Pro Mini est identique au mod\u00e8le Shokz Open Run Pro, mais se distingue par un tour de cou plus court de 21 mm pour un meilleur ajustement\u00a0 Le nouveau Shokz OpenRun Pro 2 offre une qualit\u00e9 sonore incomparable pour les grands amateurs de sport, offrant jusqu'\u00e0 12 heures d'\u00e9coute in\u00e9gal\u00e9. \u00c9quip\u00e9 [&hellip;]<\/p>\n","protected":false},"featured_media":2659,"template":"","meta":[],"pwb-brand":[122],"product_brand":[],"product_cat":[29],"product_tag":[],"class_list":{"0":"post-2662","1":"product","2":"type-product","3":"status-publish","4":"has-post-thumbnail","6":"pwb-brand-shokz","7":"product_cat-electronique","9":"first","10":"instock","11":"shipping-taxable","12":"purchasable","13":"product-type-simple"},"brands":[{"id":122,"name":"SHOKZ","slug":"shokz"}],"_links":{"self":[{"href":"https:\/\/rrunning.tribalt.agency\/index.php?rest_route=\/wp\/v2\/product\/2662","targetHints":{"allow":["GET"]}}],"collection":[{"href":"https:\/\/rrunning.tribalt.agency\/index.php?rest_route=\/wp\/v2\/product"}],"about":[{"href":"https:\/\/rrunning.tribalt.agency\/index.php?rest_route=\/wp\/v2\/types\/product"}],"wp:featuredmedia":[{"embeddable":true,"href":"https:\/\/rrunning.tribalt.agency\/index.php?rest_route=\/wp\/v2\/media\/2659"}],"wp:attachment":[{"href":"https:\/\/rrunning.tribalt.agency\/index.php?rest_route=%2Fwp%2Fv2%2Fmedia&parent=2662"}],"wp:term":[{"taxonomy":"pwb-brand","embeddable":true,"href":"https:\/\/rrunning.tribalt.agency\/index.php?rest_route=%2Fwp%2Fv2%2Fpwb-brand&post=2662"},{"taxonomy":"product_brand","embeddable":true,"href":"https:\/\/rrunning.tribalt.agency\/index.php?rest_route=%2Fwp%2Fv2%2Fproduct_brand&post=2662"},{"taxonomy":"product_cat","embeddable":true,"href":"https:\/\/rrunning.tribalt.agency\/index.php?rest_route=%2Fwp%2Fv2%2Fproduct_cat&post=2662"},{"taxonomy":"product_tag","embeddable":true,"href":"https:\/\/rrunning.tribalt.agency\/index.php?rest_route=%2Fwp%2Fv2%2Fproduct_tag&post=2662"}],"curies":[{"name":"wp","href":"https:\/\/api.w.org\/{rel}","templated":true}]}}