{"id":2536,"date":"2025-07-24T15:35:34","date_gmt":"2025-07-24T13:35:34","guid":{"rendered":"https:\/\/rrunning.tribalt.agency\/?post_type=product&#038;p=2536"},"modified":"2025-09-16T19:09:04","modified_gmt":"2025-09-16T17:09:04","slug":"hoka-stinson-7-2","status":"publish","type":"product","link":"https:\/\/rrunning.tribalt.agency\/?product=hoka-stinson-7-2","title":{"rendered":"STINSON 7"},"content":{"rendered":"<p>STINSON 7<\/p>\n<p>Couleur : druzy \/ anchor<\/p>\n<p><strong>Un maximum d\u2019amorti, en ville comme sur les sommets.<\/strong><\/p>\n<p>Si vous ne pouvez emporter qu\u2019une seule paire lors de votre prochaine aventure, prenez celle-l\u00e0. La Stinson\u00a07 est le couteau suisse des chaussures\u00a0: aussi agile en running sur route qu\u2019en trail, elle offre une combinaison parfaite d\u2019amorti et d\u2019adh\u00e9rence polyvalente. Elle est con\u00e7ue pour dominer n\u2019importe quel terrain. Trottoir, sentier ou gravier, rien ne r\u00e9siste \u00e0 sa structure H-Frame\u2122 stabilisatrice, \u00e0 son embout en caoutchouc et \u00e0 ses crampons multidirectionnels.<\/p>\n<div class=\"description-techspecs description-techspecs--bestfor\">\n<div class=\"description-techspecs__title title\">Id\u00e9ale pour : Trail - Caract\u00e9ristiques:<\/div>\n<\/div>\n<div class=\"description-techspecs description-techspecs--features \">\n<div class=\"description-techspecs__items\">\n<ul class=\"features-container\">\n<li class=\"feature-item\">Embout r\u00e9sistant<\/li>\n<li class=\"feature-item\">Mesh technique jacquard<\/li>\n<li class=\"feature-item\">Technologie H-Frame\u2122 stabilisatrice<\/li>\n<li class=\"feature-item\">Si\u00e8ge baquet profond<\/li>\n<li class=\"feature-item\">Crampons multidirectionnels<\/li>\n<\/ul>\n<ul class=\"features-container features-extended collapse show in\" aria-expanded=\"true\">\n<li class=\"feature-item\">Semelle interne en polyester 87\u00a0% recycl\u00e9<\/li>\n<li class=\"feature-item\">Doublure du renfort d\u2019\u0153illets compos\u00e9e \u00e0 40\u00a0% de polyester recycl\u00e9<\/li>\n<li class=\"feature-item\">Tissu du haut de la semelle de propret\u00e9 en polyester 100\u00a0% recycl\u00e9<\/li>\n<li class=\"feature-item\">Vegan<\/li>\n<\/ul>\n<p>Les amateurs d\u2019aventure appr\u00e9cieront la mousse plus souple de la Stinson, sa nouvelle technologie H-Frame\u2122, son si\u00e8ge baquet plus profond, son \u00e9paisseur plus importante et son adh\u00e9rence accrue.<\/p>\n<p>Drop : 5mm<\/p>\n<\/div>\n<\/div>\n","protected":false},"excerpt":{"rendered":"<p>STINSON 7 Couleur : druzy \/ anchor Un maximum d\u2019amorti, en ville comme sur les sommets. Si vous ne pouvez emporter qu\u2019une seule paire lors de votre prochaine aventure, prenez celle-l\u00e0. La Stinson\u00a07 est le couteau suisse des chaussures\u00a0: aussi agile en running sur route qu\u2019en trail, elle offre une combinaison parfaite d\u2019amorti et d\u2019adh\u00e9rence [&hellip;]<\/p>\n","protected":false},"featured_media":2980,"template":"","meta":[],"pwb-brand":[102],"product_brand":[],"product_cat":[40,22,43],"product_tag":[],"class_list":{"0":"post-2536","1":"product","2":"type-product","3":"status-publish","4":"has-post-thumbnail","6":"pwb-brand-hoka","7":"product_cat-chaussures-hommes","8":"product_cat-running","9":"product_cat-trail-chaussures-hommes","11":"first","12":"instock","13":"sale","14":"shipping-taxable","15":"purchasable","16":"product-type-simple"},"brands":[{"id":102,"name":"HOKA","slug":"hoka"}],"_links":{"self":[{"href":"https:\/\/rrunning.tribalt.agency\/index.php?rest_route=\/wp\/v2\/product\/2536","targetHints":{"allow":["GET"]}}],"collection":[{"href":"https:\/\/rrunning.tribalt.agency\/index.php?rest_route=\/wp\/v2\/product"}],"about":[{"href":"https:\/\/rrunning.tribalt.agency\/index.php?rest_route=\/wp\/v2\/types\/product"}],"wp:featuredmedia":[{"embeddable":true,"href":"https:\/\/rrunning.tribalt.agency\/index.php?rest_route=\/wp\/v2\/media\/2980"}],"wp:attachment":[{"href":"https:\/\/rrunning.tribalt.agency\/index.php?rest_route=%2Fwp%2Fv2%2Fmedia&parent=2536"}],"wp:term":[{"taxonomy":"pwb-brand","embeddable":true,"href":"https:\/\/rrunning.tribalt.agency\/index.php?rest_route=%2Fwp%2Fv2%2Fpwb-brand&post=2536"},{"taxonomy":"product_brand","embeddable":true,"href":"https:\/\/rrunning.tribalt.agency\/index.php?rest_route=%2Fwp%2Fv2%2Fproduct_brand&post=2536"},{"taxonomy":"product_cat","embeddable":true,"href":"https:\/\/rrunning.tribalt.agency\/index.php?rest_route=%2Fwp%2Fv2%2Fproduct_cat&post=2536"},{"taxonomy":"product_tag","embeddable":true,"href":"https:\/\/rrunning.tribalt.agency\/index.php?rest_route=%2Fwp%2Fv2%2Fproduct_tag&post=2536"}],"curies":[{"name":"wp","href":"https:\/\/api.w.org\/{rel}","templated":true}]}}