{"id":2503,"date":"2025-07-24T10:49:35","date_gmt":"2025-07-24T08:49:35","guid":{"rendered":"https:\/\/rrunning.tribalt.agency\/?post_type=product&#038;p=2503"},"modified":"2025-07-24T10:50:29","modified_gmt":"2025-07-24T08:50:29","slug":"saucony-xodus-ultra-3","status":"publish","type":"product","link":"https:\/\/rrunning.tribalt.agency\/?product=saucony-xodus-ultra-3","title":{"rendered":"SAUCONY XODUS ULTRA 3"},"content":{"rendered":"<p>XODUS ULTRA 3<\/p>\n<p>Couleur : BLACK\/DUSK<\/p>\n<div id=\"tw-container\" class=\"nev7se\" data-cp=\"1\" data-nnttsvi=\"1\" data-ntl-fpwrite=\"true\" data-sletp=\"false\" data-sm=\"1\" data-ssbp=\"false\" data-sugg-time=\"500\" data-sugg-url=\"https:\/\/clients1.google.com\/complete\/search\" data-uilc=\"fr\" data-vil=\",af,af-ZA,am,am-ET,ar-EG,ar-AE,ar-KW,ar-QA,ar,ar-IL,ar-JO,ar-LB,ar-PS,az,az-AZ,bg,bg-BG,bn,bn-BD,bn-IN,ca,ca-es,cs,cs-CZ,de,de-DE,de-CH,de-AT,de-LI,en,en-US,en-CA,en-AU,en-NZ,en-GB,en-IN,en-KE,en-TZ,en-NG,en-GH,en-PH,en-ZA,es,es-ES,es-AR,es-UY,es-419,es-BO,es-CL,es-CR,es-CO,es-DO,es-EC,es-GT,es-HN,es-NI,es-PA,es-PE,es-PR,es-PY,es-SV,es-VE,es-MX,es-US,eu,eu-ES,fi,fi-FI,fr,fr-FR,fr-CH,fr-BE,gl,gl-ES,gu,gu-IN,he,he-IL,iw,iw-IL,hu,hu-HU,hy,hy-AM,id,id-ID,is,is-IS,it,it-IT,it-CH,ja,ja-JP,jv,jv-ID,ka,ka-GE,km,km-KH,kn,kn-IN,ko,ko-KR,la,lo,lo-LA,lv,lv-LV,ml,ml-IN,mr,mr-IN,ms,ms-MY,nl,nl-NL,nb,nb-NO,ne,ne-NP,pl,pl-PL,pt,pt-BR,pt-PT,ro,ro-RO,ru,ru-RU,si-LK,sk,sk-SK,sr,sr-RS,su,su-ID,sv,sv-SE,sw,sw-TZ,sw-KE,ta,ta-IN,ta-SG,ta-LK,ta-MY,te,te-IN,tr,tr-TR,ur,ur-PK,ur-IN,yue,yue-HK,yue-Hant-HK,zh-HK,zh,zh-CN,zh-cmn,zh-cmn-CN,zh-Hans,zh-Hans-CN,zh-cmn-Hans,zh-cmn-Hans-CN,cmn-CN,cmn-Hans,cmn-Hans-CN,zh-TW,zh-Hant-TW,cmn-TW,cmn-Hant-TW,zh-cmn-TW,zh-cmn-Hant-TW,zu,zu-ZA\">\n<div>\n<div>\n<div id=\"tw-ob\" class=\"tw-src-ltr\">\n<div class=\"oSioSc\">\n<div id=\"tw-target\">\n<div id=\"kAz1tf\" class=\"g9WsWb PZPZlf\" data-attrid=\"tw-targetArea\" data-entityname=\"Google Translate\">\n<div id=\"tw-target-text-container\" class=\"tw-ta-container tw-nfl\" tabindex=\"0\" role=\"text\">\n<pre id=\"tw-target-text\" class=\"tw-data-text tw-text-large tw-ta\" dir=\"ltr\" data-placeholder=\"Traduction\" data-ved=\"2ahUKEwiX1-6XjNWOAxUNXkEAHbaJE3EQ3ewLegQICRAV\" aria-label=\"Texte traduit\u00a0: Sp\u00e9cialement con\u00e7ue pour les longues distances, elle offre un confort optimal pour les longues distances. Nouveaut\u00e9s La plateforme plus large et les flancs renforc\u00e9s vous maintiennent en place. Plus d'amorti con\u00e7u pour tenir la distance. Semelle ext\u00e9rieure PWTRAC am\u00e9lior\u00e9e pour une adh\u00e9rence optimale. Pourquoi vous allez l'adorer\u00a0? Le PWRRUN PB, notre amorti en super-mousse \u00e9co\u00e9nerg\u00e9tique, se r\u00e9tracte. La structure de soutien PWRRUN offre durabilit\u00e9 et protection pour les longues distances. La maille respirante ferm\u00e9e garde les pieds au frais et les prot\u00e8ge des d\u00e9bris. Les crampons agiles de 4\u00a0mm et la semelle ext\u00e9rieure PWRTRAC am\u00e9lior\u00e9e offrent l'adh\u00e9rence et la traction dont vous avez besoin.\"><span class=\"Y2IQFc\" lang=\"fr\">Sp\u00e9cialement con\u00e7ue pour les longues distances, elle offre un confort optimal pour les longues distances.\r\n\r\nNouveaut\u00e9s\r\nLa plateforme plus large et les flancs renforc\u00e9s vous maintiennent en place.\r\nPlus d'amorti con\u00e7u pour tenir la distance.\r\nSemelle ext\u00e9rieure PWTRAC am\u00e9lior\u00e9e pour une adh\u00e9rence optimale.\r\nPourquoi vous allez l'adorer\u00a0?\r\nLe PWRRUN PB, notre amorti en super-mousse \u00e9co\u00e9nerg\u00e9tique, se r\u00e9tracte.\r\nLa structure de soutien PWRRUN offre durabilit\u00e9 et protection pour les longues distances.\r\nLa maille respirante ferm\u00e9e garde les pieds au frais et les prot\u00e8ge des d\u00e9bris.\r\nLes crampons agiles de 4\u00a0mm et la semelle ext\u00e9rieure PWRTRAC am\u00e9lior\u00e9e offrent l'adh\u00e9rence et la traction dont vous avez besoin.<\/span><\/pre>\n<\/div>\n<div id=\"tw-target-rmn-container\" class=\"tw-target-rmn tw-ta-container tw-nfl\" tabindex=\"0\" role=\"text\">\n<pre id=\"tw-target-rmn\" class=\"tw-data-placeholder tw-text-small tw-ta\" dir=\"ltr\" data-placeholder=\"\">\r\nDrop : 6mm<\/pre>\n<\/div>\n<div class=\"iYB33c\">\n<div id=\"tw-tmenu\" class=\"tw-menu\"><\/div>\n<\/div>\n<\/div>\n<\/div>\n<\/div>\n<\/div>\n<div id=\"tw-images\"><\/div>\n<div class=\"dURPtb\"><\/div>\n<div>\n<div><\/div>\n<\/div>\n<\/div>\n<\/div>\n<\/div>\n<div class=\"KFFQ0c xKf9F\"><\/div>\n","protected":false},"excerpt":{"rendered":"<p>XODUS ULTRA 3 Couleur : BLACK\/DUSK Sp\u00e9cialement con\u00e7ue pour les longues distances, elle offre un confort optimal pour les longues distances. Nouveaut\u00e9s La plateforme plus large et les flancs renforc\u00e9s vous maintiennent en place. Plus d'amorti con\u00e7u pour tenir la distance. Semelle ext\u00e9rieure PWTRAC am\u00e9lior\u00e9e pour une adh\u00e9rence optimale. Pourquoi vous allez l'adorer\u00a0? Le PWRRUN [&hellip;]<\/p>\n","protected":false},"featured_media":2504,"template":"","meta":[],"pwb-brand":[120],"product_brand":[],"product_cat":[40,22,43],"product_tag":[],"class_list":{"0":"post-2503","1":"product","2":"type-product","3":"status-publish","4":"has-post-thumbnail","6":"pwb-brand-saucony","7":"product_cat-chaussures-hommes","8":"product_cat-running","9":"product_cat-trail-chaussures-hommes","11":"first","12":"instock","13":"shipping-taxable","14":"purchasable","15":"product-type-simple"},"brands":[{"id":120,"name":"SAUCONY","slug":"saucony"}],"_links":{"self":[{"href":"https:\/\/rrunning.tribalt.agency\/index.php?rest_route=\/wp\/v2\/product\/2503","targetHints":{"allow":["GET"]}}],"collection":[{"href":"https:\/\/rrunning.tribalt.agency\/index.php?rest_route=\/wp\/v2\/product"}],"about":[{"href":"https:\/\/rrunning.tribalt.agency\/index.php?rest_route=\/wp\/v2\/types\/product"}],"wp:featuredmedia":[{"embeddable":true,"href":"https:\/\/rrunning.tribalt.agency\/index.php?rest_route=\/wp\/v2\/media\/2504"}],"wp:attachment":[{"href":"https:\/\/rrunning.tribalt.agency\/index.php?rest_route=%2Fwp%2Fv2%2Fmedia&parent=2503"}],"wp:term":[{"taxonomy":"pwb-brand","embeddable":true,"href":"https:\/\/rrunning.tribalt.agency\/index.php?rest_route=%2Fwp%2Fv2%2Fpwb-brand&post=2503"},{"taxonomy":"product_brand","embeddable":true,"href":"https:\/\/rrunning.tribalt.agency\/index.php?rest_route=%2Fwp%2Fv2%2Fproduct_brand&post=2503"},{"taxonomy":"product_cat","embeddable":true,"href":"https:\/\/rrunning.tribalt.agency\/index.php?rest_route=%2Fwp%2Fv2%2Fproduct_cat&post=2503"},{"taxonomy":"product_tag","embeddable":true,"href":"https:\/\/rrunning.tribalt.agency\/index.php?rest_route=%2Fwp%2Fv2%2Fproduct_tag&post=2503"}],"curies":[{"name":"wp","href":"https:\/\/api.w.org\/{rel}","templated":true}]}}