{"id":2356,"date":"2025-07-15T15:08:03","date_gmt":"2025-07-15T13:08:03","guid":{"rendered":"https:\/\/rrunning.tribalt.agency\/?post_type=product&#038;p=2356"},"modified":"2025-07-15T15:09:51","modified_gmt":"2025-07-15T13:09:51","slug":"instinct-3","status":"publish","type":"product","link":"https:\/\/rrunning.tribalt.agency\/?product=instinct-3","title":{"rendered":"INSTINCT 3"},"content":{"rendered":"<h2>SUIVEZ LE V\u00d4TRE<\/h2>\n<div class=\"app__overview__intro__description\">\n<p>L'Instinct 3 est une montre GPS connect\u00e9e et robuste con\u00e7ue pour \u00eatre port\u00e9e partout. Suivez votre instinct, o\u00f9 que l'aventure vous m\u00e8ne.<\/p>\n<\/div>\n<div class=\"app__column-layout app__column-layout__column--6 app__column-layout__column__mobile--2 app__overview__intro__icons\">\n<div class=\"app__feature__card\" data-translate=\"\">\n<p class=\"app__feature__card__description app__feature__card__description--left\">\u00c9CRAN AMOLED 1,2'' LUMINEUX<\/p>\n<\/div>\n<div class=\"app__feature__card\" data-translate=\"\">\n<p class=\"app__feature__card__description app__feature__card__description--left\">AUTONOMIE ALLANT JUSQU'\u00c0 18 JOURS EN MODE MONTRE CONNECT\u00c9E<\/p>\n<\/div>\n<div class=\"app__feature__card\" data-translate=\"\">\n<p class=\"app__feature__card__description app__feature__card__description--left\">FONCTIONS D\u00c9TAILL\u00c9ES DE SANT\u00c9 ET DE FORME PHYSIQUE<\/p>\n<\/div>\n<div class=\"app__feature__card\" data-translate=\"\">\n<p class=\"app__feature__card__description app__feature__card__description--left\">SMART NOTIFICATIONS<sup>1<\/sup><\/p>\n<\/div>\n<div class=\"app__feature__card\" data-translate=\"\">\n<p class=\"app__feature__card__description app__feature__card__description--left\">LAMPE TORCHE INT\u00c9GR\u00c9E<\/p>\n<\/div>\n<div class=\"app__feature__card\" data-translate=\"\">\n<p class=\"app__feature__card__description app__feature__card__description--left\">AVENTURE ET PERFORMANCE<\/p>\n<\/div>\n<\/div>\n","protected":false},"excerpt":{"rendered":"<p>SUIVEZ LE V\u00d4TRE L'Instinct 3 est une montre GPS connect\u00e9e et robuste con\u00e7ue pour \u00eatre port\u00e9e partout. Suivez votre instinct, o\u00f9 que l'aventure vous m\u00e8ne. \u00c9CRAN AMOLED 1,2'' LUMINEUX AUTONOMIE ALLANT JUSQU'\u00c0 18 JOURS EN MODE MONTRE CONNECT\u00c9E FONCTIONS D\u00c9TAILL\u00c9ES DE SANT\u00c9 ET DE FORME PHYSIQUE SMART NOTIFICATIONS1 LAMPE TORCHE INT\u00c9GR\u00c9E AVENTURE ET PERFORMANCE<\/p>\n","protected":false},"featured_media":2357,"template":"","meta":[],"pwb-brand":[98],"product_brand":[],"product_cat":[29],"product_tag":[],"class_list":{"0":"post-2356","1":"product","2":"type-product","3":"status-publish","4":"has-post-thumbnail","6":"pwb-brand-garmin","7":"product_cat-electronique","9":"first","10":"instock","11":"shipping-taxable","12":"purchasable","13":"product-type-simple"},"brands":[{"id":98,"name":"GARMIN","slug":"garmin"}],"_links":{"self":[{"href":"https:\/\/rrunning.tribalt.agency\/index.php?rest_route=\/wp\/v2\/product\/2356","targetHints":{"allow":["GET"]}}],"collection":[{"href":"https:\/\/rrunning.tribalt.agency\/index.php?rest_route=\/wp\/v2\/product"}],"about":[{"href":"https:\/\/rrunning.tribalt.agency\/index.php?rest_route=\/wp\/v2\/types\/product"}],"wp:featuredmedia":[{"embeddable":true,"href":"https:\/\/rrunning.tribalt.agency\/index.php?rest_route=\/wp\/v2\/media\/2357"}],"wp:attachment":[{"href":"https:\/\/rrunning.tribalt.agency\/index.php?rest_route=%2Fwp%2Fv2%2Fmedia&parent=2356"}],"wp:term":[{"taxonomy":"pwb-brand","embeddable":true,"href":"https:\/\/rrunning.tribalt.agency\/index.php?rest_route=%2Fwp%2Fv2%2Fpwb-brand&post=2356"},{"taxonomy":"product_brand","embeddable":true,"href":"https:\/\/rrunning.tribalt.agency\/index.php?rest_route=%2Fwp%2Fv2%2Fproduct_brand&post=2356"},{"taxonomy":"product_cat","embeddable":true,"href":"https:\/\/rrunning.tribalt.agency\/index.php?rest_route=%2Fwp%2Fv2%2Fproduct_cat&post=2356"},{"taxonomy":"product_tag","embeddable":true,"href":"https:\/\/rrunning.tribalt.agency\/index.php?rest_route=%2Fwp%2Fv2%2Fproduct_tag&post=2356"}],"curies":[{"name":"wp","href":"https:\/\/api.w.org\/{rel}","templated":true}]}}