{"id":2331,"date":"2025-07-15T14:44:14","date_gmt":"2025-07-15T12:44:14","guid":{"rendered":"https:\/\/rrunning.tribalt.agency\/?post_type=product&#038;p=2331"},"modified":"2025-09-17T18:18:09","modified_gmt":"2025-09-17T16:18:09","slug":"fenix-8-47-mm-saphire-solar","status":"publish","type":"product","link":"https:\/\/rrunning.tribalt.agency\/?product=fenix-8-47-mm-saphire-solar","title":{"rendered":"FENIX 8 AMOLED 51 MM"},"content":{"rendered":"<div class=\"app__overview__intro__description\">\n<div class=\"app__overview__intro__description\">\n<h2>SOYEZ SANS LIMITES<\/h2>\n<div class=\"app__overview__intro__description\">\n<p>Pour les athl\u00e8tes de haut niveau et les aventuriers qui veulent repousser leurs limites, cette montre connect\u00e9e GPS multisports haut de gamme est con\u00e7ue pour offrir des performances exceptionnelles et s'adapte aux poignets les plus grands, avec des fonctions avanc\u00e9es de musculation, des fonctions de plong\u00e9e, un haut-parleur et un micro internes pour les commandes vocales, une lampe de poche LED int\u00e9gr\u00e9e et bien plus encore.<\/p>\n<\/div>\n<div class=\"app__column-layout app__column-layout__column--6 app__column-layout__column__mobile--2 app__overview__intro__icons\">\n<div class=\"app__feature__card\" data-translate=\"\">\n<p class=\"app__feature__card__description app__feature__card__description--left\">\u00c9CRAN AMOLED HAUTE D\u00c9FINITION ULTRA LUMINEUX<\/p>\n<\/div>\n<div class=\"app__feature__card\" data-translate=\"\">\n<p class=\"app__feature__card__description app__feature__card__description--left\">AUTONOMIE ALLANT JUSQU'\u00c0 29 JOURS EN MODE CONNECT\u00c9E<\/p>\n<\/div>\n<div class=\"app__feature__card\" data-translate=\"\">\n<p class=\"app__feature__card__description app__feature__card__description--left\">HAUT-PARLEUR ET MICRO POUR LA MESSAGERIE ET LES COMMANDES VOCALES<sup>1<\/sup><\/p>\n<\/div>\n<div class=\"app__feature__card\" data-translate=\"\">\n<p class=\"app__feature__card__description app__feature__card__description--left\">LAMPE DE POCHE LED INT\u00c9GR\u00c9E<\/p>\n<\/div>\n<div class=\"app__feature__card\" data-translate=\"\">\n<p class=\"app__feature__card__description app__feature__card__description--left\">ENTRA\u00ceNEMENTS DE MUSCULATION SP\u00c9CIFIQUES \u00c0 UN SPORT<\/p>\n<\/div>\n<div class=\"app__feature__card\" data-translate=\"\">\n<p class=\"app__feature__card__description app__feature__card__description--left\">FONCTIONS DE SUIVI CONTINU DE LA SANT\u00c9 ET DU BIEN-\u00caTRE<\/p>\n<\/div>\n<\/div>\n<\/div>\n<\/div>\n","protected":false},"excerpt":{"rendered":"<p>SOYEZ SANS LIMITES Pour les athl\u00e8tes de haut niveau et les aventuriers qui veulent repousser leurs limites, cette montre connect\u00e9e GPS multisports haut de gamme est con\u00e7ue pour offrir des performances exceptionnelles et s'adapte aux poignets les plus grands, avec des fonctions avanc\u00e9es de musculation, des fonctions de plong\u00e9e, un haut-parleur et un micro internes [&hellip;]<\/p>\n","protected":false},"featured_media":3771,"template":"","meta":[],"pwb-brand":[98],"product_brand":[],"product_cat":[29],"product_tag":[],"class_list":{"0":"post-2331","1":"product","2":"type-product","3":"status-publish","4":"has-post-thumbnail","6":"pwb-brand-garmin","7":"product_cat-electronique","9":"first","10":"instock","11":"shipping-taxable","12":"purchasable","13":"product-type-simple"},"brands":[{"id":98,"name":"GARMIN","slug":"garmin"}],"_links":{"self":[{"href":"https:\/\/rrunning.tribalt.agency\/index.php?rest_route=\/wp\/v2\/product\/2331","targetHints":{"allow":["GET"]}}],"collection":[{"href":"https:\/\/rrunning.tribalt.agency\/index.php?rest_route=\/wp\/v2\/product"}],"about":[{"href":"https:\/\/rrunning.tribalt.agency\/index.php?rest_route=\/wp\/v2\/types\/product"}],"wp:featuredmedia":[{"embeddable":true,"href":"https:\/\/rrunning.tribalt.agency\/index.php?rest_route=\/wp\/v2\/media\/3771"}],"wp:attachment":[{"href":"https:\/\/rrunning.tribalt.agency\/index.php?rest_route=%2Fwp%2Fv2%2Fmedia&parent=2331"}],"wp:term":[{"taxonomy":"pwb-brand","embeddable":true,"href":"https:\/\/rrunning.tribalt.agency\/index.php?rest_route=%2Fwp%2Fv2%2Fpwb-brand&post=2331"},{"taxonomy":"product_brand","embeddable":true,"href":"https:\/\/rrunning.tribalt.agency\/index.php?rest_route=%2Fwp%2Fv2%2Fproduct_brand&post=2331"},{"taxonomy":"product_cat","embeddable":true,"href":"https:\/\/rrunning.tribalt.agency\/index.php?rest_route=%2Fwp%2Fv2%2Fproduct_cat&post=2331"},{"taxonomy":"product_tag","embeddable":true,"href":"https:\/\/rrunning.tribalt.agency\/index.php?rest_route=%2Fwp%2Fv2%2Fproduct_tag&post=2331"}],"curies":[{"name":"wp","href":"https:\/\/api.w.org\/{rel}","templated":true}]}}