{"id":2314,"date":"2025-07-15T10:47:09","date_gmt":"2025-07-15T08:47:09","guid":{"rendered":"https:\/\/rrunning.tribalt.agency\/?post_type=product&#038;p=2314"},"modified":"2025-07-15T10:49:00","modified_gmt":"2025-07-15T08:49:00","slug":"edge-1040-solar","status":"publish","type":"product","link":"https:\/\/rrunning.tribalt.agency\/?product=edge-1040-solar","title":{"rendered":"EDGE 1040 SOLAR"},"content":{"rendered":"<div class=\"app__overview__intro__description\">\n<p>P\u00e9dalez quoi qu'il arrive avec le premier compteur GPS de v\u00e9lo solaire. Pour rouler toujours plus longtemps. L'Edge 1040 Solar est pr\u00eat \u00e0 vous accompagner dans toutes vos activit\u00e9s,<br \/>\ndes pistes gravel isol\u00e9es aux \u00e9piques routes de montagne.<\/p>\n<\/div>\n<div class=\"app__column-layout app__column-layout__column--6 app__column-layout__column__mobile--2 app__overview__intro__icons\">\n<div class=\"app__feature__card\" data-translate=\"\">\n<p class=\"app__feature__card__description app__feature__card__description--left\">Donnez tout ce que vous avez. Le verre solaire Power Glass\u2122<sup>1<\/sup>\u00a0prolonge l'autonomie de la batterie jusqu'\u00e0 42\u00a0minutes par heure en mode \u00e9conomie d'\u00e9nergie.<\/p>\n<\/div>\n<div class=\"app__feature__card\" data-translate=\"\">\n<p class=\"app__feature__card__description app__feature__card__description--left\">Roulez toujours plus longtemps, rechargez moins. La verre solaire vous offre jusqu'\u00e0 45 heures d'autonomie avec \u00e9cran allum\u00e9 en permanence et jusqu'\u00e0 100 heures en mode \u00e9conomie d'\u00e9nergie<sup>1<\/sup>.<\/p>\n<\/div>\n<div class=\"app__feature__card\" data-translate=\"\">\n<p class=\"app__feature__card__description app__feature__card__description--left\">N'ayez plus peur de rouler en for\u00eat ou en ville, la technologie GNSS multi-bandes vous localisera pr\u00e9cis\u00e9ment o\u00f9 que vous alliez.<\/p>\n<\/div>\n<div class=\"app__feature__card\" data-translate=\"\">\n<p class=\"app__feature__card__description app__feature__card__description--left\">Le widget \u201cniveau de cyclisme<sup>2<\/sup>\u201d vous aide \u00e0 comprendre vos forces et vos faiblesses.<\/p>\n<\/div>\n<div class=\"app__feature__card\" data-translate=\"\">\n<p class=\"app__feature__card__description app__feature__card__description--left\">Orientez-vous comme un local avec des cartes et des instructions de navigation sp\u00e9cifiques \u00e0 votre type d'activit\u00e9.<\/p>\n<\/div>\n<div class=\"app__feature__card\" data-translate=\"\">\n<p class=\"app__feature__card__description app__feature__card__description--left\">Suivez votre niveau d'endurance en temps r\u00e9el gr\u00e2ce aux donn\u00e9es Stamina<sup>2<\/sup>.<\/p>\n<\/div>\n<\/div>\n","protected":false},"excerpt":{"rendered":"<p>P\u00e9dalez quoi qu'il arrive avec le premier compteur GPS de v\u00e9lo solaire. Pour rouler toujours plus longtemps. L'Edge 1040 Solar est pr\u00eat \u00e0 vous accompagner dans toutes vos activit\u00e9s, des pistes gravel isol\u00e9es aux \u00e9piques routes de montagne. Donnez tout ce que vous avez. Le verre solaire Power Glass\u21221\u00a0prolonge l'autonomie de la batterie jusqu'\u00e0 42\u00a0minutes [&hellip;]<\/p>\n","protected":false},"featured_media":2315,"template":"","meta":[],"pwb-brand":[98],"product_brand":[],"product_cat":[29,64],"product_tag":[],"class_list":{"0":"post-2314","1":"product","2":"type-product","3":"status-publish","4":"has-post-thumbnail","6":"pwb-brand-garmin","7":"product_cat-electronique","8":"product_cat-electronique-equipement","10":"first","11":"instock","12":"shipping-taxable","13":"purchasable","14":"product-type-simple"},"brands":[{"id":98,"name":"GARMIN","slug":"garmin"}],"_links":{"self":[{"href":"https:\/\/rrunning.tribalt.agency\/index.php?rest_route=\/wp\/v2\/product\/2314","targetHints":{"allow":["GET"]}}],"collection":[{"href":"https:\/\/rrunning.tribalt.agency\/index.php?rest_route=\/wp\/v2\/product"}],"about":[{"href":"https:\/\/rrunning.tribalt.agency\/index.php?rest_route=\/wp\/v2\/types\/product"}],"wp:featuredmedia":[{"embeddable":true,"href":"https:\/\/rrunning.tribalt.agency\/index.php?rest_route=\/wp\/v2\/media\/2315"}],"wp:attachment":[{"href":"https:\/\/rrunning.tribalt.agency\/index.php?rest_route=%2Fwp%2Fv2%2Fmedia&parent=2314"}],"wp:term":[{"taxonomy":"pwb-brand","embeddable":true,"href":"https:\/\/rrunning.tribalt.agency\/index.php?rest_route=%2Fwp%2Fv2%2Fpwb-brand&post=2314"},{"taxonomy":"product_brand","embeddable":true,"href":"https:\/\/rrunning.tribalt.agency\/index.php?rest_route=%2Fwp%2Fv2%2Fproduct_brand&post=2314"},{"taxonomy":"product_cat","embeddable":true,"href":"https:\/\/rrunning.tribalt.agency\/index.php?rest_route=%2Fwp%2Fv2%2Fproduct_cat&post=2314"},{"taxonomy":"product_tag","embeddable":true,"href":"https:\/\/rrunning.tribalt.agency\/index.php?rest_route=%2Fwp%2Fv2%2Fproduct_tag&post=2314"}],"curies":[{"name":"wp","href":"https:\/\/api.w.org\/{rel}","templated":true}]}}