{"id":2312,"date":"2025-07-15T10:45:16","date_gmt":"2025-07-15T08:45:16","guid":{"rendered":"https:\/\/rrunning.tribalt.agency\/?post_type=product&#038;p=2312"},"modified":"2025-07-15T10:49:21","modified_gmt":"2025-07-15T08:49:21","slug":"edge-1040","status":"publish","type":"product","link":"https:\/\/rrunning.tribalt.agency\/?product=edge-1040","title":{"rendered":"EDGE 1040"},"content":{"rendered":"<p>P\u00e9dalez quoi qu'il arrive avec l'ultime compteur GPS de v\u00e9lo. Le premier compteur avec technologie GNSS multi-bandes. L'Edge 1040 est pr\u00eat \u00e0 vous accompagner dans toutes vos activit\u00e9s, des pistes gravel isol\u00e9es aux \u00e9piques routes de montagne.<\/p>\n<p>N'ayez plus peur de rouler en for\u00eat ou en ville, la technologie GNSS multi-bandes vous localisera pr\u00e9cis\u00e9ment o\u00f9 que vous alliez.<\/p>\n<p>Roulez plus loin, rechargez moins. Obtenez jusqu'\u00e0 35 heures d'autonomie en utilisation intensive et jusqu'\u00e0 70 heures en mode \u00e9conomie d'\u00e9nergie.<\/p>\n<p>Le widget \u201cniveau de cyclisme1\u201d vous aide \u00e0 comprendre vos forces et vos faiblesses.<\/p>\n<p>Orientez vous comme un local avec des cartes et des instructions de navigation sp\u00e9cifiques \u00e0 votre type d'activit\u00e9.<\/p>\n<p>Vous avez h\u00e2te de monter en selle ? Vous avez de la chance. Cet appareil Edge est fourni pr\u00eat \u00e0 l'emploi. Il vous suffit de l'allumer et c'est parti !<\/p>\n<p>Suivez votre niveau d'endurance en temps r\u00e9el gr\u00e2ce aux donn\u00e9es Stamina1.<\/p>\n","protected":false},"excerpt":{"rendered":"<p>P\u00e9dalez quoi qu'il arrive avec l'ultime compteur GPS de v\u00e9lo. Le premier compteur avec technologie GNSS multi-bandes. L'Edge 1040 est pr\u00eat \u00e0 vous accompagner dans toutes vos activit\u00e9s, des pistes gravel isol\u00e9es aux \u00e9piques routes de montagne. N'ayez plus peur de rouler en for\u00eat ou en ville, la technologie GNSS multi-bandes vous localisera pr\u00e9cis\u00e9ment o\u00f9 [&hellip;]<\/p>\n","protected":false},"featured_media":2313,"template":"","meta":[],"pwb-brand":[98],"product_brand":[],"product_cat":[29,64],"product_tag":[],"class_list":{"0":"post-2312","1":"product","2":"type-product","3":"status-publish","4":"has-post-thumbnail","6":"pwb-brand-garmin","7":"product_cat-electronique","8":"product_cat-electronique-equipement","10":"first","11":"instock","12":"shipping-taxable","13":"purchasable","14":"product-type-simple"},"brands":[{"id":98,"name":"GARMIN","slug":"garmin"}],"_links":{"self":[{"href":"https:\/\/rrunning.tribalt.agency\/index.php?rest_route=\/wp\/v2\/product\/2312","targetHints":{"allow":["GET"]}}],"collection":[{"href":"https:\/\/rrunning.tribalt.agency\/index.php?rest_route=\/wp\/v2\/product"}],"about":[{"href":"https:\/\/rrunning.tribalt.agency\/index.php?rest_route=\/wp\/v2\/types\/product"}],"wp:featuredmedia":[{"embeddable":true,"href":"https:\/\/rrunning.tribalt.agency\/index.php?rest_route=\/wp\/v2\/media\/2313"}],"wp:attachment":[{"href":"https:\/\/rrunning.tribalt.agency\/index.php?rest_route=%2Fwp%2Fv2%2Fmedia&parent=2312"}],"wp:term":[{"taxonomy":"pwb-brand","embeddable":true,"href":"https:\/\/rrunning.tribalt.agency\/index.php?rest_route=%2Fwp%2Fv2%2Fpwb-brand&post=2312"},{"taxonomy":"product_brand","embeddable":true,"href":"https:\/\/rrunning.tribalt.agency\/index.php?rest_route=%2Fwp%2Fv2%2Fproduct_brand&post=2312"},{"taxonomy":"product_cat","embeddable":true,"href":"https:\/\/rrunning.tribalt.agency\/index.php?rest_route=%2Fwp%2Fv2%2Fproduct_cat&post=2312"},{"taxonomy":"product_tag","embeddable":true,"href":"https:\/\/rrunning.tribalt.agency\/index.php?rest_route=%2Fwp%2Fv2%2Fproduct_tag&post=2312"}],"curies":[{"name":"wp","href":"https:\/\/api.w.org\/{rel}","templated":true}]}}