{"id":2309,"date":"2025-07-15T10:42:53","date_gmt":"2025-07-15T08:42:53","guid":{"rendered":"https:\/\/rrunning.tribalt.agency\/?post_type=product&#038;p=2309"},"modified":"2025-07-15T10:49:40","modified_gmt":"2025-07-15T08:49:40","slug":"capteur-de-cadence-2","status":"publish","type":"product","link":"https:\/\/rrunning.tribalt.agency\/?product=capteur-de-cadence-2","title":{"rendered":"CAPTEUR DE CADENCE 2"},"content":{"rendered":"<p>Contr\u00f4lez votre cadence de p\u00e9dalage pendant vos sessions de v\u00e9lo gr\u00e2ce \u00e0 ce capteur sans fil simple \u00e0 installer. Sans aimant ni autres pi\u00e8ces \u00e0 installer, la pose et l'entretien de ce capteur sont d'une simplicit\u00e9 d\u00e9concertante. Vous pouvez aussi le d\u00e9placer facilement d'un v\u00e9lo \u00e0 un autre.<\/p>\n<p>Le Capteur de Cadence 2 s'attache \u00e0 des manivelles de n'importe quelle dimension et compte les tours de p\u00e9dale par minute pour un entra\u00eenement ultra-efficace. La connectivit\u00e9 ANT+<sup>\u00ae<\/sup>\u00a0et la technologie Bluetooth<sup>\u00ae<\/sup>\u00a0Low Energy vous permettent d'envoyer des donn\u00e9es de cadence sur notre\u00a0Garmin Connect<sup>\u2122<\/sup>\u00a0communaut\u00e9 en ligne et sur d'autres applications d'entra\u00eenement ainsi que sur des appareils et \u00e9quipements de sport compatibles pour obtenir des donn\u00e9es optimis\u00e9es quand vous faites du v\u00e9lo en int\u00e9rieur comme en ext\u00e9rieur.<\/p>\n","protected":false},"excerpt":{"rendered":"<p>Contr\u00f4lez votre cadence de p\u00e9dalage pendant vos sessions de v\u00e9lo gr\u00e2ce \u00e0 ce capteur sans fil simple \u00e0 installer. Sans aimant ni autres pi\u00e8ces \u00e0 installer, la pose et l'entretien de ce capteur sont d'une simplicit\u00e9 d\u00e9concertante. Vous pouvez aussi le d\u00e9placer facilement d'un v\u00e9lo \u00e0 un autre. Le Capteur de Cadence 2 s'attache \u00e0 [&hellip;]<\/p>\n","protected":false},"featured_media":2310,"template":"","meta":[],"pwb-brand":[98],"product_brand":[],"product_cat":[29,64],"product_tag":[],"class_list":{"0":"post-2309","1":"product","2":"type-product","3":"status-publish","4":"has-post-thumbnail","6":"pwb-brand-garmin","7":"product_cat-electronique","8":"product_cat-electronique-equipement","10":"first","11":"instock","12":"shipping-taxable","13":"purchasable","14":"product-type-simple"},"brands":[{"id":98,"name":"GARMIN","slug":"garmin"}],"_links":{"self":[{"href":"https:\/\/rrunning.tribalt.agency\/index.php?rest_route=\/wp\/v2\/product\/2309","targetHints":{"allow":["GET"]}}],"collection":[{"href":"https:\/\/rrunning.tribalt.agency\/index.php?rest_route=\/wp\/v2\/product"}],"about":[{"href":"https:\/\/rrunning.tribalt.agency\/index.php?rest_route=\/wp\/v2\/types\/product"}],"wp:featuredmedia":[{"embeddable":true,"href":"https:\/\/rrunning.tribalt.agency\/index.php?rest_route=\/wp\/v2\/media\/2310"}],"wp:attachment":[{"href":"https:\/\/rrunning.tribalt.agency\/index.php?rest_route=%2Fwp%2Fv2%2Fmedia&parent=2309"}],"wp:term":[{"taxonomy":"pwb-brand","embeddable":true,"href":"https:\/\/rrunning.tribalt.agency\/index.php?rest_route=%2Fwp%2Fv2%2Fpwb-brand&post=2309"},{"taxonomy":"product_brand","embeddable":true,"href":"https:\/\/rrunning.tribalt.agency\/index.php?rest_route=%2Fwp%2Fv2%2Fproduct_brand&post=2309"},{"taxonomy":"product_cat","embeddable":true,"href":"https:\/\/rrunning.tribalt.agency\/index.php?rest_route=%2Fwp%2Fv2%2Fproduct_cat&post=2309"},{"taxonomy":"product_tag","embeddable":true,"href":"https:\/\/rrunning.tribalt.agency\/index.php?rest_route=%2Fwp%2Fv2%2Fproduct_tag&post=2309"}],"curies":[{"name":"wp","href":"https:\/\/api.w.org\/{rel}","templated":true}]}}